{"id":63,"date":"2019-11-25T22:16:53","date_gmt":"2019-11-25T21:16:53","guid":{"rendered":"https:\/\/blogsaverroes.juntadeandalucia.es\/colegioramongarcia\/?page_id=63"},"modified":"2024-01-19T19:32:37","modified_gmt":"2024-01-19T18:32:37","slug":"plan-de-centro","status":"publish","type":"page","link":"https:\/\/blogsaverroes.juntadeandalucia.es\/colegioramongarcia\/plan-de-centro\/","title":{"rendered":"Plan de centro"},"content":{"rendered":"<p>En el siguiente enlace se encuentra alojado nuestro<a href=\"https:\/\/drive.google.com\/file\/d\/1D9sQ1z2U8YbYuB7atTC9AUwDLtxhkBBg\/view?usp=drive_link\"> PLAN DE CENTRO<\/a><\/p>\n<p>&nbsp;<\/p>\n<p>El plan de Centro constituye un elemento determinante en el funcionamiento , gesti\u00f3n , autonom\u00eda y participaci\u00f3n de los centros docentes .<\/p>\n<p>Este documento es el&nbsp; que&nbsp; establece la l\u00ednea educativa de nuestro centro&nbsp; y , adem\u00e1s , constituye el marco donde&nbsp; se regulan las relaciones entre los distintos estamentos de la Comunidad Educativa.<\/p>\n<p>Est\u00e1 compuesto por tres grandes apartados:<\/p>\n<ol>\n<li>PROYECTO EDUCATIVO.<\/li>\n<li>REGLAMENTO DE ORGANIZACI\u00d3N Y FUNCIONAMIENTO (R.O.F.)<\/li>\n<li>PROYECTO DE GESTI\u00d3N<\/li>\n<\/ol>\n","protected":false},"excerpt":{"rendered":"<p>En el siguiente enlace se encuentra alojado nuestro PLAN DE CENTRO &nbsp; El plan de Centro constituye un elemento determinante en el funcionamiento , gesti\u00f3n , autonom\u00eda y participaci\u00f3n de los centros docentes .&#46;&#46;&#46;<\/p>\n","protected":false},"author":4815,"featured_media":0,"parent":0,"menu_order":0,"comment_status":"closed","ping_status":"closed","template":"","meta":{"ngg_post_thumbnail":0,"footnotes":"","_mc_calendar":[]},"aioseo_notices":[],"_links":{"self":[{"href":"https:\/\/blogsaverroes.juntadeandalucia.es\/colegioramongarcia\/wp-json\/wp\/v2\/pages\/63"}],"collection":[{"href":"https:\/\/blogsaverroes.juntadeandalucia.es\/colegioramongarcia\/wp-json\/wp\/v2\/pages"}],"about":[{"href":"https:\/\/blogsaverroes.juntadeandalucia.es\/colegioramongarcia\/wp-json\/wp\/v2\/types\/page"}],"author":[{"embeddable":true,"href":"https:\/\/blogsaverroes.juntadeandalucia.es\/colegioramongarcia\/wp-json\/wp\/v2\/users\/4815"}],"replies":[{"embeddable":true,"href":"https:\/\/blogsaverroes.juntadeandalucia.es\/colegioramongarcia\/wp-json\/wp\/v2\/comments?post=63"}],"version-history":[{"count":13,"href":"https:\/\/blogsaverroes.juntadeandalucia.es\/colegioramongarcia\/wp-json\/wp\/v2\/pages\/63\/revisions"}],"predecessor-version":[{"id":1518,"href":"https:\/\/blogsaverroes.juntadeandalucia.es\/colegioramongarcia\/wp-json\/wp\/v2\/pages\/63\/revisions\/1518"}],"wp:attachment":[{"href":"https:\/\/blogsaverroes.juntadeandalucia.es\/colegioramongarcia\/wp-json\/wp\/v2\/media?parent=63"}],"curies":[{"name":"wp","href":"https:\/\/api.w.org\/{rel}","templated":true}]}}