{"id":903,"date":"2021-06-07T21:01:36","date_gmt":"2021-06-07T19:01:36","guid":{"rendered":"https:\/\/blogsaverroes.juntadeandalucia.es\/colegioramongarcia\/?page_id=903"},"modified":"2021-06-07T21:13:22","modified_gmt":"2021-06-07T19:13:22","slug":"numero-2-2","status":"publish","type":"page","link":"https:\/\/blogsaverroes.juntadeandalucia.es\/colegioramongarcia\/revista-escolar\/numero-2-2\/","title":{"rendered":"N\u00famero  2"},"content":{"rendered":"<p>Pincha en el siguiente enlace &#8211;&nbsp; &nbsp; &nbsp;<a href=\"https:\/\/www.canva.com\/design\/DAEYTCWjH-0\/lrSI-qvoWDrpXPyL8Hwj3A\/view?utm_content=DAEYTCWjH-0&amp;utm_campaign=designshare&amp;utm_medium=link&amp;utm_source=publishpresent\" target=\"_blank\" rel=\"noopener noreferrer\">N\u00famero 2 <\/a>&#8211;&nbsp; para ver el nuevo ejemplar&nbsp; de El Eco del Ram\u00f3n Garc\u00eda.<\/p>\n<p>&nbsp;<\/p>\n","protected":false},"excerpt":{"rendered":"<p>Pincha en el siguiente enlace &#8211;&nbsp; &nbsp; &nbsp;N\u00famero 2 &#8211;&nbsp; para ver el nuevo ejemplar&nbsp; de El Eco del Ram\u00f3n Garc\u00eda. &nbsp;<\/p>\n","protected":false},"author":4815,"featured_media":0,"parent":730,"menu_order":0,"comment_status":"closed","ping_status":"closed","template":"page-templates\/child-menu.php","meta":{"ngg_post_thumbnail":0,"footnotes":"","_mc_calendar":[]},"aioseo_notices":[],"_links":{"self":[{"href":"https:\/\/blogsaverroes.juntadeandalucia.es\/colegioramongarcia\/wp-json\/wp\/v2\/pages\/903"}],"collection":[{"href":"https:\/\/blogsaverroes.juntadeandalucia.es\/colegioramongarcia\/wp-json\/wp\/v2\/pages"}],"about":[{"href":"https:\/\/blogsaverroes.juntadeandalucia.es\/colegioramongarcia\/wp-json\/wp\/v2\/types\/page"}],"author":[{"embeddable":true,"href":"https:\/\/blogsaverroes.juntadeandalucia.es\/colegioramongarcia\/wp-json\/wp\/v2\/users\/4815"}],"replies":[{"embeddable":true,"href":"https:\/\/blogsaverroes.juntadeandalucia.es\/colegioramongarcia\/wp-json\/wp\/v2\/comments?post=903"}],"version-history":[{"count":8,"href":"https:\/\/blogsaverroes.juntadeandalucia.es\/colegioramongarcia\/wp-json\/wp\/v2\/pages\/903\/revisions"}],"predecessor-version":[{"id":912,"href":"https:\/\/blogsaverroes.juntadeandalucia.es\/colegioramongarcia\/wp-json\/wp\/v2\/pages\/903\/revisions\/912"}],"up":[{"embeddable":true,"href":"https:\/\/blogsaverroes.juntadeandalucia.es\/colegioramongarcia\/wp-json\/wp\/v2\/pages\/730"}],"wp:attachment":[{"href":"https:\/\/blogsaverroes.juntadeandalucia.es\/colegioramongarcia\/wp-json\/wp\/v2\/media?parent=903"}],"curies":[{"name":"wp","href":"https:\/\/api.w.org\/{rel}","templated":true}]}}