{"id":77,"date":"2015-03-16T06:54:56","date_gmt":"2015-03-16T06:54:56","guid":{"rendered":"http:\/\/blogsaverroes.juntadeandalucia.es\/pre\/ceip\/?page_id=77"},"modified":"2025-09-15T19:26:09","modified_gmt":"2025-09-15T19:26:09","slug":"secretaria","status":"publish","type":"page","link":"https:\/\/blogsaverroes.juntadeandalucia.es\/colegiosantateresa\/secretaria\/","title":{"rendered":"Secretar\u00eda"},"content":{"rendered":"<p style=\"text-align: justify\">La <strong>Secretar\u00eda<\/strong> desarrolla muchas funciones importantes en la vida de un centro, especialmente en la relaci\u00f3n que mantiene con las familias en los diferentes tr\u00e1mites administrativos a lo largo de la escolarizaci\u00f3n: admisi\u00f3n, matr\u00edcula, comedor escolar, becas, etc.<\/p>\n<p><span style=\"text-decoration: underline\"><strong>HORARIO SECRETAR\u00cdA:<\/strong><\/span> de 9.00 a 10.30 h., de lunes a viernes.<\/p>\n<h4>Telf.: 951 27 09 44<\/h4>\n<h4>Email:&nbsp;<\/h4>\n<p><strong><span style=\"background-color: #ffcc00\">Secretaria:<\/span><\/strong><\/p>\n<p><span style=\"color: #0000ff\"><strong>fraspra974@g.educaand.es<\/strong><\/span><\/p>\n<p>&nbsp;<\/p>\n<p><strong><span style=\"background-color: #ffcc00\">Administrativa:&nbsp;<\/span><\/strong><\/p>\n<p><strong><span style=\"color: #0000ff\">lina.admon@ceipsantateresamarbella.es<\/span><\/strong><\/p>\n<p>&nbsp;<\/p>\n<h1>&nbsp; &nbsp;&nbsp; &nbsp;<span style=\"font-size: 14pt;color: #ff6600\"><strong>IMPRESOS:<\/strong><\/span><\/h1>\n<blockquote><p><span style=\"font-size: 14pt\"><strong>EN P\u00c1GINA WEB CONSEJER\u00cdA:<\/strong><\/span><\/p><\/blockquote>\n<p><a href=\"https:\/\/www.juntadeandalucia.es\/educacion\/portals\/web\/escolarizacion\/infantil-a-bachillerato\/impresos\">ENLACE A IMPRESOS ADMISI\u00d3N Y MATR\u00cdCULA,<\/a><\/p>\n<p>&nbsp;<\/p>\n<blockquote><p><span style=\"font-size: 14pt\"><strong>SOLICITUD DE ADMISI\u00d3N (para pedir plaza de alumnado nuevo y cambio de centro):<\/strong><\/span><\/p><\/blockquote>\n<p><a href=\"https:\/\/blogsaverroes.juntadeandalucia.es\/colegiosantateresa\/files\/2025\/02\/3_Anexo-III_002535_5.pdf\" target=\"_blank\" rel=\"noopener\"><img loading=\"lazy\" decoding=\"async\" class=\"alignright wp-image-11786\" src=\"https:\/\/blogsaverroes.juntadeandalucia.es\/colegiosantateresa\/files\/2025\/02\/admision-213x300.jpg\" alt=\"\" width=\"161\" height=\"227\" srcset=\"https:\/\/blogsaverroes.juntadeandalucia.es\/colegiosantateresa\/files\/2025\/02\/admision-213x300.jpg 213w, https:\/\/blogsaverroes.juntadeandalucia.es\/colegiosantateresa\/files\/2025\/02\/admision.jpg 610w\" sizes=\"(max-width: 161px) 100vw, 161px\" \/><\/a><\/p>\n<p>&nbsp;<\/p>\n<p><a href=\"https:\/\/blogsaverroes.juntadeandalucia.es\/colegiosantateresa\/files\/2025\/02\/3_Anexo-III_002535_5.pdf\">ANEXO III: SOLICITUD ADMISI\u00d3N EN CENTROS DOCENTES P\u00daBLICOS Y PRIVADOS CONCERTADOS PARA CURSAR LAS ENSE\u00d1ANZAS DE SEGUNDO CICLO DE EDUCACI\u00d3N INFANTIL, EDUCACI\u00d3N PRIMARIA, EDUCACI\u00d3N ESPECIAL, EDUCACI\u00d3N SECUNDARIA OBLIGATORIA Y BACHILLERATO<\/a><\/p>\n<p>&nbsp;<\/p>\n<p>&nbsp;<\/p>\n<blockquote><p><span style=\"font-size: 14pt\"><strong>MATRICULA (para alumnado del centro y nuevos que obtengan plaza):<\/strong><\/span><\/p><\/blockquote>\n<p><a href=\"https:\/\/blogsaverroes.juntadeandalucia.es\/colegiosantateresa\/files\/2020\/05\/N-MATR\u00cdCULA-E.-INF.pdf\">N &#8211; MATR\u00cdCULA E. INF<\/a><\/p>\n<p><a href=\"https:\/\/blogsaverroes.juntadeandalucia.es\/colegiosantateresa\/files\/2020\/05\/N-MATR\u00cdCULA-PRIM.pdf\">N &#8211; MATR\u00cdCULA PRIM<\/a><\/p>\n<p><a href=\"https:\/\/blogsaverroes.juntadeandalucia.es\/colegiosantateresa\/files\/2020\/05\/N-Matr\u00edcula-Aula-Espec\u00edfica.pdf\">N &#8211; MATR\u00cdCULA A. ESP.<\/a><\/p>\n<p><a href=\"https:\/\/blogsaverroes.juntadeandalucia.es\/colegiosantateresa\/files\/2020\/05\/N-ANEXO_RELIGION.pdf\">N &#8211; ANEXO_RELIGION<\/a><\/p>\n<p>&nbsp;<\/p>\n<blockquote><p><span style=\"font-size: 14pt\"><strong>SOLICITUD PLAN APERTURA <\/strong><\/span><strong style=\"font-size: 14pt\">(aula matinal, comedor escolar y actividades extraescolares):<\/strong><\/p><\/blockquote>\n<p><a href=\"https:\/\/blogsaverroes.juntadeandalucia.es\/colegiosantateresa\/files\/2020\/05\/10-PAC-ANEXO-II-Solicitud-plan-apertura.pdf\" target=\"_blank\" rel=\"noopener noreferrer\">10 &#8211; PAC &#8211; ANEXO II Solicitud plan apertura<\/a><\/p>\n<p><a href=\"https:\/\/blogsaverroes.juntadeandalucia.es\/colegiosantateresa\/files\/2020\/05\/11-PAC-ANEXO-V-solicitud-bonificacion.pdf\" target=\"_blank\" rel=\"noopener noreferrer\">11 &#8211; PAC &#8211; ANEXO V solicitud bonificaci\u00f3n<\/a><\/p>\n","protected":false},"excerpt":{"rendered":"<p>La Secretar\u00eda desarrolla muchas funciones importantes en la vida de un centro, especialmente en la relaci\u00f3n que mantiene con las familias en los diferentes tr\u00e1mites administrativos a lo largo de la escolarizaci\u00f3n: admisi\u00f3n, matr\u00edcula,&#46;&#46;&#46;<\/p>\n","protected":false},"author":1,"featured_media":0,"parent":0,"menu_order":0,"comment_status":"closed","ping_status":"open","template":"","meta":{"ngg_post_thumbnail":0,"footnotes":"","_mc_calendar":[]},"aioseo_notices":[],"_links":{"self":[{"href":"https:\/\/blogsaverroes.juntadeandalucia.es\/colegiosantateresa\/wp-json\/wp\/v2\/pages\/77"}],"collection":[{"href":"https:\/\/blogsaverroes.juntadeandalucia.es\/colegiosantateresa\/wp-json\/wp\/v2\/pages"}],"about":[{"href":"https:\/\/blogsaverroes.juntadeandalucia.es\/colegiosantateresa\/wp-json\/wp\/v2\/types\/page"}],"author":[{"embeddable":true,"href":"https:\/\/blogsaverroes.juntadeandalucia.es\/colegiosantateresa\/wp-json\/wp\/v2\/users\/1"}],"replies":[{"embeddable":true,"href":"https:\/\/blogsaverroes.juntadeandalucia.es\/colegiosantateresa\/wp-json\/wp\/v2\/comments?post=77"}],"version-history":[{"count":65,"href":"https:\/\/blogsaverroes.juntadeandalucia.es\/colegiosantateresa\/wp-json\/wp\/v2\/pages\/77\/revisions"}],"predecessor-version":[{"id":12418,"href":"https:\/\/blogsaverroes.juntadeandalucia.es\/colegiosantateresa\/wp-json\/wp\/v2\/pages\/77\/revisions\/12418"}],"wp:attachment":[{"href":"https:\/\/blogsaverroes.juntadeandalucia.es\/colegiosantateresa\/wp-json\/wp\/v2\/media?parent=77"}],"curies":[{"name":"wp","href":"https:\/\/api.w.org\/{rel}","templated":true}]}}