{"id":41,"date":"2020-01-09T12:45:03","date_gmt":"2020-01-09T11:45:03","guid":{"rendered":"http:\/\/blogsaverroes.juntadeandalucia.es\/pre\/nuevoceip2v2\/?page_id=41"},"modified":"2026-02-18T11:47:12","modified_gmt":"2026-02-18T10:47:12","slug":"el-centro","status":"publish","type":"page","link":"https:\/\/blogsaverroes.juntadeandalucia.es\/colegiovelazquez\/el-centro\/","title":{"rendered":"El centro"},"content":{"rendered":"<p>[et_pb_section fb_built=&#8221;1&#8243; admin_label=&#8221;Header&#8221; _builder_version=&#8221;4.24.2&#8243; _module_preset=&#8221;default&#8221; use_background_color_gradient=&#8221;on&#8221; background_color_gradient_stops=&#8221;rgba(44,18,0,0.3) 0%|rgba(44,18,0,0.3) 100%&#8221; background_color_gradient_overlays_image=&#8221;on&#8221; background_image=&#8221;https:\/\/blogsaverroes.juntadeandalucia.es\/colegiovelazquez\/files\/2025\/03\/1741125959926.jpg&#8221; background_position=&#8221;bottom_center&#8221; custom_padding=&#8221;0px||0px||true|false&#8221; collapsed=&#8221;off&#8221; global_colors_info=&#8221;{}&#8221;][et_pb_row _builder_version=&#8221;4.21.0&#8243; _module_preset=&#8221;default&#8221; width=&#8221;100%&#8221; max_width=&#8221;none&#8221; custom_padding=&#8221;0px|10vw|0px|10vw|true|true&#8221; global_colors_info=&#8221;{}&#8221;][et_pb_column type=&#8221;4_4&#8243; _builder_version=&#8221;4.21.0&#8243; _module_preset=&#8221;default&#8221; border_color_all=&#8221;rgba(243,239,229,0.3)&#8221; border_width_right=&#8221;1px&#8221; border_width_left=&#8221;1px&#8221; global_colors_info=&#8221;{}&#8221;][et_pb_divider show_divider=&#8221;off&#8221; _builder_version=&#8221;4.21.0&#8243; _module_preset=&#8221;default&#8221; height=&#8221;24vw&#8221; height_last_edited=&#8221;off|tablet&#8221; locked=&#8221;off&#8221; global_colors_info=&#8221;{}&#8221;][\/et_pb_divider][\/et_pb_column][\/et_pb_row][et_pb_row column_structure=&#8221;2_3,1_3&#8243; use_custom_gutter=&#8221;on&#8221; gutter_width=&#8221;1&#8243; make_equal=&#8221;on&#8221; _builder_version=&#8221;4.21.0&#8243; _module_preset=&#8221;default&#8221; width=&#8221;100%&#8221; max_width=&#8221;none&#8221; custom_padding=&#8221;0px|10vw|0px|10vw|true|true&#8221; border_color_all=&#8221;rgba(243,239,229,0.3)&#8221; border_width_top=&#8221;1px&#8221; border_width_bottom=&#8221;1px&#8221; global_colors_info=&#8221;{}&#8221;][et_pb_column type=&#8221;2_3&#8243; _builder_version=&#8221;4.21.0&#8243; _module_preset=&#8221;default&#8221; custom_padding=&#8221;3vw|3vw|3vw|3vw|true|true&#8221; border_color_all=&#8221;rgba(243,239,229,0.3)&#8221; border_width_right=&#8221;1px&#8221; border_width_left=&#8221;1px&#8221; global_colors_info=&#8221;{}&#8221;][et_pb_text _builder_version=&#8221;4.24.2&#8243; _module_preset=&#8221;17f649d8-eb2c-4193-be19-06e52451f603&#8243; header_text_color=&#8221;#FFFFFF&#8221; header_font_size=&#8221;5vw&#8221; custom_margin=&#8221;||10px||false|false&#8221; animation_style=&#8221;slide&#8221; locked=&#8221;off&#8221; global_colors_info=&#8221;{}&#8221;]<\/p>\n<h1>Bienvenidos<\/h1>\n<p>[\/et_pb_text][et_pb_text _builder_version=&#8221;4.24.2&#8243; _module_preset=&#8221;8b1dd595-e7ce-42a2-8340-5da70fc63391&#8243; text_text_color=&#8221;#FFFFFF&#8221; max_width=&#8221;700px&#8221; animation_style=&#8221;bounce&#8221; locked=&#8221;off&#8221; global_colors_info=&#8221;{}&#8221;]<\/p>\n<p>El CEIP Vel\u00e1zquez acoge principalmente a estudiantes del barrio de la Loma de Albox, extendiendo su atenci\u00f3n a alumnos de pedan\u00edas locales y otros barrios. Nuestra ubicaci\u00f3n actual, establecida en 1978, fue un renacer despu\u00e9s de la devastadora riada del 73, que arras\u00f3 la anterior sede del centro ubicada a orillas de la Rambla.<\/p>\n<p>[\/et_pb_text][\/et_pb_column][et_pb_column type=&#8221;1_3&#8243; _builder_version=&#8221;4.21.0&#8243; _module_preset=&#8221;default&#8221; custom_padding=&#8221;3vw|3vw|3vw|3vw|true|true&#8221; border_color_all=&#8221;rgba(243,239,229,0.3)&#8221; border_width_right=&#8221;1px&#8221; border_width_left_tablet=&#8221;1px&#8221; border_width_left_phone=&#8221;1px&#8221; border_width_left_last_edited=&#8221;on|tablet&#8221; global_colors_info=&#8221;{}&#8221;][\/et_pb_column][\/et_pb_row][et_pb_row column_structure=&#8221;2_3,1_3&#8243; use_custom_gutter=&#8221;on&#8221; gutter_width=&#8221;1&#8243; make_equal=&#8221;on&#8221; _builder_version=&#8221;4.21.0&#8243; _module_preset=&#8221;default&#8221; width=&#8221;100%&#8221; max_width=&#8221;none&#8221; custom_padding=&#8221;0px|10vw|0px|10vw|true|true&#8221; global_colors_info=&#8221;{}&#8221;][et_pb_column type=&#8221;2_3&#8243; _builder_version=&#8221;4.21.0&#8243; _module_preset=&#8221;default&#8221; border_color_all=&#8221;rgba(243,239,229,0.3)&#8221; border_width_right=&#8221;1px&#8221; border_width_left=&#8221;1px&#8221; global_colors_info=&#8221;{}&#8221;][et_pb_divider show_divider=&#8221;off&#8221; _builder_version=&#8221;4.21.0&#8243; _module_preset=&#8221;default&#8221; height=&#8221;10vw&#8221; height_phone=&#8221;4vw&#8221; height_last_edited=&#8221;off|tablet&#8221; locked=&#8221;off&#8221; global_colors_info=&#8221;{}&#8221;][\/et_pb_divider][\/et_pb_column][et_pb_column type=&#8221;1_3&#8243; _builder_version=&#8221;4.21.0&#8243; _module_preset=&#8221;default&#8221; border_color_all=&#8221;rgba(243,239,229,0.3)&#8221; border_width_right=&#8221;1px&#8221; global_colors_info=&#8221;{}&#8221;][\/et_pb_column][\/et_pb_row][\/et_pb_section][et_pb_section fb_built=&#8221;1&#8243; admin_label=&#8221;About&#8221; _builder_version=&#8221;4.24.3&#8243; _module_preset=&#8221;default&#8221; collapsed=&#8221;off&#8221; global_colors_info=&#8221;{}&#8221;][et_pb_row column_structure=&#8221;2_5,3_5&#8243; _builder_version=&#8221;4.24.3&#8243; _module_preset=&#8221;default&#8221; max_width=&#8221;none&#8221; global_colors_info=&#8221;{}&#8221;][et_pb_column type=&#8221;2_5&#8243; _builder_version=&#8221;4.24.3&#8243; _module_preset=&#8221;default&#8221; global_colors_info=&#8221;{}&#8221;][et_pb_heading title=&#8221;Crecemos aprendiendo, convivimos construyendo futuro.&#8221; _builder_version=&#8221;4.24.2&#8243; _module_preset=&#8221;b8aa3013-37bc-490a-87b6-87eb01aeb68b&#8221; title_font_size=&#8221;40px&#8221; animation_style=&#8221;fold&#8221; hover_enabled=&#8221;0&#8243; locked=&#8221;off&#8221; global_colors_info=&#8221;{}&#8221; sticky_enabled=&#8221;0&#8243;][\/et_pb_heading][et_pb_image src=&#8221;https:\/\/blogsaverroes.juntadeandalucia.es\/colegiovelazquez\/files\/2026\/02\/503682135_4119147401699145_4398934172629569707_n.jpg&#8221; title_text=&#8221;503682135_4119147401699145_4398934172629569707_n&#8221; _builder_version=&#8221;4.24.2&#8243; _module_preset=&#8221;default&#8221; animation_style=&#8221;roll&#8221; global_colors_info=&#8221;{}&#8221;][\/et_pb_image][\/et_pb_column][et_pb_column type=&#8221;3_5&#8243; _builder_version=&#8221;4.24.3&#8243; _module_preset=&#8221;default&#8221; global_colors_info=&#8221;{}&#8221;][et_pb_video src=&#8221;https:\/\/youtu.be\/NfhnZ-mI4TE&#8221; _builder_version=&#8221;4.24.2&#8243; _module_preset=&#8221;default&#8221; animation_style=&#8221;fade&#8221; global_colors_info=&#8221;{}&#8221;][\/et_pb_video][et_pb_text _builder_version=&#8221;4.24.2&#8243; _module_preset=&#8221;ecdb6430-ea8a-45cb-ba78-69e34d8af886&#8243; text_font=&#8221;|500|||||||&#8221; text_orientation=&#8221;justified&#8221; animation_style=&#8221;slide&#8221; global_colors_info=&#8221;{}&#8221;]<\/p>\n<p>Actualmente, nuestro centro es un espacio multicultural que acoge a estudiantes de diversas nacionalidades, lo que enriquece tanto la convivencia como el proceso de aprendizaje. La diversidad cultural se entrelaza con la presencia de un numeroso grupo de alumnos con Necesidades Espec\u00edficas de Apoyo Educativo (NEAE). Para atender a este alumnado el centro cuenta con diferentes recursos especializados (aula espec\u00edfica, aula TEA, aula de Audici\u00f3n y Lenguaje, docentes de Pedagog\u00eda Terap\u00e9utica, monitores de Educaci\u00f3n Especial, etc.).<\/p>\n<p>Es importante destacar la proximidad del centro a la Residencia Escolar \u201cMaestro Juan de la Cruz\u201d, de la cual tambi\u00e9n acoge a determinados alumnos.<\/p>\n<p>La diversidad de nuestro alumnado evidencia nuestro compromiso con una educaci\u00f3n inclusiva, personalizada y ajustada a las necesidades individuales de cada estudiante.<\/p>\n<p>[\/et_pb_text][\/et_pb_column][\/et_pb_row][\/et_pb_section][et_pb_section fb_built=&#8221;1&#8243; admin_label=&#8221;Secci\u00f3n&#8221; _builder_version=&#8221;4.24.2&#8243; _module_preset=&#8221;default&#8221; background_color=&#8221;#e3e7f7&#8243; background_enable_mask_style=&#8221;on&#8221; background_mask_style=&#8221;floating-squares&#8221; background_mask_transform=&#8221;invert|rotate_90_degree|flip_vertical|flip_horizontal&#8221; background_mask_aspect_ratio=&#8221;portrait&#8221; background_mask_size=&#8221;custom&#8221; background_mask_width=&#8221;100%&#8221; background_mask_height=&#8221;100%&#8221; background_mask_blend_mode=&#8221;screen&#8221; custom_padding=&#8221;||0px||false|false&#8221; saved_tabs=&#8221;all&#8221; collapsed=&#8221;off&#8221; global_colors_info=&#8221;{}&#8221;][et_pb_row _builder_version=&#8221;4.24.3&#8243; _module_preset=&#8221;default&#8221; max_width=&#8221;none&#8221; global_colors_info=&#8221;{}&#8221;][et_pb_column type=&#8221;4_4&#8243; _builder_version=&#8221;4.24.3&#8243; _module_preset=&#8221;default&#8221; global_colors_info=&#8221;{}&#8221;][et_pb_image src=&#8221;https:\/\/blogsaverroes.juntadeandalucia.es\/colegiovelazquez\/files\/2025\/03\/Logo-sin-fondo.png&#8221; title_text=&#8221;Logo sin fondo.&#8221; align=&#8221;center&#8221; _builder_version=&#8221;4.24.2&#8243; _module_preset=&#8221;default&#8221; max_width=&#8221;100px&#8221; animation_style=&#8221;slide&#8221; global_colors_info=&#8221;{}&#8221;][\/et_pb_image][\/et_pb_column][\/et_pb_row][et_pb_row _builder_version=&#8221;4.24.2&#8243; _module_preset=&#8221;default&#8221; custom_margin=&#8221;||||false|false&#8221; global_colors_info=&#8221;{}&#8221;][et_pb_column type=&#8221;4_4&#8243; _builder_version=&#8221;4.24.2&#8243; _module_preset=&#8221;default&#8221; global_colors_info=&#8221;{}&#8221;][et_pb_text _builder_version=&#8221;4.24.2&#8243; _module_preset=&#8221;default&#8221; custom_padding=&#8221;||||false|false&#8221; animation_style=&#8221;zoom&#8221; border_color_all=&#8221;#0C71C3&#8243; global_colors_info=&#8221;{}&#8221;]<\/p>\n<p style=\"text-align: center\"><span style=\"color: #333399;font-size: 24pt;font-family: tahoma, arial, helvetica, sans-serif\"><strong data-sider-select-id=\"d365fd88-cb16-4c34-8351-2cccb31441c3\">PRINCIPIOS GENERALES<\/strong><\/span><\/p>\n<p style=\"text-align: justify\"><span style=\"font-weight: 400;color: #000000;font-size: 12pt\">Nuestro compromiso busca no solo cultivar el crecimiento acad\u00e9mico, social y emocional de nuestros estudiantes, sino tambi\u00e9n inculcar las actitudes, habilidades y conocimientos esenciales que les permitan afrontar los retos de un mundo en constante evoluci\u00f3n.<\/span><\/p>\n<p style=\"text-align: justify\"><span style=\"font-weight: 400;color: #000000;font-size: 12pt\">En nuestro centro educativo ponemos \u00e9nfasis en las siguientes dimensiones:<\/span><\/p>\n<p>[\/et_pb_text][\/et_pb_column][\/et_pb_row][et_pb_row column_structure=&#8221;1_2,1_2&#8243; _builder_version=&#8221;4.24.2&#8243; _module_preset=&#8221;default&#8221; animation_style=&#8221;slide&#8221; global_colors_info=&#8221;{}&#8221;][et_pb_column type=&#8221;1_2&#8243; _builder_version=&#8221;4.24.2&#8243; _module_preset=&#8221;default&#8221; global_colors_info=&#8221;{}&#8221;][et_pb_blurb title=&#8221;Dimensi\u00f3n acad\u00e9mica&#8221; use_icon=&#8221;on&#8221; font_icon=&#8221;&#xf19d;||fa||900&#8243; icon_placement=&#8221;left&#8221; _builder_version=&#8221;4.24.2&#8243; _module_preset=&#8221;default&#8221; global_colors_info=&#8221;{}&#8221;]<\/p>\n<p style=\"text-align: justify\"><span style=\"color: #000000;font-size: 12pt\"><span style=\"font-weight: 400\">Buscamos alumnos con un esp\u00edritu cr\u00edtico y reflexivo, capaces de abordar los desaf\u00edos intelectuales con curiosidad y perseverancia. Priorizamos la adquisici\u00f3n de competencias clave, como la comunicaci\u00f3n ling\u00fc\u00edstica, la capacidad matem\u00e1tica y cient\u00edfica, y la destreza digital, como base para el aprendizaje permanente.<\/span><\/span><\/p>\n<p>[\/et_pb_blurb][et_pb_blurb title=&#8221;Dimensi\u00f3n ambiental y cultural&#8221; use_icon=&#8221;on&#8221; font_icon=&#8221;&#xf57c;||fa||900&#8243; icon_color=&#8221;#00aff4&#8243; icon_placement=&#8221;left&#8221; _builder_version=&#8221;4.24.2&#8243; _module_preset=&#8221;default&#8221; custom_padding=&#8221;||0px|||&#8221; global_colors_info=&#8221;{}&#8221;]<\/p>\n<p style=\"text-align: justify\"><span style=\"color: #000000;font-size: 12pt\"><span style=\"font-weight: 400\">Inspiramos un profundo respeto y aprecio por el medio ambiente y la riqueza cultural, destacando la importancia de la sostenibilidad y la diversidad cultural. Nuestro objetivo es formar ciudadanos comprometidos con la preservaci\u00f3n del entorno y el enriquecimiento cultural.<\/span><\/span><\/p>\n<p>[\/et_pb_blurb][et_pb_blurb title=&#8221;Dimensi\u00f3n de salud y bienestar&#8221; use_icon=&#8221;on&#8221; font_icon=&#8221;&#xf21e;||fa||900&#8243; icon_color=&#8221;#ff2323&#8243; icon_placement=&#8221;left&#8221; _builder_version=&#8221;4.24.2&#8243; _module_preset=&#8221;default&#8221; global_colors_info=&#8221;{}&#8221;]<\/p>\n<p style=\"text-align: justify\"><span style=\"color: #000000;font-size: 12pt\"><span style=\"font-weight: 400\">Desarrollamos una educaci\u00f3n integral para la salud, promoviendo el conocimiento del propio cuerpo, la adquisici\u00f3n de h\u00e1bitos saludables y la mejora de la calidad de vida. Valoramos la importancia de una vida equilibrada y el cuidado personal.&nbsp;<\/span><\/span><\/p>\n<p>[\/et_pb_blurb][\/et_pb_column][et_pb_column type=&#8221;1_2&#8243; _builder_version=&#8221;4.24.2&#8243; _module_preset=&#8221;default&#8221; global_colors_info=&#8221;{}&#8221;][et_pb_blurb title=&#8221;Dimensi\u00f3n socioemocional&#8221; use_icon=&#8221;on&#8221; font_icon=&#8221;&#xf4da;||fa||900&#8243; icon_color=&#8221;#fc0064&#8243; icon_placement=&#8221;left&#8221; _builder_version=&#8221;4.24.2&#8243; _module_preset=&#8221;default&#8221; global_colors_info=&#8221;{}&#8221;]<\/p>\n<p style=\"text-align: justify\"><span style=\"color: #000000;font-size: 12pt\"><span style=\"font-weight: 400\">Fomentamos el desarrollo de habilidades socioemocionales, tales como la empat\u00eda, la colaboraci\u00f3n y la gesti\u00f3n efectiva de las emociones. Aspiramos a que nuestros estudiantes se conviertan en ciudadanos conscientes, responsables y comprometidos con su entorno social.<\/span><\/span><\/p>\n<p>[\/et_pb_blurb][et_pb_blurb title=&#8221;Dimensi\u00f3n innovadora y adaptativa&#8221; use_icon=&#8221;on&#8221; font_icon=&#8221;&#xf544;||fa||900&#8243; icon_color=&#8221;#23d326&#8243; icon_placement=&#8221;left&#8221; _builder_version=&#8221;4.24.2&#8243; _module_preset=&#8221;default&#8221; global_colors_info=&#8221;{}&#8221;]<\/p>\n<p style=\"text-align: justify\"><span style=\"color: #000000;font-size: 12pt\"><span style=\"font-weight: 400\">Fomentamos un esp\u00edritu de innovaci\u00f3n y adaptabilidad, preparando a nuestros estudiantes para enfrentar los r\u00e1pidos cambios en la sociedad y el mundo laboral. Priorizamos la creatividad, la resoluci\u00f3n de problemas y la capacidad para aprender de manera aut\u00f3noma.<\/span><\/span><\/p>\n<p>[\/et_pb_blurb][et_pb_blurb icon_placement=&#8221;left&#8221; _builder_version=&#8221;4.24.2&#8243; _module_preset=&#8221;default&#8221; background_enable_color=&#8221;off&#8221; custom_padding=&#8221;||||false|false&#8221; global_colors_info=&#8221;{}&#8221;]<\/p>\n<p style=\"text-align: justify\"><span style=\"font-weight: 400;color: #000000;font-size: 12pt\">En nuestro compromiso con la formaci\u00f3n integral de los estudiantes, el centro educativo se erige como un espacio dedicado al cultivo de valores fundamentales. Estos valores, intr\u00ednsecamente ligados a la visi\u00f3n educativa del centro, se convierten en pilares esenciales para guiar el desarrollo personal, acad\u00e9mico y social de nuestros estudiantes.<\/span><\/p>\n<p>[\/et_pb_blurb][\/et_pb_column][\/et_pb_row][\/et_pb_section]<\/p>\n","protected":false},"excerpt":{"rendered":"<p>BienvenidosEl CEIP Vel\u00e1zquez acoge principalmente a estudiantes del barrio de la Loma de Albox, extendiendo su atenci\u00f3n a alumnos de pedan\u00edas locales y otros barrios. Nuestra ubicaci\u00f3n actual, establecida en 1978, fue un renacer despu\u00e9s de la devastadora riada del 73, que arras\u00f3 la anterior sede del centro ubicada a orillas de la Rambla.Actualmente, nuestro [&hellip;]<\/p>\n","protected":false},"author":7051,"featured_media":0,"parent":0,"menu_order":0,"comment_status":"closed","ping_status":"closed","template":"","meta":{"_et_pb_use_builder":"on","_et_pb_old_content":"","_et_gb_content_width":"","ngg_post_thumbnail":0,"footnotes":""},"aioseo_notices":[],"_links":{"self":[{"href":"https:\/\/blogsaverroes.juntadeandalucia.es\/colegiovelazquez\/wp-json\/wp\/v2\/pages\/41"}],"collection":[{"href":"https:\/\/blogsaverroes.juntadeandalucia.es\/colegiovelazquez\/wp-json\/wp\/v2\/pages"}],"about":[{"href":"https:\/\/blogsaverroes.juntadeandalucia.es\/colegiovelazquez\/wp-json\/wp\/v2\/types\/page"}],"author":[{"embeddable":true,"href":"https:\/\/blogsaverroes.juntadeandalucia.es\/colegiovelazquez\/wp-json\/wp\/v2\/users\/7051"}],"replies":[{"embeddable":true,"href":"https:\/\/blogsaverroes.juntadeandalucia.es\/colegiovelazquez\/wp-json\/wp\/v2\/comments?post=41"}],"version-history":[{"count":92,"href":"https:\/\/blogsaverroes.juntadeandalucia.es\/colegiovelazquez\/wp-json\/wp\/v2\/pages\/41\/revisions"}],"predecessor-version":[{"id":3559,"href":"https:\/\/blogsaverroes.juntadeandalucia.es\/colegiovelazquez\/wp-json\/wp\/v2\/pages\/41\/revisions\/3559"}],"wp:attachment":[{"href":"https:\/\/blogsaverroes.juntadeandalucia.es\/colegiovelazquez\/wp-json\/wp\/v2\/media?parent=41"}],"curies":[{"name":"wp","href":"https:\/\/api.w.org\/{rel}","templated":true}]}}