{"id":141,"date":"2015-03-17T07:13:24","date_gmt":"2015-03-17T07:13:24","guid":{"rendered":"http:\/\/blogsaverroes.juntadeandalucia.es\/pre\/ceip\/?page_id=141"},"modified":"2019-06-02T10:17:29","modified_gmt":"2019-06-02T10:17:29","slug":"escolarizacion","status":"publish","type":"page","link":"https:\/\/blogsaverroes.juntadeandalucia.es\/colegiovicentealeixandre\/escolarizacion\/","title":{"rendered":"Escolarizaci\u00f3n"},"content":{"rendered":"<p style=\"text-align: center\"><strong>ESCOLARIZACI\u00d3N 2019-2020<\/strong><\/p>\n<p>&nbsp;<\/p>\n<ul style=\"list-style-type: square\">\n<li>ADSCRIPCI\u00d3N ALUMNADO DE SEXTO (ANEXO A)<\/li>\n<\/ul>\n<p>Se ha hecho entrega al alumnado de sexto del centro del Anexo A, convocando a las familias a una reuni\u00f3n informativa para la entrega de documentaci\u00f3n relativa a la admisi\u00f3n del curso que viene en el centro donde contin\u00fae estudios. La reuni\u00f3n ser\u00e1 el pr\u00f3ximo lunes 25 de febrero a las 18:30 en el aula de 6\u00ba A.&nbsp; Este documento tambi\u00e9n se encuentra publicado en el tabl\u00f3n de anuncios interior del centro.&nbsp;Se ruega asistencia.&nbsp;<\/p>\n<p>&nbsp;<\/p>\n<ul style=\"list-style-type: square\">\n<li>A continuaci\u00f3n os dejamos todo lo que hemos publicado en el tabl\u00f3n de anuncios del cole el d\u00eda 27 de febrero de 2019:<a href=\"https:\/\/blogsaverroes.juntadeandalucia.es\/colegiovicentealeixandre\/files\/2019\/03\/DOCUMENTACI%C3%93N-INICIAL.pdf\">DOCUMENTACI\u00d3N INICIAL<\/a><a href=\"https:\/\/blogsaverroes.juntadeandalucia.es\/colegiovicentealeixandre\/files\/2019\/03\/VIALES.pdf\">VIALES<\/a>\n<p><a href=\"https:\/\/blogsaverroes.juntadeandalucia.es\/colegiovicentealeixandre\/files\/2019\/03\/%C3%81REA-DE-INFLUENCIA.pdf\">\u00c1REA DE INFLUENCIA<\/a><\/p>\n<p><a href=\"https:\/\/blogsaverroes.juntadeandalucia.es\/colegiovicentealeixandre\/files\/2019\/03\/Impreso_Solicitud_Admision_Anexo_III.pdf\">Impreso_Solicitud_Admision_Anexo_III<\/a><\/li>\n<\/ul>\n<p>El plazo para presentar la solicitud de admisi\u00f3n en el centro es desde el 1 de Marzo al 1 de Abril, ambos incluidos. El horario es de 9:15 a 11:45.<\/p>\n<p>&nbsp;<\/p>\n<p><a title=\"Portal escolarizaci\u00f3n\" href=\"http:\/\/www.juntadeandalucia.es\/educacion\/webportal\/web\/portal-escolarizacion\/infantil-primaria-eso-bachillerato\" target=\"_blank\" rel=\"noopener\">Enlace al portal de escolarizaci\u00f3n.<\/a><\/p>\n<p><a title=\"Procedimiento\" href=\"http:\/\/portal.ced.junta-andalucia.es\/educacion\/webportal\/abaco-portlet\/content\/f2f9bdb4-4717-409f-8dbc-da5b8ed61e38\" target=\"_blank\" rel=\"noopener\">Normativa<\/a>&nbsp;sobre el proceso de escolarizaci\u00f3n.<\/p>\n<p>&nbsp;<\/p>\n<p>Os dejamos el documento \u201cResoluci\u00f3n del procedimiento de admisi\u00f3n del alumnado\u201d:&nbsp;<a href=\"https:\/\/blogsaverroes.juntadeandalucia.es\/colegiovicentealeixandre\/files\/2019\/03\/RESOLUCI%C3%93N-PROCEDIMIENTO-ADMISI%C3%93N.pdf\">RESOLUCI\u00d3N PROCEDIMIENTO ADMISI\u00d3N<\/a><\/p>\n<p>Tambi\u00e9n os adjuntamos el documento \u201cADJUDICACI\u00d3N DE PLAZA ESCOLAR AL ALUMNADO NO ADMITIDO INICIALMENTE EN ESTE<br \/>\nCENTRO\u201d:&nbsp;<a href=\"https:\/\/blogsaverroes.juntadeandalucia.es\/colegiovicentealeixandre\/files\/2019\/03\/ADJUDICACI%C3%93N-DE-PLAZA-ESCOLAR-AL-ALUMNADO-NO-ADMITIDO-INICIALMENTE-EN-ESTE.pdf\">ADJUDICACI\u00d3N DE PLAZA ESCOLAR AL ALUMNADO NO ADMITIDO INICIALMENTE EN ESTE CENTRO&nbsp;<\/a><\/p>\n<p>Aqu\u00ed ten\u00e9is la documentaci\u00f3n necesaria para la matriculaci\u00f3n del alumnado, tanto en infantil como en primaria y la documentaci\u00f3n relativa al Plan de Apertura (comedor escolar, aula matinal y actividades extraescolares):<\/p>\n<ul>\n<li><a href=\"https:\/\/blogsaverroes.juntadeandalucia.es\/colegiovicentealeixandre\/files\/2019\/03\/IMPRESO-INFANTIL.pdf\">IMPRESO INFANTIL<\/a><\/li>\n<li><a href=\"https:\/\/blogsaverroes.juntadeandalucia.es\/colegiovicentealeixandre\/files\/2019\/03\/IMPRESO-PRIMARIA.pdf\">IMPRESO PRIMARIA<\/a><\/li>\n<li><a href=\"https:\/\/blogsaverroes.juntadeandalucia.es\/colegiovicentealeixandre\/files\/2019\/03\/Formulario-religi%C3%B3n.pdf\">Formulario religi\u00f3n<\/a><\/li>\n<li><a href=\"https:\/\/blogsaverroes.juntadeandalucia.es\/colegiovicentealeixandre\/files\/2019\/03\/AUTORIZACI%C3%93N-PROTECCI%C3%93N-DATOS.docx\">AUTORIZACI\u00d3N PROTECCI\u00d3N DATOS<\/a><\/li>\n<li><a href=\"https:\/\/blogsaverroes.juntadeandalucia.es\/colegiovicentealeixandre\/files\/2019\/03\/INFORMACI%C3%93N-MATRICULACI%C3%93N-copia.docx\">INFORMACI\u00d3N MATRICULACI\u00d3N \u2013 copia<\/a><\/li>\n<li><a href=\"https:\/\/blogsaverroes.juntadeandalucia.es\/colegiovicentealeixandre\/files\/2019\/03\/TransporteEscolar-ANEXO_III.pdf\">TransporteEscolar ANEXO_III<\/a><\/li>\n<li><a href=\"https:\/\/blogsaverroes.juntadeandalucia.es\/colegiovicentealeixandre\/files\/2019\/03\/ANEXO-II-SOLICITUD-PLAN-DE-APERTURA.pdf\">ANEXO II SOLICITUD PLAN DE APERTURA<\/a><\/li>\n<li><a href=\"https:\/\/blogsaverroes.juntadeandalucia.es\/colegiovicentealeixandre\/files\/2019\/03\/ANEXO-V-SOLICITUD-BONIFICACI%C3%93N-PLAN-DE-APERTURA.pdf\">ANEXO V SOLICITUD BONIFICACI\u00d3N PLAN DE APERTURA<\/a><\/li>\n<\/ul>\n<p>Os recordamos que los plazos de matriculaci\u00f3n son del 3 al 10 de junio de 2019, ambos incluidos. En el siguiente documento, as\u00ed como en los tablones del centro, ten\u00e9is m\u00e1s informaci\u00f3n al respecto:&nbsp;<a href=\"https:\/\/blogsaverroes.juntadeandalucia.es\/colegiovicentealeixandre\/files\/2019\/03\/MODELO-INFORMACI%C3%93N.docx\">MODELO INFORMACI\u00d3N<\/a><\/p>\n<p>Se ruega leer toda la documentaci\u00f3n.<\/p>\n","protected":false},"excerpt":{"rendered":"<p>ESCOLARIZACI\u00d3N 2019-2020 &nbsp; ADSCRIPCI\u00d3N ALUMNADO DE SEXTO (ANEXO A) Se ha hecho entrega al alumnado de sexto del centro del&#46;&#46;&#46;<\/p>\n","protected":false},"author":1,"featured_media":0,"parent":0,"menu_order":0,"comment_status":"open","ping_status":"open","template":"page-templates\/child-menu.php","meta":{"ngg_post_thumbnail":0,"footnotes":"","_mc_calendar":[]},"aioseo_notices":[],"_links":{"self":[{"href":"https:\/\/blogsaverroes.juntadeandalucia.es\/colegiovicentealeixandre\/wp-json\/wp\/v2\/pages\/141"}],"collection":[{"href":"https:\/\/blogsaverroes.juntadeandalucia.es\/colegiovicentealeixandre\/wp-json\/wp\/v2\/pages"}],"about":[{"href":"https:\/\/blogsaverroes.juntadeandalucia.es\/colegiovicentealeixandre\/wp-json\/wp\/v2\/types\/page"}],"author":[{"embeddable":true,"href":"https:\/\/blogsaverroes.juntadeandalucia.es\/colegiovicentealeixandre\/wp-json\/wp\/v2\/users\/1"}],"replies":[{"embeddable":true,"href":"https:\/\/blogsaverroes.juntadeandalucia.es\/colegiovicentealeixandre\/wp-json\/wp\/v2\/comments?post=141"}],"version-history":[{"count":9,"href":"https:\/\/blogsaverroes.juntadeandalucia.es\/colegiovicentealeixandre\/wp-json\/wp\/v2\/pages\/141\/revisions"}],"predecessor-version":[{"id":2435,"href":"https:\/\/blogsaverroes.juntadeandalucia.es\/colegiovicentealeixandre\/wp-json\/wp\/v2\/pages\/141\/revisions\/2435"}],"wp:attachment":[{"href":"https:\/\/blogsaverroes.juntadeandalucia.es\/colegiovicentealeixandre\/wp-json\/wp\/v2\/media?parent=141"}],"curies":[{"name":"wp","href":"https:\/\/api.w.org\/{rel}","templated":true}]}}

Escolarización

<p style="text-align: center"><strong>ESCOLARIZACIÓN 2019-2020</strong></p>
<p>&nbsp;</p>
<ul style="list-style-type: square">
<li>ADSCRIPCIÓN ALUMNADO DE SEXTO (ANEXO A)</li>
</ul>
<p>Se ha hecho entrega al alumnado de sexto del centro del Anexo A, convocando a las familias a una reunión informativa para la entrega de documentación relativa a la admisión del curso que viene en el centro donde continúe estudios. La reunión será el próximo lunes 25 de febrero a las 18:30 en el aula de 6º A.&nbsp; Este documento también se encuentra publicado en el tablón de anuncios interior del centro.&nbsp;Se ruega asistencia.&nbsp;</p>
<p>&nbsp;</p>
<ul style="list-style-type: square">
<li>A continuación os dejamos todo lo que hemos publicado en el tablón de anuncios del cole el día 27 de febrero de 2019:<a href="https://blogsaverroes.juntadeandalucia.es/colegiovicentealeixandre/files/2019/03/DOCUMENTACI%C3%93N-INICIAL.pdf">DOCUMENTACIÓN INICIAL</a><a href="https://blogsaverroes.juntadeandalucia.es/colegiovicentealeixandre/files/2019/03/VIALES.pdf">VIALES</a>
<p><a href="https://blogsaverroes.juntadeandalucia.es/colegiovicentealeixandre/files/2019/03/%C3%81REA-DE-INFLUENCIA.pdf">ÁREA DE INFLUENCIA</a></p>
<p><a href="https://blogsaverroes.juntadeandalucia.es/colegiovicentealeixandre/files/2019/03/Impreso_Solicitud_Admision_Anexo_III.pdf">Impreso_Solicitud_Admision_Anexo_III</a></li>
</ul>
<p>El plazo para presentar la solicitud de admisión en el centro es desde el 1 de Marzo al 1 de Abril, ambos incluidos. El horario es de 9:15 a 11:45.</p>
<p>&nbsp;</p>
<p><a title="Portal escolarización" href="http://www.juntadeandalucia.es/educacion/webportal/web/portal-escolarizacion/infantil-primaria-eso-bachillerato" target="_blank" rel="noopener">Enlace al portal de escolarización.</a></p>
<p><a title="Procedimiento" href="http://portal.ced.junta-andalucia.es/educacion/webportal/abaco-portlet/content/f2f9bdb4-4717-409f-8dbc-da5b8ed61e38" target="_blank" rel="noopener">Normativa</a>&nbsp;sobre el proceso de escolarización.</p>
<p>&nbsp;</p>
<p>Os dejamos el documento “Resolución del procedimiento de admisión del alumnado”:&nbsp;<a href="https://blogsaverroes.juntadeandalucia.es/colegiovicentealeixandre/files/2019/03/RESOLUCI%C3%93N-PROCEDIMIENTO-ADMISI%C3%93N.pdf">RESOLUCIÓN PROCEDIMIENTO ADMISIÓN</a></p>
<p>También os adjuntamos el documento “ADJUDICACIÓN DE PLAZA ESCOLAR AL ALUMNADO NO ADMITIDO INICIALMENTE EN ESTE<br />
CENTRO”:&nbsp;<a href="https://blogsaverroes.juntadeandalucia.es/colegiovicentealeixandre/files/2019/03/ADJUDICACI%C3%93N-DE-PLAZA-ESCOLAR-AL-ALUMNADO-NO-ADMITIDO-INICIALMENTE-EN-ESTE.pdf">ADJUDICACIÓN DE PLAZA ESCOLAR AL ALUMNADO NO ADMITIDO INICIALMENTE EN ESTE CENTRO&nbsp;</a></p>
<p>Aquí tenéis la documentación necesaria para la matriculación del alumnado, tanto en infantil como en primaria y la documentación relativa al Plan de Apertura (comedor escolar, aula matinal y actividades extraescolares):</p>
<ul>
<li><a href="https://blogsaverroes.juntadeandalucia.es/colegiovicentealeixandre/files/2019/03/IMPRESO-INFANTIL.pdf">IMPRESO INFANTIL</a></li>
<li><a href="https://blogsaverroes.juntadeandalucia.es/colegiovicentealeixandre/files/2019/03/IMPRESO-PRIMARIA.pdf">IMPRESO PRIMARIA</a></li>
<li><a href="https://blogsaverroes.juntadeandalucia.es/colegiovicentealeixandre/files/2019/03/Formulario-religi%C3%B3n.pdf">Formulario religión</a></li>
<li><a href="https://blogsaverroes.juntadeandalucia.es/colegiovicentealeixandre/files/2019/03/AUTORIZACI%C3%93N-PROTECCI%C3%93N-DATOS.docx">AUTORIZACIÓN PROTECCIÓN DATOS</a></li>
<li><a href="https://blogsaverroes.juntadeandalucia.es/colegiovicentealeixandre/files/2019/03/INFORMACI%C3%93N-MATRICULACI%C3%93N-copia.docx">INFORMACIÓN MATRICULACIÓN – copia</a></li>
<li><a href="https://blogsaverroes.juntadeandalucia.es/colegiovicentealeixandre/files/2019/03/TransporteEscolar-ANEXO_III.pdf">TransporteEscolar ANEXO_III</a></li>
<li><a href="https://blogsaverroes.juntadeandalucia.es/colegiovicentealeixandre/files/2019/03/ANEXO-II-SOLICITUD-PLAN-DE-APERTURA.pdf">ANEXO II SOLICITUD PLAN DE APERTURA</a></li>
<li><a href="https://blogsaverroes.juntadeandalucia.es/colegiovicentealeixandre/files/2019/03/ANEXO-V-SOLICITUD-BONIFICACI%C3%93N-PLAN-DE-APERTURA.pdf">ANEXO V SOLICITUD BONIFICACIÓN PLAN DE APERTURA</a></li>
</ul>
<p>Os recordamos que los plazos de matriculación son del 3 al 10 de junio de 2019, ambos incluidos. En el siguiente documento, así como en los tablones del centro, tenéis más información al respecto:&nbsp;<a href="https://blogsaverroes.juntadeandalucia.es/colegiovicentealeixandre/files/2019/03/MODELO-INFORMACI%C3%93N.docx">MODELO INFORMACIÓN</a></p>
<p>Se ruega leer toda la documentación.</p>

<p>ESCOLARIZACIÓN 2019-2020 &nbsp; ADSCRIPCIÓN ALUMNADO DE SEXTO (ANEXO A) Se ha hecho entrega al alumnado de sexto del centro del&#46;&#46;&#46;</p>
