{"id":49,"date":"2015-03-13T08:47:05","date_gmt":"2015-03-13T08:47:05","guid":{"rendered":"http:\/\/blogsaverroes.juntadeandalucia.es\/pre\/ceip\/?page_id=49"},"modified":"2019-11-25T10:47:39","modified_gmt":"2019-11-25T10:47:39","slug":"proyecto-educativo","status":"publish","type":"page","link":"https:\/\/blogsaverroes.juntadeandalucia.es\/colegiovicentealeixandre\/proyecto-educativo\/","title":{"rendered":"Plan de Centro"},"content":{"rendered":"<p><img loading=\"lazy\" decoding=\"async\" class=\"alignnone size-medium wp-image-1662\" src=\"https:\/\/blogsaverroes.juntadeandalucia.es\/colegiovicentealeixandre\/files\/2015\/03\/proyecto-300x266.png\" alt=\"proyecto\" width=\"300\" height=\"266\" srcset=\"https:\/\/blogsaverroes.juntadeandalucia.es\/colegiovicentealeixandre\/files\/2015\/03\/proyecto-300x266.png 300w, https:\/\/blogsaverroes.juntadeandalucia.es\/colegiovicentealeixandre\/files\/2015\/03\/proyecto.png 640w\" sizes=\"(max-width: 300px) 100vw, 300px\" \/><\/p>\n<p>Un centro se define en gran medida por su <strong>Proyecto Educativo<\/strong>. En \u00e9l se plasma el modelo educativo y la concreci\u00f3n de la normativa que un centro realiza respecto a las ense\u00f1anzas que imparte. Aspectos tales como las finalidades educativas, objetivos, atenci\u00f3n a la diversidad, etc.<\/p>\n<p>Que la web de un centro informe de su Proyecto Educativo es una apuesta clara por la <strong>transparencia<\/strong>.<\/p>\n<p>En estos momentos nos encontramos en plena transformaci\u00f3n del Plan de Centro de nuestro centro, en todos sus apartados: Proyecto Educativo, Reglamento de Organizaci\u00f3n y Funcionamiento, y Proyecto de Gesti\u00f3n.<\/p>\n<p><strong>PROYECTO EDUCATIVO<\/strong><\/p>\n<p><a href=\"https:\/\/blogsaverroes.juntadeandalucia.es\/colegiovicentealeixandre\/files\/2019\/11\/INTRODUCCI\u00d3N-AL-PROYECTO-EDUCATIVO.pdf\">INTRODUCCI\u00d3N AL PROYECTO EDUCATIVO<\/a><\/p>\n<p><a href=\"https:\/\/blogsaverroes.juntadeandalucia.es\/colegiovicentealeixandre\/files\/2019\/11\/a-OBJETIVOS-MEJORA-DEL-RENDIMIENTO-ESCOLAR.pdf\">a) OBJETIVOS MEJORA DEL RENDIMIENTO ESCOLAR<\/a><\/p>\n<p><a href=\"https:\/\/blogsaverroes.juntadeandalucia.es\/colegiovicentealeixandre\/files\/2019\/11\/b-L\u00cdNEAS-GENERALES-DE-ACTUACI\u00d3N-PEDAG\u00d3GICA.pdf\">b) L\u00cdNEAS GENERALES DE ACTUACI\u00d3N PEDAG\u00d3GICA<\/a><\/p>\n<p><a href=\"https:\/\/blogsaverroes.juntadeandalucia.es\/colegiovicentealeixandre\/files\/2019\/11\/c-COORDINACI\u00d3N-Y-CONCRECI\u00d3N-DE-LOS-CONTENIDOS-CURRICULARES.pdf\">c) COORDINACI\u00d3N Y CONCRECI\u00d3N DE LOS CONTENIDOS CURRICULARES<\/a><\/p>\n<p><a href=\"https:\/\/blogsaverroes.juntadeandalucia.es\/colegiovicentealeixandre\/files\/2019\/11\/d-CRITERIOS-PEDAG\u00d3GICOS-PARA-EL-HORARIO-DE-DEDICACI\u00d3N-DE-LAS-PERSONAS-RESPONSABLES-DE-LA-COORDINACI\u00d3N..pdf\">d) CRITERIOS PEDAG\u00d3GICOS PARA EL HORARIO DE DEDICACI\u00d3N DE LAS PERSONAS RESPONSABLES DE LA COORDINACI\u00d3N.<\/a><\/p>\n<p><a href=\"https:\/\/blogsaverroes.juntadeandalucia.es\/colegiovicentealeixandre\/files\/2019\/11\/l-CRITERIOS-PARA-DISTRIBUIR-EL-TIEMPO-ESCOLAR.pdf\">l) CRITERIOS PARA DISTRIBUIR EL TIEMPO ESCOLAR<\/a><\/p>\n<p><a href=\"https:\/\/blogsaverroes.juntadeandalucia.es\/colegiovicentealeixandre\/files\/2019\/11\/o-CRITERIOS-GENERALES-PARA-ELABORAR-LAS-PPDD-Y-LA-PP.pdf\">o) CRITERIOS GENERALES PARA ELABORAR LAS PPDD Y LA PP<\/a> &nbsp;&nbsp;<\/p>\n<p><strong>REGLAMENTO DE ORGANIZACI\u00d3N Y FUNCIONAMIENTO<\/strong><\/p>\n<p><a href=\"https:\/\/blogsaverroes.juntadeandalucia.es\/colegiovicentealeixandre\/files\/2019\/11\/II.-ROF.pdf\">II.-ROF<\/a><\/p>\n<p>&nbsp;<\/p>\n<p>Conforme vayamos aprobando los documentos que faltan se ir\u00e1n subiendo a esta web.<\/p>\n<p>&nbsp;<\/p>\n<p>&nbsp;<\/p>\n","protected":false},"excerpt":{"rendered":"<p>Un centro se define en gran medida por su Proyecto Educativo. En \u00e9l se plasma el modelo educativo y la&#46;&#46;&#46;<\/p>\n","protected":false},"author":1,"featured_media":0,"parent":0,"menu_order":0,"comment_status":"open","ping_status":"open","template":"page-templates\/child-menu.php","meta":{"ngg_post_thumbnail":0,"footnotes":"","_mc_calendar":[]},"aioseo_notices":[],"_links":{"self":[{"href":"https:\/\/blogsaverroes.juntadeandalucia.es\/colegiovicentealeixandre\/wp-json\/wp\/v2\/pages\/49"}],"collection":[{"href":"https:\/\/blogsaverroes.juntadeandalucia.es\/colegiovicentealeixandre\/wp-json\/wp\/v2\/pages"}],"about":[{"href":"https:\/\/blogsaverroes.juntadeandalucia.es\/colegiovicentealeixandre\/wp-json\/wp\/v2\/types\/page"}],"author":[{"embeddable":true,"href":"https:\/\/blogsaverroes.juntadeandalucia.es\/colegiovicentealeixandre\/wp-json\/wp\/v2\/users\/1"}],"replies":[{"embeddable":true,"href":"https:\/\/blogsaverroes.juntadeandalucia.es\/colegiovicentealeixandre\/wp-json\/wp\/v2\/comments?post=49"}],"version-history":[{"count":11,"href":"https:\/\/blogsaverroes.juntadeandalucia.es\/colegiovicentealeixandre\/wp-json\/wp\/v2\/pages\/49\/revisions"}],"predecessor-version":[{"id":2523,"href":"https:\/\/blogsaverroes.juntadeandalucia.es\/colegiovicentealeixandre\/wp-json\/wp\/v2\/pages\/49\/revisions\/2523"}],"wp:attachment":[{"href":"https:\/\/blogsaverroes.juntadeandalucia.es\/colegiovicentealeixandre\/wp-json\/wp\/v2\/media?parent=49"}],"curies":[{"name":"wp","href":"https:\/\/api.w.org\/{rel}","templated":true}]}}