{"id":869,"date":"2015-03-16T07:03:52","date_gmt":"2015-03-16T07:03:52","guid":{"rendered":"http:\/\/blogsaverroes.juntadeandalucia.es\/pre\/ceip\/?page_id=84"},"modified":"2024-10-21T08:00:04","modified_gmt":"2024-10-21T08:00:04","slug":"calendario-escolar","status":"publish","type":"page","link":"https:\/\/blogsaverroes.juntadeandalucia.es\/colegiovicentealeixandre\/calendario-escolar\/","title":{"rendered":"Calendario escolar"},"content":{"rendered":"<p style=\"text-align: center\"><strong>CURSO ESCOLAR 2024-2025<\/strong><\/p>\n<p>&nbsp;<\/p>\n<p>Las clases comienzan el d\u00eda 10 de septiembre de 2024 y terminan el 23 de junio de 2025.<\/p>\n<p>Fechas a destacar:<\/p>\n<ul>\n<li>&nbsp;10 de septiembre. Inicio del curso lectivo Educaci\u00f3n Infantil, Educaci\u00f3n Primaria y Educaci\u00f3n Especial.<\/li>\n<li>Vacaciones navidad: del 23 de diciembre de 2024 hasta el 7 de enero de 2025.<\/li>\n<li>Vacaciones de semana santa: del 14 al 20 de abril de 2025.<\/li>\n<\/ul>\n<p>&nbsp;<\/p>\n<p style=\"text-align: center\"><strong>D\u00cdAS NO LECTIVOS:<\/strong><\/p>\n<ul>\n<li>10 y 11 de octubre; d\u00edas no lectivos en Brenes.<\/li>\n<li>1 de noviembre de 2024: festividad de todos los santos.<\/li>\n<li>6 de diciembre de 2024: d\u00eda de la Inmaculada (domingo 8 de diciembre).<\/li>\n<li>7 de enero de 2025: d\u00eda no lectivo provincial.<\/li>\n<li>27 de febrero de 2025: d\u00eda de la Comunidad Educativa.<\/li>\n<li>28 de febrero de 2025: d\u00eda de Andaluc\u00eda.<\/li>\n<li>1 de mayo de 2025: d\u00eda del trabajo.<\/li>\n<li>9 de mayo de 2025: feria de Sevilla.<\/li>\n<li>19 de junio de 2025: d\u00eda no lectivo local.<\/li>\n<\/ul>\n<p>&nbsp;<\/p>\n<p>&nbsp;<\/p>\n","protected":false},"excerpt":{"rendered":"<p>CURSO ESCOLAR 2024-2025 &nbsp; Las clases comienzan el d\u00eda 10 de septiembre de 2024 y terminan el 23 de junio&#46;&#46;&#46;<\/p>\n","protected":false},"author":1,"featured_media":0,"parent":0,"menu_order":0,"comment_status":"open","ping_status":"open","template":"page-templates\/child-menu.php","meta":{"ngg_post_thumbnail":0,"footnotes":"","_mc_calendar":{"weekends":"true","shortcode":"[my_calendar weekends=&quot;true&quot;]","append":""}},"aioseo_notices":[],"_links":{"self":[{"href":"https:\/\/blogsaverroes.juntadeandalucia.es\/colegiovicentealeixandre\/wp-json\/wp\/v2\/pages\/869"}],"collection":[{"href":"https:\/\/blogsaverroes.juntadeandalucia.es\/colegiovicentealeixandre\/wp-json\/wp\/v2\/pages"}],"about":[{"href":"https:\/\/blogsaverroes.juntadeandalucia.es\/colegiovicentealeixandre\/wp-json\/wp\/v2\/types\/page"}],"author":[{"embeddable":true,"href":"https:\/\/blogsaverroes.juntadeandalucia.es\/colegiovicentealeixandre\/wp-json\/wp\/v2\/users\/1"}],"replies":[{"embeddable":true,"href":"https:\/\/blogsaverroes.juntadeandalucia.es\/colegiovicentealeixandre\/wp-json\/wp\/v2\/comments?post=869"}],"version-history":[{"count":9,"href":"https:\/\/blogsaverroes.juntadeandalucia.es\/colegiovicentealeixandre\/wp-json\/wp\/v2\/pages\/869\/revisions"}],"predecessor-version":[{"id":2735,"href":"https:\/\/blogsaverroes.juntadeandalucia.es\/colegiovicentealeixandre\/wp-json\/wp\/v2\/pages\/869\/revisions\/2735"}],"wp:attachment":[{"href":"https:\/\/blogsaverroes.juntadeandalucia.es\/colegiovicentealeixandre\/wp-json\/wp\/v2\/media?parent=869"}],"curies":[{"name":"wp","href":"https:\/\/api.w.org\/{rel}","templated":true}]}}

<p style="text-align: center"><strong>CURSO ESCOLAR 2024-2025</strong></p>
<p>&nbsp;</p>
<p>Las clases comienzan el día 10 de septiembre de 2024 y terminan el 23 de junio de 2025.</p>
<p>Fechas a destacar:</p>
<ul>
<li>&nbsp;10 de septiembre. Inicio del curso lectivo Educación Infantil, Educación Primaria y Educación Especial.</li>
<li>Vacaciones navidad: del 23 de diciembre de 2024 hasta el 7 de enero de 2025.</li>
<li>Vacaciones de semana santa: del 14 al 20 de abril de 2025.</li>
</ul>
<p>&nbsp;</p>
<p style="text-align: center"><strong>DÍAS NO LECTIVOS:</strong></p>
<ul>
<li>10 y 11 de octubre; días no lectivos en Brenes.</li>
<li>1 de noviembre de 2024: festividad de todos los santos.</li>
<li>6 de diciembre de 2024: día de la Inmaculada (domingo 8 de diciembre).</li>
<li>7 de enero de 2025: día no lectivo provincial.</li>
<li>27 de febrero de 2025: día de la Comunidad Educativa.</li>
<li>28 de febrero de 2025: día de Andalucía.</li>
<li>1 de mayo de 2025: día del trabajo.</li>
<li>9 de mayo de 2025: feria de Sevilla.</li>
<li>19 de junio de 2025: día no lectivo local.</li>
</ul>
<p>&nbsp;</p>
<p>&nbsp;</p>

<p>CURSO ESCOLAR 2024-2025 &nbsp; Las clases comienzan el día 10 de septiembre de 2024 y terminan el 23 de junio&#46;&#46;&#46;</p>
