{"id":330,"date":"2015-03-18T07:11:43","date_gmt":"2015-03-18T07:11:43","guid":{"rendered":"http:\/\/blogsaverroes.juntadeandalucia.es\/pre\/ceip\/?page_id=330"},"modified":"2024-01-23T11:10:27","modified_gmt":"2024-01-23T11:10:27","slug":"bibliop","status":"publish","type":"page","link":"https:\/\/blogsaverroes.juntadeandalucia.es\/colegiovirgendeloreto\/biblioteca\/bibliop\/","title":{"rendered":"Rese\u00f1as"},"content":{"rendered":"<p>Nuestro alumnado de 6\u00b0 de Primaria ha realizado las siguientes rese\u00f1as, donde nos informan y valoran los libros que se han le\u00eddo.&nbsp;<\/p>\n<p><strong>Rese\u00f1a de Julia: Charlie y la f\u00e1brica de chocolate<\/strong><\/p>\n<div style=\"width: 1280px;\" class=\"wp-video\"><!--[if lt IE 9]><script>document.createElement('video');<\/script><![endif]-->\n<video class=\"wp-video-shortcode\" id=\"video-330-1\" width=\"1280\" height=\"720\" preload=\"metadata\" controls=\"controls\"><source type=\"video\/mp4\" src=\"https:\/\/blogsaverroes.juntadeandalucia.es\/colegiovirgendeloreto\/files\/2024\/01\/trim51678ef8-7d93-4b61-bdfc-38c116997e09_X108TS7w.mp4?_=1\" \/><a href=\"https:\/\/blogsaverroes.juntadeandalucia.es\/colegiovirgendeloreto\/files\/2024\/01\/trim51678ef8-7d93-4b61-bdfc-38c116997e09_X108TS7w.mp4\">https:\/\/blogsaverroes.juntadeandalucia.es\/colegiovirgendeloreto\/files\/2024\/01\/trim51678ef8-7d93-4b61-bdfc-38c116997e09_X108TS7w.mp4<\/a><\/video><\/div>\n<p><strong><br \/>\nRese\u00f1a de Edu: El diario de Greg&nbsp;<\/strong><\/p>\n<div style=\"width: 1280px;\" class=\"wp-video\"><video class=\"wp-video-shortcode\" id=\"video-330-2\" width=\"1280\" height=\"720\" preload=\"metadata\" controls=\"controls\"><source type=\"video\/mp4\" src=\"https:\/\/blogsaverroes.juntadeandalucia.es\/colegiovirgendeloreto\/files\/2024\/01\/trime8f7c299-e2da-46cc-9aa3-ec5a454c3f55_Wm3tIHdD-1.mp4?_=2\" \/><a href=\"https:\/\/blogsaverroes.juntadeandalucia.es\/colegiovirgendeloreto\/files\/2024\/01\/trime8f7c299-e2da-46cc-9aa3-ec5a454c3f55_Wm3tIHdD-1.mp4\">https:\/\/blogsaverroes.juntadeandalucia.es\/colegiovirgendeloreto\/files\/2024\/01\/trime8f7c299-e2da-46cc-9aa3-ec5a454c3f55_Wm3tIHdD-1.mp4<\/a><\/video><\/div>\n<p><strong><br \/>\nRese\u00f1a de Ainara: \u00c9rase una vez la Tierra<\/strong><\/p>\n<div style=\"width: 480px;\" class=\"wp-video\"><video class=\"wp-video-shortcode\" id=\"video-330-3\" width=\"480\" height=\"272\" preload=\"metadata\" controls=\"controls\"><source type=\"video\/mp4\" src=\"https:\/\/blogsaverroes.juntadeandalucia.es\/colegiovirgendeloreto\/files\/2024\/01\/trim8f9d1a10-52d6-4d73-8d71-4c6e98a60dc9_3FvzQSnZ-2.mp4?_=3\" \/><a href=\"https:\/\/blogsaverroes.juntadeandalucia.es\/colegiovirgendeloreto\/files\/2024\/01\/trim8f9d1a10-52d6-4d73-8d71-4c6e98a60dc9_3FvzQSnZ-2.mp4\">https:\/\/blogsaverroes.juntadeandalucia.es\/colegiovirgendeloreto\/files\/2024\/01\/trim8f9d1a10-52d6-4d73-8d71-4c6e98a60dc9_3FvzQSnZ-2.mp4<\/a><\/video><\/div>\n<p><strong>&nbsp;<\/strong><\/p>\n<p><strong>Rese\u00f1a de \u00c1ngela: Capit\u00e1n Calzoncillos y la furia de la s\u00faper mujer macropl\u00e1stica<\/strong><\/p>\n<div style=\"width: 1280px;\" class=\"wp-video\"><video class=\"wp-video-shortcode\" id=\"video-330-4\" width=\"1280\" height=\"720\" preload=\"metadata\" controls=\"controls\"><source type=\"video\/mp4\" src=\"https:\/\/blogsaverroes.juntadeandalucia.es\/colegiovirgendeloreto\/files\/2024\/01\/trim5062a28f-6eab-405e-8c53-85ca50dd5d41_Y2rnfTDm.mp4?_=4\" \/><a href=\"https:\/\/blogsaverroes.juntadeandalucia.es\/colegiovirgendeloreto\/files\/2024\/01\/trim5062a28f-6eab-405e-8c53-85ca50dd5d41_Y2rnfTDm.mp4\">https:\/\/blogsaverroes.juntadeandalucia.es\/colegiovirgendeloreto\/files\/2024\/01\/trim5062a28f-6eab-405e-8c53-85ca50dd5d41_Y2rnfTDm.mp4<\/a><\/video><\/div>\n<p><strong>&nbsp;Rese\u00f1a de Puri: El Lazarillo de Tomes&nbsp;<br \/>\n<\/strong><\/p>\n<div style=\"width: 1280px;\" class=\"wp-video\"><video class=\"wp-video-shortcode\" id=\"video-330-5\" width=\"1280\" height=\"720\" preload=\"metadata\" controls=\"controls\"><source type=\"video\/mp4\" src=\"https:\/\/blogsaverroes.juntadeandalucia.es\/colegiovirgendeloreto\/files\/2024\/01\/trimef49b8e1-d208-454a-86bb-95ee04e4d45d_bEDFF4cV.mp4?_=5\" \/><a href=\"https:\/\/blogsaverroes.juntadeandalucia.es\/colegiovirgendeloreto\/files\/2024\/01\/trimef49b8e1-d208-454a-86bb-95ee04e4d45d_bEDFF4cV.mp4\">https:\/\/blogsaverroes.juntadeandalucia.es\/colegiovirgendeloreto\/files\/2024\/01\/trimef49b8e1-d208-454a-86bb-95ee04e4d45d_bEDFF4cV.mp4<\/a><\/video><\/div>\n<p><strong>&nbsp;Rese\u00f1a de Ruben: Los futbolisimos&nbsp;<\/strong><\/p>\n<p><strong>Rese\u00f1a de Judith: Los forasteros del tiempo<\/strong><\/p>\n<p>&nbsp;<\/p>\n<div style=\"width: 1280px;\" class=\"wp-video\"><video class=\"wp-video-shortcode\" id=\"video-330-6\" width=\"1280\" height=\"720\" preload=\"metadata\" controls=\"controls\"><source type=\"video\/mp4\" src=\"https:\/\/blogsaverroes.juntadeandalucia.es\/colegiovirgendeloreto\/files\/2024\/01\/trim9b3bf77b-8a06-459b-b04b-2743befdd5b8_ki0smlpt-3.mp4?_=6\" \/><a href=\"https:\/\/blogsaverroes.juntadeandalucia.es\/colegiovirgendeloreto\/files\/2024\/01\/trim9b3bf77b-8a06-459b-b04b-2743befdd5b8_ki0smlpt-3.mp4\">https:\/\/blogsaverroes.juntadeandalucia.es\/colegiovirgendeloreto\/files\/2024\/01\/trim9b3bf77b-8a06-459b-b04b-2743befdd5b8_ki0smlpt-3.mp4<\/a><\/video><\/div>\n","protected":false},"excerpt":{"rendered":"<p>Nuestro alumnado de 6\u00b0 de Primaria ha realizado las siguientes rese\u00f1as, donde nos informan y valoran los libros que se han le\u00eddo.&nbsp; Rese\u00f1a de Julia: Charlie y la f\u00e1brica de chocolate Rese\u00f1a de Edu:&#46;&#46;&#46;<\/p>\n","protected":false},"author":1,"featured_media":0,"parent":113,"menu_order":0,"comment_status":"closed","ping_status":"open","template":"","meta":{"ngg_post_thumbnail":0,"footnotes":"","_mc_calendar":[]},"aioseo_notices":[],"_links":{"self":[{"href":"https:\/\/blogsaverroes.juntadeandalucia.es\/colegiovirgendeloreto\/wp-json\/wp\/v2\/pages\/330"}],"collection":[{"href":"https:\/\/blogsaverroes.juntadeandalucia.es\/colegiovirgendeloreto\/wp-json\/wp\/v2\/pages"}],"about":[{"href":"https:\/\/blogsaverroes.juntadeandalucia.es\/colegiovirgendeloreto\/wp-json\/wp\/v2\/types\/page"}],"author":[{"embeddable":true,"href":"https:\/\/blogsaverroes.juntadeandalucia.es\/colegiovirgendeloreto\/wp-json\/wp\/v2\/users\/1"}],"replies":[{"embeddable":true,"href":"https:\/\/blogsaverroes.juntadeandalucia.es\/colegiovirgendeloreto\/wp-json\/wp\/v2\/comments?post=330"}],"version-history":[{"count":12,"href":"https:\/\/blogsaverroes.juntadeandalucia.es\/colegiovirgendeloreto\/wp-json\/wp\/v2\/pages\/330\/revisions"}],"predecessor-version":[{"id":2521,"href":"https:\/\/blogsaverroes.juntadeandalucia.es\/colegiovirgendeloreto\/wp-json\/wp\/v2\/pages\/330\/revisions\/2521"}],"up":[{"embeddable":true,"href":"https:\/\/blogsaverroes.juntadeandalucia.es\/colegiovirgendeloreto\/wp-json\/wp\/v2\/pages\/113"}],"wp:attachment":[{"href":"https:\/\/blogsaverroes.juntadeandalucia.es\/colegiovirgendeloreto\/wp-json\/wp\/v2\/media?parent=330"}],"curies":[{"name":"wp","href":"https:\/\/api.w.org\/{rel}","templated":true}]}}

Reseñas

<p>Nuestro alumnado de 6° de Primaria ha realizado las siguientes reseñas, donde nos informan y valoran los libros que se han leído.&nbsp;</p>
<p><strong>Reseña de Julia: Charlie y la fábrica de chocolate</strong></p>
<div style="width: 1280px;" class="wp-video"><!--[if lt IE 9]><script>document.createElement('video');</script><![endif]-->
<video class="wp-video-shortcode" id="video-330-1" width="1280" height="720" preload="metadata" controls="controls"><source type="video/mp4" src="https://blogsaverroes.juntadeandalucia.es/colegiovirgendeloreto/files/2024/01/trim51678ef8-7d93-4b61-bdfc-38c116997e09_X108TS7w.mp4?_=1" /><a href="https://blogsaverroes.juntadeandalucia.es/colegiovirgendeloreto/files/2024/01/trim51678ef8-7d93-4b61-bdfc-38c116997e09_X108TS7w.mp4">https://blogsaverroes.juntadeandalucia.es/colegiovirgendeloreto/files/2024/01/trim51678ef8-7d93-4b61-bdfc-38c116997e09_X108TS7w.mp4</a></video></div>
<p><strong><br />
Reseña de Edu: El diario de Greg&nbsp;</strong></p>
<div style="width: 1280px;" class="wp-video"><video class="wp-video-shortcode" id="video-330-2" width="1280" height="720" preload="metadata" controls="controls"><source type="video/mp4" src="https://blogsaverroes.juntadeandalucia.es/colegiovirgendeloreto/files/2024/01/trime8f7c299-e2da-46cc-9aa3-ec5a454c3f55_Wm3tIHdD-1.mp4?_=2" /><a href="https://blogsaverroes.juntadeandalucia.es/colegiovirgendeloreto/files/2024/01/trime8f7c299-e2da-46cc-9aa3-ec5a454c3f55_Wm3tIHdD-1.mp4">https://blogsaverroes.juntadeandalucia.es/colegiovirgendeloreto/files/2024/01/trime8f7c299-e2da-46cc-9aa3-ec5a454c3f55_Wm3tIHdD-1.mp4</a></video></div>
<p><strong><br />
Reseña de Ainara: Érase una vez la Tierra</strong></p>
<div style="width: 480px;" class="wp-video"><video class="wp-video-shortcode" id="video-330-3" width="480" height="272" preload="metadata" controls="controls"><source type="video/mp4" src="https://blogsaverroes.juntadeandalucia.es/colegiovirgendeloreto/files/2024/01/trim8f9d1a10-52d6-4d73-8d71-4c6e98a60dc9_3FvzQSnZ-2.mp4?_=3" /><a href="https://blogsaverroes.juntadeandalucia.es/colegiovirgendeloreto/files/2024/01/trim8f9d1a10-52d6-4d73-8d71-4c6e98a60dc9_3FvzQSnZ-2.mp4">https://blogsaverroes.juntadeandalucia.es/colegiovirgendeloreto/files/2024/01/trim8f9d1a10-52d6-4d73-8d71-4c6e98a60dc9_3FvzQSnZ-2.mp4</a></video></div>
<p><strong>&nbsp;</strong></p>
<p><strong>Reseña de Ángela: Capitán Calzoncillos y la furia de la súper mujer macroplástica</strong></p>
<div style="width: 1280px;" class="wp-video"><video class="wp-video-shortcode" id="video-330-4" width="1280" height="720" preload="metadata" controls="controls"><source type="video/mp4" src="https://blogsaverroes.juntadeandalucia.es/colegiovirgendeloreto/files/2024/01/trim5062a28f-6eab-405e-8c53-85ca50dd5d41_Y2rnfTDm.mp4?_=4" /><a href="https://blogsaverroes.juntadeandalucia.es/colegiovirgendeloreto/files/2024/01/trim5062a28f-6eab-405e-8c53-85ca50dd5d41_Y2rnfTDm.mp4">https://blogsaverroes.juntadeandalucia.es/colegiovirgendeloreto/files/2024/01/trim5062a28f-6eab-405e-8c53-85ca50dd5d41_Y2rnfTDm.mp4</a></video></div>
<p><strong>&nbsp;Reseña de Puri: El Lazarillo de Tomes&nbsp;<br />
</strong></p>
<div style="width: 1280px;" class="wp-video"><video class="wp-video-shortcode" id="video-330-5" width="1280" height="720" preload="metadata" controls="controls"><source type="video/mp4" src="https://blogsaverroes.juntadeandalucia.es/colegiovirgendeloreto/files/2024/01/trimef49b8e1-d208-454a-86bb-95ee04e4d45d_bEDFF4cV.mp4?_=5" /><a href="https://blogsaverroes.juntadeandalucia.es/colegiovirgendeloreto/files/2024/01/trimef49b8e1-d208-454a-86bb-95ee04e4d45d_bEDFF4cV.mp4">https://blogsaverroes.juntadeandalucia.es/colegiovirgendeloreto/files/2024/01/trimef49b8e1-d208-454a-86bb-95ee04e4d45d_bEDFF4cV.mp4</a></video></div>
<p><strong>&nbsp;Reseña de Ruben: Los futbolisimos&nbsp;</strong></p>
<p><strong>Reseña de Judith: Los forasteros del tiempo</strong></p>
<p>&nbsp;</p>
<div style="width: 1280px;" class="wp-video"><video class="wp-video-shortcode" id="video-330-6" width="1280" height="720" preload="metadata" controls="controls"><source type="video/mp4" src="https://blogsaverroes.juntadeandalucia.es/colegiovirgendeloreto/files/2024/01/trim9b3bf77b-8a06-459b-b04b-2743befdd5b8_ki0smlpt-3.mp4?_=6" /><a href="https://blogsaverroes.juntadeandalucia.es/colegiovirgendeloreto/files/2024/01/trim9b3bf77b-8a06-459b-b04b-2743befdd5b8_ki0smlpt-3.mp4">https://blogsaverroes.juntadeandalucia.es/colegiovirgendeloreto/files/2024/01/trim9b3bf77b-8a06-459b-b04b-2743befdd5b8_ki0smlpt-3.mp4</a></video></div>

<p>Nuestro alumnado de 6° de Primaria ha realizado las siguientes reseñas, donde nos informan y valoran los libros que se han leído.&nbsp; Reseña de Julia: Charlie y la fábrica de chocolate Reseña de Edu:&#46;&#46;&#46;</p>
