{"id":44,"date":"2015-03-13T08:42:15","date_gmt":"2015-03-13T08:42:15","guid":{"rendered":"http:\/\/blogsaverroes.juntadeandalucia.es\/pre\/ceip\/?page_id=44"},"modified":"2025-12-03T12:30:56","modified_gmt":"2025-12-03T12:30:56","slug":"planes-y-proyectos","status":"publish","type":"page","link":"https:\/\/blogsaverroes.juntadeandalucia.es\/colegiovirgendeloreto\/planes-y-proyectos\/","title":{"rendered":"Planes y Programas"},"content":{"rendered":"<p><img loading=\"lazy\" decoding=\"async\" class=\"alignnone size-medium wp-image-1667\" src=\"http:\/\/blogsaverroes.juntadeandalucia.es\/colegiovirgendeloreto\/files\/2015\/03\/planes-300x150.png\" alt=\"planes\" width=\"300\" height=\"150\" srcset=\"https:\/\/blogsaverroes.juntadeandalucia.es\/colegiovirgendeloreto\/files\/2015\/03\/planes-300x150.png 300w, https:\/\/blogsaverroes.juntadeandalucia.es\/colegiovirgendeloreto\/files\/2015\/03\/planes-332x166.png 332w, https:\/\/blogsaverroes.juntadeandalucia.es\/colegiovirgendeloreto\/files\/2015\/03\/planes.png 640w\" sizes=\"(max-width: 300px) 100vw, 300px\" \/>CURSO 2025-26<\/p>\n<p>Cada centro personaliza y adapta su Proyecto Educativo adheriendose a diferentes <strong>Planes y Programas<\/strong> promovidos desde la Consejer\u00eda de Educaci\u00f3n.<\/p>\n<p>Este apartado recogemos la descripci\u00f3n, finalidades, actividades, coordinador\/a, etc. de estos Planes y Programas desarrollados por el centro. A continuaci\u00f3n se muestran algunos de ellos.<\/p>\n<ul style=\"list-style-type: square\">\n<li><strong>Plan Bienestar social y emocional<\/strong>\n<ul style=\"list-style-type: square\">\n<li>Coordinadora: Mar\u00eda Castillo Blanco<\/li>\n<\/ul>\n<\/li>\n<li><strong>Plan de igualdad.<\/strong>\n<ul style=\"list-style-type: square\">\n<li>Coordinadora: M\u00aa Isabel Pino Pulido<\/li>\n<\/ul>\n<\/li>\n<li><strong>Plan Autopretecci\u00f3n.<\/strong>\n<ul style=\"list-style-type: square\">\n<li>Coordinadora: Mercedes de la Maza de la Cruz<\/li>\n<\/ul>\n<\/li>\n<li><strong>Plan de Transformaci\u00f3n Digital Educativa<\/strong>\n<ul style=\"list-style-type: square\">\n<li>Coordinador: &nbsp;Juan Jos\u00e9 Garc\u00eda Maza<\/li>\n<li>Coordinador STEAM: Sergio De Haro Hern\u00e1ndez<\/li>\n<\/ul>\n<\/li>\n<li><strong>Plan Acompa\u00f1amiento.<\/strong>\n<ul style=\"list-style-type: square\">\n<li>Coordinador: Carmen Cruz Delgado<\/li>\n<\/ul>\n<\/li>\n<li><strong>Plan de Compensatoria.<br \/>\n<\/strong><\/p>\n<ul style=\"list-style-type: square\">\n<li>Coordinadora: &nbsp;Amor Bel\u00e9n Romero Becerro<\/li>\n<\/ul>\n<\/li>\n<li><strong>Plan de Lectura y Bibliotecas.<\/strong>\n<ul style=\"list-style-type: square\">\n<li>Coordinadora: Laura Cejudo G\u00f3mez<\/li>\n<\/ul>\n<\/li>\n<li><strong>Plan de Cooperaci\u00f3n Territorial en refuerzo de la competencia matem\u00e1tica<\/strong>\n<ul style=\"list-style-type: square\">\n<li>Coordinador: Jos\u00e9 Antonio Ruiz Matas<\/li>\n<li style=\"text-align: left\">Plan de Cooperaci\u00f3n Territorial en refuerzo de la competencia Lectora<\/li>\n<li>Coordinadora: M\u00f3nica Fern\u00e1ndez Hern\u00e1ndez<\/li>\n<\/ul>\n<\/li>\n<\/ul>\n<p>&nbsp;<\/p>\n","protected":false},"excerpt":{"rendered":"<p>CURSO 2025-26 Cada centro personaliza y adapta su Proyecto Educativo adheriendose a diferentes Planes y Programas promovidos desde la Consejer\u00eda de Educaci\u00f3n. Este apartado recogemos la descripci\u00f3n, finalidades, actividades, coordinador\/a, etc. de estos Planes&#46;&#46;&#46;<\/p>\n","protected":false},"author":1,"featured_media":0,"parent":0,"menu_order":0,"comment_status":"closed","ping_status":"closed","template":"","meta":{"ngg_post_thumbnail":0,"footnotes":"","_mc_calendar":[]},"aioseo_notices":[],"_links":{"self":[{"href":"https:\/\/blogsaverroes.juntadeandalucia.es\/colegiovirgendeloreto\/wp-json\/wp\/v2\/pages\/44"}],"collection":[{"href":"https:\/\/blogsaverroes.juntadeandalucia.es\/colegiovirgendeloreto\/wp-json\/wp\/v2\/pages"}],"about":[{"href":"https:\/\/blogsaverroes.juntadeandalucia.es\/colegiovirgendeloreto\/wp-json\/wp\/v2\/types\/page"}],"author":[{"embeddable":true,"href":"https:\/\/blogsaverroes.juntadeandalucia.es\/colegiovirgendeloreto\/wp-json\/wp\/v2\/users\/1"}],"replies":[{"embeddable":true,"href":"https:\/\/blogsaverroes.juntadeandalucia.es\/colegiovirgendeloreto\/wp-json\/wp\/v2\/comments?post=44"}],"version-history":[{"count":12,"href":"https:\/\/blogsaverroes.juntadeandalucia.es\/colegiovirgendeloreto\/wp-json\/wp\/v2\/pages\/44\/revisions"}],"predecessor-version":[{"id":2583,"href":"https:\/\/blogsaverroes.juntadeandalucia.es\/colegiovirgendeloreto\/wp-json\/wp\/v2\/pages\/44\/revisions\/2583"}],"wp:attachment":[{"href":"https:\/\/blogsaverroes.juntadeandalucia.es\/colegiovirgendeloreto\/wp-json\/wp\/v2\/media?parent=44"}],"curies":[{"name":"wp","href":"https:\/\/api.w.org\/{rel}","templated":true}]}}