{"id":871,"date":"2020-12-18T08:57:29","date_gmt":"2020-12-18T07:57:29","guid":{"rendered":"https:\/\/blogsaverroes.juntadeandalucia.es\/pre\/plantilla-pencil\/?page_id=871"},"modified":"2026-03-03T17:19:45","modified_gmt":"2026-03-03T16:19:45","slug":"comedor-escolar","status":"publish","type":"page","link":"https:\/\/blogsaverroes.juntadeandalucia.es\/coleinfanta\/comedor-escolar\/","title":{"rendered":"Comedor escolar"},"content":{"rendered":"<p>[et_pb_section fb_built=&#8221;1&#8243; _builder_version=&#8221;4.16&#8243; custom_padding=&#8221;0px||0px|&#8221; z_index_tablet=&#8221;500&#8243; box_shadow_horizontal_tablet=&#8221;0px&#8221; box_shadow_vertical_tablet=&#8221;0px&#8221; box_shadow_blur_tablet=&#8221;40px&#8221; box_shadow_spread_tablet=&#8221;0px&#8221; global_colors_info=&#8221;{}&#8221;][et_pb_row _builder_version=&#8221;4.24.2&#8243; _module_preset=&#8221;default&#8221; hover_enabled=&#8221;0&#8243; global_colors_info=&#8221;{}&#8221; column_structure=&#8221;1_2,1_2&#8243; sticky_enabled=&#8221;0&#8243;][et_pb_column type=&#8221;1_2&#8243; _builder_version=&#8221;4.24.2&#8243; _module_preset=&#8221;default&#8221; global_colors_info=&#8221;{}&#8221;][et_pb_image src=&#8221;https:\/\/blogsaverroes.juntadeandalucia.es\/coleinfanta\/files\/2021\/04\/Comedor.png&#8221; title_text=&#8221;Comedor&#8221; admin_label=&#8221;Imagen de la portada&#8221; _builder_version=&#8221;4.16&#8243; z_index_tablet=&#8221;500&#8243; border_color_all=&#8221;#e09900&#8243; box_shadow_horizontal_tablet=&#8221;0px&#8221; box_shadow_vertical_tablet=&#8221;0px&#8221; box_shadow_blur_tablet=&#8221;40px&#8221; box_shadow_spread_tablet=&#8221;0px&#8221; global_colors_info=&#8221;{}&#8221;][\/et_pb_image][et_pb_button button_url=&#8221;https:\/\/drive.google.com\/file\/d\/1-Kj3d4YEuhAf-P3XlwFszFdE29x-64hd\/view?usp=sharing&#8221; url_new_window=&#8221;on&#8221; button_text=&#8221;Carta de Presentaci\u00f3n&#8221; admin_label=&#8221;Carta de presentaci\u00f3n&#8221; _builder_version=&#8221;4.24.2&#8243; _module_preset=&#8221;default&#8221; box_shadow_style=&#8221;preset5&#8243; box_shadow_color=&#8221;#e09900&#8243; global_colors_info=&#8221;{}&#8221;][\/et_pb_button][et_pb_button button_url=&#8221;https:\/\/drive.google.com\/file\/d\/10nkbsrHTWXgkmXoMo19aHLDOl4sO9x-w\/view?usp=sharing&#8221; url_new_window=&#8221;on&#8221; button_text=&#8221;Normas administrativas del comedor&#8221; admin_label=&#8221;Normas simplificadas del comedor&#8221; _builder_version=&#8221;4.24.2&#8243; _module_preset=&#8221;default&#8221; box_shadow_style=&#8221;preset5&#8243; box_shadow_color=&#8221;#e09900&#8243; global_colors_info=&#8221;{}&#8221;][\/et_pb_button][et_pb_button button_url=&#8221;https:\/\/drive.google.com\/file\/d\/1785YywIJ_Rs_xIwkdTZ2ttoFvfl85iAu\/view?usp=sharing&#8221; url_new_window=&#8221;on&#8221; button_text=&#8221;Manual de Instrucciones para Plataforma online&#8221; admin_label=&#8221;Manual Plataforma&#8221; _builder_version=&#8221;4.24.2&#8243; _module_preset=&#8221;default&#8221; box_shadow_style=&#8221;preset5&#8243; box_shadow_color=&#8221;#e09900&#8243; global_colors_info=&#8221;{}&#8221;][\/et_pb_button][et_pb_button button_url=&#8221;https:\/\/drive.google.com\/file\/d\/19-BPXBQXzl3gBlzedF4lSyW4cgPPGFwc\/view?usp=sharing&#8221; url_new_window=&#8221;on&#8221; button_text=&#8221;Men\u00fa del Comedor&#8221; admin_label=&#8221;Men\u00fa del comedor&#8221; _builder_version=&#8221;4.24.2&#8243; _module_preset=&#8221;default&#8221; box_shadow_style=&#8221;preset5&#8243; box_shadow_color=&#8221;#e09900&#8243; global_colors_info=&#8221;{}&#8221;][\/et_pb_button][et_pb_text admin_label=&#8221;Cambios del men\u00fa&#8221; _builder_version=&#8221;4.24.2&#8243; _module_preset=&#8221;default&#8221; global_colors_info=&#8221;{}&#8221;]<\/p>\n<ul>\n<li><span style=\"font-size: 14pt\">MEN\u00da 10 DE SEPTIEMBRE DE 2025<\/span>\n<ul>\n<li><span style=\"font-size: 14pt\">1\u00ba Plato: Ali\u00f1o de tomate, huevo duro y queso fresco.<\/span><\/li>\n<li><span style=\"font-size: 14pt\">2\u00ba Plato: Filete de cinta de lomo&nbsp;<\/span><\/li>\n<li><span style=\"font-size: 14pt\">Postre: Yogurt<\/span><\/li>\n<\/ul>\n<\/li>\n<\/ul>\n<p>&nbsp;<\/p>\n<p>&nbsp;<\/p>\n<p>[\/et_pb_text][\/et_pb_column][et_pb_column type=&#8221;1_2&#8243; _builder_version=&#8221;4.24.2&#8243; _module_preset=&#8221;default&#8221; global_colors_info=&#8221;{}&#8221;][et_pb_video _builder_version=&#8221;4.24.2&#8243; _module_preset=&#8221;default&#8221; title_text=&#8221;Comedor escolar&#8221; src=&#8221;https:\/\/blogsaverroes.juntadeandalucia.es\/coleinfanta\/files\/2026\/03\/Programa-3-_-Obesidad-pesca-y-educacion-Google-Chrome-2026-03-03-16-01-151.mp4&#8243; hover_enabled=&#8221;0&#8243; sticky_enabled=&#8221;0&#8243; image_src=&#8221;https:\/\/blogsaverroes.juntadeandalucia.es\/coleinfanta\/files\/2026\/03\/Comedor-escolar.jpg&#8221;][\/et_pb_video][\/et_pb_column][\/et_pb_row][et_pb_row _builder_version=&#8221;4.16&#8243; background_size=&#8221;initial&#8221; background_position=&#8221;top_left&#8221; background_repeat=&#8221;repeat&#8221; global_colors_info=&#8221;{}&#8221;][et_pb_column type=&#8221;4_4&#8243; _builder_version=&#8221;4.16&#8243; custom_padding=&#8221;|||&#8221; global_colors_info=&#8221;{}&#8221; custom_padding__hover=&#8221;|||&#8221;][et_pb_text _builder_version=&#8221;4.24.2&#8243; _module_preset=&#8221;default&#8221; global_colors_info=&#8221;{}&#8221;][\/et_pb_text][et_pb_text admin_label=&#8221;Texto descriptivo&#8221; _builder_version=&#8221;4.24.2&#8243; z_index_tablet=&#8221;500&#8243; text_text_shadow_horizontal_length_tablet=&#8221;0px&#8221; text_text_shadow_vertical_length_tablet=&#8221;0px&#8221; text_text_shadow_blur_strength_tablet=&#8221;1px&#8221; link_text_shadow_horizontal_length_tablet=&#8221;0px&#8221; link_text_shadow_vertical_length_tablet=&#8221;0px&#8221; link_text_shadow_blur_strength_tablet=&#8221;1px&#8221; ul_text_shadow_horizontal_length_tablet=&#8221;0px&#8221; ul_text_shadow_vertical_length_tablet=&#8221;0px&#8221; ul_text_shadow_blur_strength_tablet=&#8221;1px&#8221; ol_text_shadow_horizontal_length_tablet=&#8221;0px&#8221; ol_text_shadow_vertical_length_tablet=&#8221;0px&#8221; ol_text_shadow_blur_strength_tablet=&#8221;1px&#8221; quote_text_shadow_horizontal_length_tablet=&#8221;0px&#8221; quote_text_shadow_vertical_length_tablet=&#8221;0px&#8221; quote_text_shadow_blur_strength_tablet=&#8221;1px&#8221; header_text_shadow_horizontal_length_tablet=&#8221;0px&#8221; header_text_shadow_vertical_length_tablet=&#8221;0px&#8221; header_text_shadow_blur_strength_tablet=&#8221;1px&#8221; header_2_text_shadow_horizontal_length_tablet=&#8221;0px&#8221; header_2_text_shadow_vertical_length_tablet=&#8221;0px&#8221; header_2_text_shadow_blur_strength_tablet=&#8221;1px&#8221; header_3_text_shadow_horizontal_length_tablet=&#8221;0px&#8221; header_3_text_shadow_vertical_length_tablet=&#8221;0px&#8221; header_3_text_shadow_blur_strength_tablet=&#8221;1px&#8221; header_4_text_shadow_horizontal_length_tablet=&#8221;0px&#8221; header_4_text_shadow_vertical_length_tablet=&#8221;0px&#8221; header_4_text_shadow_blur_strength_tablet=&#8221;1px&#8221; header_5_text_shadow_horizontal_length_tablet=&#8221;0px&#8221; header_5_text_shadow_vertical_length_tablet=&#8221;0px&#8221; header_5_text_shadow_blur_strength_tablet=&#8221;1px&#8221; header_6_text_shadow_horizontal_length_tablet=&#8221;0px&#8221; header_6_text_shadow_vertical_length_tablet=&#8221;0px&#8221; header_6_text_shadow_blur_strength_tablet=&#8221;1px&#8221; box_shadow_horizontal_tablet=&#8221;0px&#8221; box_shadow_vertical_tablet=&#8221;0px&#8221; box_shadow_blur_tablet=&#8221;40px&#8221; box_shadow_spread_tablet=&#8221;0px&#8221; global_colors_info=&#8221;{}&#8221;]<\/p>\n<h2>Comedor escolar<\/h2>\n<p><span style=\"font-weight: 400\">Comienza el martes 10 de septiembre de 2025<\/span><\/p>\n<ul>\n<li><span style=\"font-weight: 400\">La empresa que lo gestiona es Mediterr\u00e1nea&nbsp; <\/span><span style=\"font-weight: 400\">. El precio del men\u00fa es de <\/span><b>5,54 euros por d\u00eda.<\/b><\/li>\n<li><span style=\"font-weight: 400\">El horario de este Servicio es de <\/span><b>14:00 a 15:00h del 1\u00ba turno<\/b><span style=\"font-weight: 400\"> ( 1\u00ba,2\u00ba y 3\u00ba de primaria)y de <\/span><b>15:00 a 16:00h el 2\u00ba turno<\/b><span style=\"font-weight: 400\"> (4\u00ba, 5\u00ba y 6\u00ba) .<\/span><\/li>\n<li>Cada grupo-clase estar\u00e1 en la misma mesa..<\/li>\n<li><span style=\"font-weight: 400\">La utilizaci\u00f3n del servicio de Comedor podr\u00e1 solicitarse por d\u00edas sueltos o meses completos, ejerci\u00e9ndose la opci\u00f3n que se desee al presentar la solicitud de dicho servicio.<\/span><\/li>\n<li><span style=\"font-weight: 400\">A partir de las 15:00 horas se podr\u00e1 comenzar a recoger al alumnado del primer turno, para ello, cada familia del alumnado de 1\u00ba de Primaria, se&nbsp; identificar\u00e1. Tambi\u00e9n se podr\u00e1 autorizar, por escrito, a la persona que le recoja.<\/span>&nbsp;<\/li>\n<\/ul>\n<p>&nbsp;<\/p>\n<h3><span style=\"font-size: 14pt\"><b>INSCRIPCIONES DE ALTA, CAMBIOS Y BAJAS EN&nbsp; COMEDOR:<\/b><\/span><\/h3>\n<ul>\n<li>Para&nbsp;<b>darse de ALTA: <\/b>Debe enviar previamente&nbsp; el impreso y la documentaci\u00f3n necesaria, al correo de la Secretar\u00eda del Centro:&nbsp;<span style=\"color: #333399\"><span style=\"color: #0000ff\"><a style=\"color: #0000ff\" href=\"mailto:secretaria@colegioinfanta.org\" target=\"_blank\" rel=\"noopener noreferrer\">secretaria@colegioinfanta.org<\/a><\/span><\/span>&nbsp;.&nbsp;<b>Debe esperar la confirmaci\u00f3n de plaza por parte del Centro<\/b>.<\/li>\n<li>Puede solicitar&nbsp;<b>BONIFICACI\u00d3N<\/b>&nbsp;con el siguiente documento:&nbsp;<span style=\"color: #0000ff\"><a style=\"color: #0000ff\" href=\"https:\/\/drive.google.com\/file\/d\/1xh44WDRflgO3U5iDKM-j1sC6LDGw6cWg\/view?usp=sharing\" target=\"_blank\" rel=\"noopener noreferrer\" data-saferedirecturl=\"https:\/\/www.google.com\/url?q=https:\/\/drive.google.com\/file\/d\/1xh44WDRflgO3U5iDKM-j1sC6LDGw6cWg\/view?usp%3Dsharing&amp;source=gmail&amp;ust=1620316590681000&amp;usg=AFQjCNF641DY53nCa6GZqR5lmAe9YwqGKQ\">Solicitud de bonificaci\u00f3n<\/a><\/span>&nbsp;y enviarlo al correo de Secretar\u00eda:&nbsp;<span style=\"color: #333399\"><a style=\"color: #333399\" href=\"mailto:secretaria@colegioinfanta.org\" target=\"_blank\" rel=\"noopener noreferrer\"><span style=\"color: #0000ff\">secretaria@colegioinfanta.org<\/span><\/a><\/span>durante el curso. El plazo para presentar el impreso de bonificaci\u00f3n es de tres d\u00edas a partir de la confirmaci\u00f3n de plaza.<\/li>\n<li><b>La solicitud puede realizarse durante todo el curso escolar. En el caso de presentarla en junio para el curso escolar siguiente, se emitir\u00e1n dos listados en junio (provisionales y definitivos) y todo el alumnado que resulte admitido, deber\u00e1 presentar la <span style=\"color: #000000\">bonificaci\u00f3n<\/span>, si as\u00ed lo desea, del 1 al 8 de septiembre.<\/b><\/li>\n<\/ul>\n<h4><span style=\"color: #ff6600\">Para comunicar <b>CAMBIOS<\/b> en la opci\u00f3n inicialmente elegida: <\/span><\/h4>\n<p>La opci\u00f3n inicialmente elegida en la solicitud de alta, podr\u00e1 modificarse a lo largo de todo el curso. Deber\u00e1 enviar la Ficha de cambios o baja:<\/p>\n<ul>\n<li style=\"list-style-type: none\">\n<ul>\n<li>Enviar la ficha de Cambios y Bajas a: <span style=\"color: #0000ff\">secretaria@colegioinfanta.org.<\/span><\/li>\n<li>Comunicarlo a su tutor\/a a trav\u00e9s de Pasen.<\/li>\n<li>Notificarlo en la web de Mediterr\u00e1nea: <span style=\"color: #0000ff\"><a style=\"color: #0000ff\" href=\"http:\/\/andalucia.mediterranea-group.com\" target=\"_blank\" rel=\"noopener noreferrer\">http:\/\/andalucia.mediterranea-group.com\/<\/a> <\/span>(solo en el caso en que la plataforma no funcione, comunicarlo en el correo<span style=\"color: #0000ff\"> administracion.sevilla@mediterranea-group.com<\/span>) &nbsp;<\/li>\n<\/ul>\n<\/li>\n<\/ul>\n<h4><span style=\"color: #ff6600\">Para comunicar <b>AUSENCIAS o ASISTENCIAS PUNTUALES<\/b><\/span><b>:<\/b><\/h4>\n<ul>\n<li style=\"list-style-type: none\">\n<ul>\n<li>Informar al <span style=\"color: #000000\">tutor\/a a trav\u00e9s de Pasen<\/span>, y<\/li>\n<li>Escribir un correo a Roc\u00edo N\u00fa\u00f1ez (Coordinadora de los monitores del Comedor): <span style=\"color: #000000\"><span style=\"color: #0000ff\">rocionunez102@gmail.com<\/span>.<\/span><\/li>\n<li>Notificarlo en la web de Mediterr\u00e1nea: <span style=\"color: #0000ff\"><a style=\"color: #0000ff\" href=\"http:\/\/andalucia.mediterranea-group.com\" target=\"_blank\" rel=\"noopener noreferrer\">http:\/\/andalucia.mediterranea-group.com\/<\/a> <\/span>(solo en el caso en que la plataforma no funcione, comunicarlo en el correo <span style=\"color: #0000ff\">administracion.sevilla@mediterranea-group.com<\/span>).<\/li>\n<\/ul>\n<\/li>\n<li>Las <span style=\"color: #000000\">ausencias por motivos m\u00e9dicos se pueden comunicar el mismo d\u00eda con el justificante m\u00e9dico; el resto, se requiere una antelaci\u00f3n m\u00ednima de 3 d\u00edas naturales.<\/span><\/li>\n<\/ul>\n<h4><span style=\"color: #ff6600\">Para&nbsp;<b>darse de BAJA: <\/b><\/span><\/h4>\n<p><b>ha de comunicarse antes del \u00faltimo d\u00eda lectivo de la semana anterior a la baja.<\/b>&nbsp; &nbsp;&nbsp;<\/p>\n<ul>\n<li style=\"list-style-type: none\">\n<ul>\n<li>Enviar la Ficha de Cambios y Bajas a: <span style=\"color: #0000ff\">secretaria@colegioinfanta.org<\/span><\/li>\n<li>Comunicarlo a su tutor\/a a trav\u00e9s de Pasen.<\/li>\n<li>Enviar la Ficha de Cambios y Bajas a: <span style=\"color: #0000ff\">administracion.sevilla@mediterranea-group.com<\/span>.<\/li>\n<\/ul>\n<\/li>\n<\/ul>\n<h4><span style=\"color: #ff6600\">Para comunicar <strong>DIETAS ESPECIALES <\/strong><\/span><\/h4>\n<p><strong>enviar el informe del alerg\u00f3logo o del pediatra a:<\/strong>&nbsp;<\/p>\n<ul>\n<li style=\"list-style-type: none\">\n<ul>\n<li>Pilar de Miguel (Secretaria del Centro y Coordinadora de los Servicios Complementarios): <span style=\"color: #0000ff\"><strong>pmigpel883@g.educaand.es<\/strong><\/span><\/li>\n<li>Mediterr\u00e1nea: <span style=\"color: #0000ff\"><strong>dietetica.andalucia@alimentart.com<\/strong><\/span><\/li>\n<\/ul>\n<\/li>\n<\/ul>\n<div>&nbsp;<\/div>\n<h4><span style=\"color: #241f59;font-family: Open Sans, Arial, sans-serif\"><span style=\"color: #ff6600\">Para cualquier incidencia de recibos o modificaciones en las cuentas corrientes<\/span>, <\/span><\/h4>\n<div><span style=\"color: #241f59;font-family: Open Sans, Arial, sans-serif\">se pueden poner en contacto con Mediterranea en la direcci\u00f3n: administracion.sevilla@mediterranea-group.com<\/span><b>.&nbsp;<\/b>Se recibe una respuesta autom\u00e1tica, como constancia de que lo han recibido.<\/div>\n<p>&nbsp;<\/p>\n<h3><span style=\"font-size: 14pt\"><strong>DOCUMENTOS:<\/strong><\/span><\/h3>\n<p>Para darse de alta:&nbsp;<strong><span style=\"color: #333399\"><a style=\"color: #333399\" href=\"https:\/\/drive.google.com\/file\/d\/1-XqLnUWEvIhxURt8gwPI7x64eWGMIJlm\/view\" target=\"_blank\" rel=\"noopener noreferrer\" data-saferedirecturl=\"https:\/\/www.google.com\/url?q=https:\/\/drive.google.com\/file\/d\/1-XqLnUWEvIhxURt8gwPI7x64eWGMIJlm\/view&amp;source=gmail&amp;ust=1620316590681000&amp;usg=AFQjCNH2rbTTOon-ORTy2X4Y_IwNv9xL1w\">Anexo II<\/a><\/span><\/strong><\/p>\n<p><strong><span style=\"color: #333399\"><a style=\"color: #333399\" href=\"https:\/\/drive.google.com\/file\/d\/1-MYL2PMnXuOOLvazlYGYNM8OBYHvoart\/view?usp=sharing\" target=\"_blank\" rel=\"noopener noreferrer\" data-saferedirecturl=\"https:\/\/www.google.com\/url?q=https:\/\/drive.google.com\/file\/d\/1xh44WDRflgO3U5iDKM-j1sC6LDGw6cWg\/view?usp%3Dsharing&amp;source=gmail&amp;ust=1620316590681000&amp;usg=AFQjCNF641DY53nCa6GZqR5lmAe9YwqGKQ\">Solicitud de bonificaci\u00f3n<\/a><\/span><\/strong><\/p>\n<p>Para solicitar cambios o baja:&nbsp;<strong><span style=\"color: #333399\"><a style=\"color: #333399\" href=\"https:\/\/drive.google.com\/file\/d\/1TjBT1N6sYHWGKQsp59GBaUtNOLdU_3rD\/view\" target=\"_blank\" rel=\"noopener noreferrer\" data-saferedirecturl=\"https:\/\/www.google.com\/url?q=https:\/\/drive.google.com\/file\/d\/1TjBT1N6sYHWGKQsp59GBaUtNOLdU_3rD\/view&amp;source=gmail&amp;ust=1620316590681000&amp;usg=AFQjCNHCWYcraITF-_u5nW4wIugRqqnaFQ\">Ficha de cambios o baja<\/a><\/span><\/strong><\/p>\n<p>Nota informativa:&nbsp;De acuerdo con lo dispuesto en los art\u00edculos 6.3, 8.5 y 16.5 de la Orden de 17 de abril de 2017 (BOJA n\u00fam. 78, de 16 de abril de 2017), la solicitud de baja en el servicio correspondiente debe comunicarse antes del \u00faltimo d\u00eda lectivo de la semana anterior a aquella en la que se pretenda hacer efectiva la baja en el caso de los servicios de aula matinal y comedor escolar, y con una antelaci\u00f3n de, al menos, una semana al inicio del mes en que se pretenda hacer efectiva la baja en el caso de las actividades extraescolares.<\/p>\n<p>[\/et_pb_text][et_pb_blurb title=&#8221;Normativa&#8221; url=&#8221;http:\/\/www.juntadeandalucia.es\/educacion\/portals\/web\/ced\/comedor-escolar&#8221; url_new_window=&#8221;on&#8221; use_icon=&#8221;on&#8221; font_icon=&#8221;&#xe101;||divi||400&#8243; _builder_version=&#8221;4.16&#8243; _module_preset=&#8221;default&#8221; global_colors_info=&#8221;{}&#8221;][\/et_pb_blurb][et_pb_button button_url=&#8221;https:\/\/drive.google.com\/file\/d\/1yS0a0F2yIhZSw5I16DUObGukTKyvFLWk\/view?usp=sharing&#8221; button_text=&#8221;Instrucciones para Registro en Plataforma&#8221; _builder_version=&#8221;4.16&#8243; _module_preset=&#8221;default&#8221; global_colors_info=&#8221;{}&#8221;][\/et_pb_button][et_pb_image _builder_version=&#8221;4.24.2&#8243; _module_preset=&#8221;default&#8221; global_colors_info=&#8221;{}&#8221;][\/et_pb_image][\/et_pb_column][\/et_pb_row][\/et_pb_section][et_pb_section fb_built=&#8221;1&#8243; _builder_version=&#8221;4.24.2&#8243; _module_preset=&#8221;default&#8221; global_colors_info=&#8221;{}&#8221;][\/et_pb_section]<\/p>\n","protected":false},"excerpt":{"rendered":"<p>MEN\u00da 10 DE SEPTIEMBRE DE 2025 1\u00ba Plato: Ali\u00f1o de tomate, huevo duro y queso fresco. 2\u00ba Plato: Filete de cinta de lomo&nbsp; Postre: Yogurt &nbsp; &nbsp;Comedor escolar Comienza el martes 10 de septiembre de 2025 La empresa que lo gestiona es Mediterr\u00e1nea&nbsp; . El precio del men\u00fa es de 5,54 euros por d\u00eda. El [&hellip;]<\/p>\n","protected":false},"author":7051,"featured_media":0,"parent":0,"menu_order":0,"comment_status":"closed","ping_status":"closed","template":"","meta":{"_et_pb_use_builder":"on","_et_pb_old_content":"","_et_gb_content_width":"","ngg_post_thumbnail":0,"footnotes":""},"aioseo_notices":[],"_links":{"self":[{"href":"https:\/\/blogsaverroes.juntadeandalucia.es\/coleinfanta\/wp-json\/wp\/v2\/pages\/871"}],"collection":[{"href":"https:\/\/blogsaverroes.juntadeandalucia.es\/coleinfanta\/wp-json\/wp\/v2\/pages"}],"about":[{"href":"https:\/\/blogsaverroes.juntadeandalucia.es\/coleinfanta\/wp-json\/wp\/v2\/types\/page"}],"author":[{"embeddable":true,"href":"https:\/\/blogsaverroes.juntadeandalucia.es\/coleinfanta\/wp-json\/wp\/v2\/users\/7051"}],"replies":[{"embeddable":true,"href":"https:\/\/blogsaverroes.juntadeandalucia.es\/coleinfanta\/wp-json\/wp\/v2\/comments?post=871"}],"version-history":[{"count":64,"href":"https:\/\/blogsaverroes.juntadeandalucia.es\/coleinfanta\/wp-json\/wp\/v2\/pages\/871\/revisions"}],"predecessor-version":[{"id":25367,"href":"https:\/\/blogsaverroes.juntadeandalucia.es\/coleinfanta\/wp-json\/wp\/v2\/pages\/871\/revisions\/25367"}],"wp:attachment":[{"href":"https:\/\/blogsaverroes.juntadeandalucia.es\/coleinfanta\/wp-json\/wp\/v2\/media?parent=871"}],"curies":[{"name":"wp","href":"https:\/\/api.w.org\/{rel}","templated":true}]}}