{"id":3566,"date":"2020-08-20T08:19:17","date_gmt":"2020-08-20T08:19:17","guid":{"rendered":"http:\/\/blogsaverroes.juntadeandalucia.es\/coleiznatoraf\/?page_id=3566"},"modified":"2020-08-20T17:06:45","modified_gmt":"2020-08-20T17:06:45","slug":"escuela-tic-2-0","status":"publish","type":"page","link":"https:\/\/blogsaverroes.juntadeandalucia.es\/coleiznatoraf\/escuela-tic-2-0\/","title":{"rendered":"Escuela TIC 2-0"},"content":{"rendered":"<p><a href=\"http:\/\/blogsaverroes.juntadeandalucia.es\/coleiznatoraf\/files\/2015\/03\/Logo_escuelaTIC20_azul.jpg\"><img loading=\"lazy\" decoding=\"async\" class=\"size-full wp-image-2358 alignleft\" src=\"http:\/\/blogsaverroes.juntadeandalucia.es\/coleiznatoraf\/files\/2015\/03\/Logo_escuelaTIC20_azul.jpg\" alt=\"\" width=\"226\" height=\"160\" srcset=\"https:\/\/blogsaverroes.juntadeandalucia.es\/coleiznatoraf\/files\/2015\/03\/Logo_escuelaTIC20_azul.jpg 226w, https:\/\/blogsaverroes.juntadeandalucia.es\/coleiznatoraf\/files\/2015\/03\/Logo_escuelaTIC20_azul-24x17.jpg 24w, https:\/\/blogsaverroes.juntadeandalucia.es\/coleiznatoraf\/files\/2015\/03\/Logo_escuelaTIC20_azul-36x25.jpg 36w, https:\/\/blogsaverroes.juntadeandalucia.es\/coleiznatoraf\/files\/2015\/03\/Logo_escuelaTIC20_azul-48x34.jpg 48w\" sizes=\"(max-width: 226px) 100vw, 226px\" \/><\/a>Las nuevas tecnolog\u00edas han de ser parte fundamental en el proceso de ense\u00f1anza y aprendizaje. Andaluc\u00eda asume la necesidad de modernizar su sistema educativo.<\/p>\n<p>Desde su implantaci\u00f3n en el curso 2009\/10, el plan \u00abEscuela TIC 2.0\u00bb ha permitido un avance de nuestros centros educativos en el camino hacia la sociedad de la informaci\u00f3n, la comunicaci\u00f3n y el conocimiento.<br \/>\nGracias a \u00e9l los alumnos y profesores de centros sostenidos con fondos p\u00fablicos disponen de herramientas para hacerlo posible.<\/p>\n<h3>Los objetivos<\/h3>\n<ul>\n<li>Profundizar en la calidad en la educaci\u00f3n y en la igualdad de oportunidades.<\/li>\n<li>Conseguir que las TIC se conviertan en herramientas did\u00e1cticas de uso habitual en el aula.<\/li>\n<li>Mejorar las pr\u00e1cticas educativas para alcanzar un mayor desarrollo de las competencias del alumnado.<\/li>\n<li>Transformar las clases de los niveles superiores en aulas con pizarras digitales, donde el profesorado y el alumnado disponen de un oradenador personal ultraport\u00e1til en red.<\/li>\n<\/ul>\n<p><strong>Coordinador:<\/strong> Federico Tornero Parra<br \/>\n<strong>Equipo de coordinaci\u00f3n:<\/strong> Amparo Ju\u00e1rez Soria y \u00d3scar Quevedo Ojeda<br \/>\n<strong>Dotaci\u00f3n:<\/strong><\/p>\n<ul>\n<li>12 ordenadores ultraport\u00e1tiles para el alumnado<\/li>\n<li>8 ordenadores ultraport\u00e1tiles para el profesorado<\/li>\n<li>4 aulas digitalizadas<\/li>\n<\/ul>\n<p><object data=\"https:\/\/blogsaverroes.juntadeandalucia.es\/coleiznatoraf\/files\/2020\/08\/12-Escuela-TIC-20-Proyecto-Educativo.pdf?#zoom=85&amp;scrollbar=0&amp;toolbar=0&amp;navpanes=0\" type=\"application\/pdf\" width=\"300\" height=\"450\"><span data-mce-type=\"bookmark\" style=\"width: 0px;overflow: hidden;line-height: 0\" class=\"mce_SELRES_start\">\ufeff<\/span><embed src=\"https:\/\/blogsaverroes.juntadeandalucia.es\/coleiznatoraf\/files\/2020\/08\/12-Escuela-TIC-20-Proyecto-Educativo.pdf?#zoom=85&amp;scrollbar=0&amp;toolbar=0&amp;navpanes=0\" type=\"application\/pdf\"><\/object><\/p>\n","protected":false},"excerpt":{"rendered":"<p>Las nuevas tecnolog\u00edas han de ser parte fundamental en el proceso de ense\u00f1anza y aprendizaje. Andaluc\u00eda asume la necesidad de modernizar su sistema educativo. Desde su implantaci\u00f3n en el curso 2009\/10, el plan \u00abEscuela&#46;&#46;&#46;<\/p>\n","protected":false},"author":4721,"featured_media":0,"parent":0,"menu_order":0,"comment_status":"closed","ping_status":"closed","template":"template-full-width.php","meta":{"ngg_post_thumbnail":0,"footnotes":"","_mc_calendar":[]},"aioseo_notices":[],"_links":{"self":[{"href":"https:\/\/blogsaverroes.juntadeandalucia.es\/coleiznatoraf\/wp-json\/wp\/v2\/pages\/3566"}],"collection":[{"href":"https:\/\/blogsaverroes.juntadeandalucia.es\/coleiznatoraf\/wp-json\/wp\/v2\/pages"}],"about":[{"href":"https:\/\/blogsaverroes.juntadeandalucia.es\/coleiznatoraf\/wp-json\/wp\/v2\/types\/page"}],"author":[{"embeddable":true,"href":"https:\/\/blogsaverroes.juntadeandalucia.es\/coleiznatoraf\/wp-json\/wp\/v2\/users\/4721"}],"replies":[{"embeddable":true,"href":"https:\/\/blogsaverroes.juntadeandalucia.es\/coleiznatoraf\/wp-json\/wp\/v2\/comments?post=3566"}],"version-history":[{"count":5,"href":"https:\/\/blogsaverroes.juntadeandalucia.es\/coleiznatoraf\/wp-json\/wp\/v2\/pages\/3566\/revisions"}],"predecessor-version":[{"id":3571,"href":"https:\/\/blogsaverroes.juntadeandalucia.es\/coleiznatoraf\/wp-json\/wp\/v2\/pages\/3566\/revisions\/3571"}],"wp:attachment":[{"href":"https:\/\/blogsaverroes.juntadeandalucia.es\/coleiznatoraf\/wp-json\/wp\/v2\/media?parent=3566"}],"curies":[{"name":"wp","href":"https:\/\/api.w.org\/{rel}","templated":true}]}}