{"id":3762,"date":"2021-02-11T15:30:17","date_gmt":"2021-02-11T15:30:17","guid":{"rendered":"http:\/\/blogsaverroes.juntadeandalucia.es\/coleiznatoraf\/?page_id=3762"},"modified":"2021-02-11T15:45:10","modified_gmt":"2021-02-11T15:45:10","slug":"conoce-mas-sobre-ipasen","status":"publish","type":"page","link":"https:\/\/blogsaverroes.juntadeandalucia.es\/coleiznatoraf\/conoce-mas-sobre-ipasen\/","title":{"rendered":"Conoce m\u00e1s sobre iPasen"},"content":{"rendered":"<h3>Instalaci\u00f3n y primer acceso&nbsp;<\/h3>\n<p><iframe loading=\"lazy\" title=\"iPASEN 1: Instalaci\u00f3n y Primer Acceso\" width=\"500\" height=\"281\" src=\"https:\/\/www.youtube.com\/embed\/Gywfd_XncSA?feature=oembed&#038;wmode=opaque\" frameborder=\"0\" allow=\"accelerometer; autoplay; clipboard-write; encrypted-media; gyroscope; picture-in-picture; web-share\" referrerpolicy=\"strict-origin-when-cross-origin\" allowfullscreen><\/iframe><\/p>\n<h3>Recuperaci\u00f3n de acceso&nbsp;<\/h3>\n<p><iframe loading=\"lazy\" title=\"iPASEN 2: Recuperar Acceso\" width=\"500\" height=\"281\" src=\"https:\/\/www.youtube.com\/embed\/OR7r9OcG8sE?start=13&#038;feature=oembed&#038;wmode=opaque\" frameborder=\"0\" allow=\"accelerometer; autoplay; clipboard-write; encrypted-media; gyroscope; picture-in-picture; web-share\" referrerpolicy=\"strict-origin-when-cross-origin\" allowfullscreen><\/iframe><\/p>\n<h3>Comunicaciones<\/h3>\n<p><iframe loading=\"lazy\" title=\"Enviar comunicaciones al profesorado usando iPasen\" width=\"500\" height=\"281\" src=\"https:\/\/www.youtube.com\/embed\/RnQz2uH3EtM?feature=oembed&#038;wmode=opaque\" frameborder=\"0\" allow=\"accelerometer; autoplay; clipboard-write; encrypted-media; gyroscope; picture-in-picture; web-share\" referrerpolicy=\"strict-origin-when-cross-origin\" allowfullscreen><\/iframe><\/p>\n<h3>Comunicaci\u00f3n ausencia<\/h3>\n<p><iframe loading=\"lazy\" title=\"Comunicaci\u00f3n y justificaci\u00f3n ausencias con ipasen\" width=\"500\" height=\"281\" src=\"https:\/\/www.youtube.com\/embed\/PkQABCDUuds?feature=oembed&#038;wmode=opaque\" frameborder=\"0\" allow=\"accelerometer; autoplay; clipboard-write; encrypted-media; gyroscope; picture-in-picture; web-share\" referrerpolicy=\"strict-origin-when-cross-origin\" allowfullscreen><\/iframe><\/p>\n<h3>Punto de recogida de documentos&nbsp;<\/h3>\n<p><iframe loading=\"lazy\" title=\"IPASEN 7: Punto de Recogida de Documentos\" width=\"500\" height=\"281\" src=\"https:\/\/www.youtube.com\/embed\/K7s5wXWcEdc?feature=oembed&#038;wmode=opaque\" frameborder=\"0\" allow=\"accelerometer; autoplay; clipboard-write; encrypted-media; gyroscope; picture-in-picture; web-share\" referrerpolicy=\"strict-origin-when-cross-origin\" allowfullscreen><\/iframe><\/p>\n<h3>Calificaciones finales y observaciones&nbsp;<\/h3>\n<p><iframe loading=\"lazy\" title=\"IPASEN 3: Calificaciones Finales y Observaciones en iPasen\" width=\"500\" height=\"281\" src=\"https:\/\/www.youtube.com\/embed\/E6rnS0ZDI_0?start=32&#038;feature=oembed&#038;wmode=opaque\" frameborder=\"0\" allow=\"accelerometer; autoplay; clipboard-write; encrypted-media; gyroscope; picture-in-picture; web-share\" referrerpolicy=\"strict-origin-when-cross-origin\" allowfullscreen><\/iframe><\/p>\n<p>&nbsp;<\/p>\n<h3>Autorizaciones y firmas<\/h3>\n<p><iframe loading=\"lazy\" title=\"IPASEN 6: Autorizaciones y Firmas\" width=\"500\" height=\"281\" src=\"https:\/\/www.youtube.com\/embed\/BzsH8tJCN28?start=7&#038;feature=oembed&#038;wmode=opaque\" frameborder=\"0\" allow=\"accelerometer; autoplay; clipboard-write; encrypted-media; gyroscope; picture-in-picture; web-share\" referrerpolicy=\"strict-origin-when-cross-origin\" allowfullscreen><\/iframe><\/p>\n","protected":false},"excerpt":{"rendered":"<p>Instalaci\u00f3n y primer acceso&nbsp; Recuperaci\u00f3n de acceso&nbsp; Comunicaciones Comunicaci\u00f3n ausencia Punto de recogida de documentos&nbsp; Calificaciones finales y observaciones&nbsp; &nbsp; Autorizaciones y firmas<\/p>\n","protected":false},"author":4721,"featured_media":3768,"parent":0,"menu_order":0,"comment_status":"closed","ping_status":"closed","template":"","meta":{"ngg_post_thumbnail":0,"footnotes":"","_mc_calendar":[]},"aioseo_notices":[],"_links":{"self":[{"href":"https:\/\/blogsaverroes.juntadeandalucia.es\/coleiznatoraf\/wp-json\/wp\/v2\/pages\/3762"}],"collection":[{"href":"https:\/\/blogsaverroes.juntadeandalucia.es\/coleiznatoraf\/wp-json\/wp\/v2\/pages"}],"about":[{"href":"https:\/\/blogsaverroes.juntadeandalucia.es\/coleiznatoraf\/wp-json\/wp\/v2\/types\/page"}],"author":[{"embeddable":true,"href":"https:\/\/blogsaverroes.juntadeandalucia.es\/coleiznatoraf\/wp-json\/wp\/v2\/users\/4721"}],"replies":[{"embeddable":true,"href":"https:\/\/blogsaverroes.juntadeandalucia.es\/coleiznatoraf\/wp-json\/wp\/v2\/comments?post=3762"}],"version-history":[{"count":5,"href":"https:\/\/blogsaverroes.juntadeandalucia.es\/coleiznatoraf\/wp-json\/wp\/v2\/pages\/3762\/revisions"}],"predecessor-version":[{"id":3767,"href":"https:\/\/blogsaverroes.juntadeandalucia.es\/coleiznatoraf\/wp-json\/wp\/v2\/pages\/3762\/revisions\/3767"}],"wp:featuredmedia":[{"embeddable":true,"href":"https:\/\/blogsaverroes.juntadeandalucia.es\/coleiznatoraf\/wp-json\/wp\/v2\/media\/3768"}],"wp:attachment":[{"href":"https:\/\/blogsaverroes.juntadeandalucia.es\/coleiznatoraf\/wp-json\/wp\/v2\/media?parent=3762"}],"curies":[{"name":"wp","href":"https:\/\/api.w.org\/{rel}","templated":true}]}}