{"id":131,"date":"2016-11-24T12:10:20","date_gmt":"2016-11-24T12:10:20","guid":{"rendered":"http:\/\/blogsaverroes.juntadeandalucia.es\/colejuanarmario\/?page_id=131"},"modified":"2016-11-25T21:33:49","modified_gmt":"2016-11-25T21:33:49","slug":"2o-ciclo-de-educacion-primaria","status":"publish","type":"page","link":"https:\/\/blogsaverroes.juntadeandalucia.es\/colejuanarmario\/2o-ciclo-de-educacion-primaria\/","title":{"rendered":"2\u00ba Ciclo de Educaci\u00f3n Primaria"},"content":{"rendered":"<p>El segundo ciclo de educaci\u00f3n primaria est\u00e1 compuesto por;<\/p>\n<p>3\u00ba E.P. Lourdes Reyes.<\/p>\n<p>4\u00ba E.P. Antonio Benavides.<\/p>\n<p>Especialista en Ingl\u00e9s: Maria de los Santos Gil.<\/p>\n<p>&nbsp;<\/p>\n<p>El Horario de Atenci\u00f3n a los padres y madres ser\u00e1 los lunes de 17.30-18.30 horas.<\/p>\n","protected":false},"excerpt":{"rendered":"<p>El segundo ciclo de educaci\u00f3n primaria est\u00e1 compuesto por; 3\u00ba E.P. Lourdes Reyes. 4\u00ba E.P. Antonio Benavides. Especialista en Ingl\u00e9s: Maria de los Santos Gil. &nbsp; El Horario de Atenci\u00f3n a los padres y&#46;&#46;&#46;<\/p>\n","protected":false},"author":2443,"featured_media":0,"parent":0,"menu_order":0,"comment_status":"open","ping_status":"open","template":"","meta":{"ngg_post_thumbnail":0,"footnotes":""},"aioseo_notices":[],"_links":{"self":[{"href":"https:\/\/blogsaverroes.juntadeandalucia.es\/colejuanarmario\/wp-json\/wp\/v2\/pages\/131"}],"collection":[{"href":"https:\/\/blogsaverroes.juntadeandalucia.es\/colejuanarmario\/wp-json\/wp\/v2\/pages"}],"about":[{"href":"https:\/\/blogsaverroes.juntadeandalucia.es\/colejuanarmario\/wp-json\/wp\/v2\/types\/page"}],"author":[{"embeddable":true,"href":"https:\/\/blogsaverroes.juntadeandalucia.es\/colejuanarmario\/wp-json\/wp\/v2\/users\/2443"}],"replies":[{"embeddable":true,"href":"https:\/\/blogsaverroes.juntadeandalucia.es\/colejuanarmario\/wp-json\/wp\/v2\/comments?post=131"}],"version-history":[{"count":3,"href":"https:\/\/blogsaverroes.juntadeandalucia.es\/colejuanarmario\/wp-json\/wp\/v2\/pages\/131\/revisions"}],"predecessor-version":[{"id":237,"href":"https:\/\/blogsaverroes.juntadeandalucia.es\/colejuanarmario\/wp-json\/wp\/v2\/pages\/131\/revisions\/237"}],"wp:attachment":[{"href":"https:\/\/blogsaverroes.juntadeandalucia.es\/colejuanarmario\/wp-json\/wp\/v2\/media?parent=131"}],"curies":[{"name":"wp","href":"https:\/\/api.w.org\/{rel}","templated":true}]}}

2º Ciclo de Educación Primaria

<p>El segundo ciclo de educación primaria está compuesto por;</p>
<p>3º E.P. Lourdes Reyes.</p>
<p>4º E.P. Antonio Benavides.</p>
<p>Especialista en Inglés: Maria de los Santos Gil.</p>
<p>&nbsp;</p>
<p>El Horario de Atención a los padres y madres será los lunes de 17.30-18.30 horas.</p>

<p>El segundo ciclo de educación primaria está compuesto por; 3º E.P. Lourdes Reyes. 4º E.P. Antonio Benavides. Especialista en Inglés: Maria de los Santos Gil. &nbsp; El Horario de Atención a los padres y&#46;&#46;&#46;</p>
