{"id":2805,"date":"2017-05-30T16:43:25","date_gmt":"2017-05-30T16:43:25","guid":{"rendered":"http:\/\/blogsaverroes.juntadeandalucia.es\/colejuanarmario\/?page_id=2805"},"modified":"2018-01-30T09:24:21","modified_gmt":"2018-01-30T09:24:21","slug":"difusion-del-programa","status":"publish","type":"page","link":"https:\/\/blogsaverroes.juntadeandalucia.es\/colejuanarmario\/difusion-del-programa\/","title":{"rendered":"Difusi\u00f3n del Programa."},"content":{"rendered":"<p>La difusi\u00f3n del programa y de las actuaciones derivadas de cada movilidad es un aspecto clave del Proyecto Erasmus +.<\/p>\n<p>Por ello, una de las actividades posteriores era la transferencia de los aprendizajes adquiridos, as\u00ed como las vivencias y experencias del curso de formaci\u00f3n, la visita a los centros educativos y el contacto con el resto de docentes participantes en las movilidades.<\/p>\n<p>Por ello, las actuaciones desarrolladas para la disfusi\u00f3n y repercusi\u00f3n en el Centro, a todos los niveles, son las siguientes;<\/p>\n<ul>\n<li>Presentaci\u00f3n en Power Point al equipo docente para informar y difundir la movilidad en Finlandia.<\/li>\n<li>An\u00e1lisis, reflexi\u00f3n, debate y puesto en com\u00fan de los aspectos clave que podemos destacar de la movilidad y la puesta en pr\u00e1ctica en el Centro.<\/li>\n<\/ul>\n<p><a href=\"https:\/\/blogsaverroes.juntadeandalucia.es\/colejuanarmario\/files\/2017\/05\/IMG_1011.jpg\"><img fetchpriority=\"high\" decoding=\"async\" class=\"alignnone size-large wp-image-3264\" src=\"https:\/\/blogsaverroes.juntadeandalucia.es\/colejuanarmario\/files\/2017\/05\/IMG_1011-1024x768.jpg\" alt=\"\" width=\"1024\" height=\"768\" srcset=\"https:\/\/blogsaverroes.juntadeandalucia.es\/colejuanarmario\/files\/2017\/05\/IMG_1011-1024x768.jpg 1024w, https:\/\/blogsaverroes.juntadeandalucia.es\/colejuanarmario\/files\/2017\/05\/IMG_1011-300x225.jpg 300w, https:\/\/blogsaverroes.juntadeandalucia.es\/colejuanarmario\/files\/2017\/05\/IMG_1011-768x576.jpg 768w, https:\/\/blogsaverroes.juntadeandalucia.es\/colejuanarmario\/files\/2017\/05\/IMG_1011-24x18.jpg 24w, https:\/\/blogsaverroes.juntadeandalucia.es\/colejuanarmario\/files\/2017\/05\/IMG_1011-36x27.jpg 36w, https:\/\/blogsaverroes.juntadeandalucia.es\/colejuanarmario\/files\/2017\/05\/IMG_1011-48x36.jpg 48w, https:\/\/blogsaverroes.juntadeandalucia.es\/colejuanarmario\/files\/2017\/05\/IMG_1011.jpg 1600w\" sizes=\"(max-width: 1024px) 100vw, 1024px\" \/><\/a> <a href=\"https:\/\/blogsaverroes.juntadeandalucia.es\/colejuanarmario\/files\/2017\/05\/IMG_1017.jpg\"><img decoding=\"async\" class=\"alignnone size-large wp-image-3265\" src=\"https:\/\/blogsaverroes.juntadeandalucia.es\/colejuanarmario\/files\/2017\/05\/IMG_1017-1024x768.jpg\" alt=\"\" width=\"1024\" height=\"768\" srcset=\"https:\/\/blogsaverroes.juntadeandalucia.es\/colejuanarmario\/files\/2017\/05\/IMG_1017-1024x768.jpg 1024w, https:\/\/blogsaverroes.juntadeandalucia.es\/colejuanarmario\/files\/2017\/05\/IMG_1017-300x225.jpg 300w, https:\/\/blogsaverroes.juntadeandalucia.es\/colejuanarmario\/files\/2017\/05\/IMG_1017-768x576.jpg 768w, https:\/\/blogsaverroes.juntadeandalucia.es\/colejuanarmario\/files\/2017\/05\/IMG_1017-24x18.jpg 24w, https:\/\/blogsaverroes.juntadeandalucia.es\/colejuanarmario\/files\/2017\/05\/IMG_1017-36x27.jpg 36w, https:\/\/blogsaverroes.juntadeandalucia.es\/colejuanarmario\/files\/2017\/05\/IMG_1017-48x36.jpg 48w, https:\/\/blogsaverroes.juntadeandalucia.es\/colejuanarmario\/files\/2017\/05\/IMG_1017.jpg 1600w\" sizes=\"(max-width: 1024px) 100vw, 1024px\" \/><\/a> <a href=\"https:\/\/blogsaverroes.juntadeandalucia.es\/colejuanarmario\/files\/2017\/05\/IMG_1020.jpg\"><img decoding=\"async\" class=\"alignnone size-large wp-image-3266\" src=\"https:\/\/blogsaverroes.juntadeandalucia.es\/colejuanarmario\/files\/2017\/05\/IMG_1020-768x1024.jpg\" alt=\"\" width=\"768\" height=\"1024\" srcset=\"https:\/\/blogsaverroes.juntadeandalucia.es\/colejuanarmario\/files\/2017\/05\/IMG_1020-768x1024.jpg 768w, https:\/\/blogsaverroes.juntadeandalucia.es\/colejuanarmario\/files\/2017\/05\/IMG_1020-225x300.jpg 225w, https:\/\/blogsaverroes.juntadeandalucia.es\/colejuanarmario\/files\/2017\/05\/IMG_1020-18x24.jpg 18w, https:\/\/blogsaverroes.juntadeandalucia.es\/colejuanarmario\/files\/2017\/05\/IMG_1020-27x36.jpg 27w, https:\/\/blogsaverroes.juntadeandalucia.es\/colejuanarmario\/files\/2017\/05\/IMG_1020-36x48.jpg 36w, https:\/\/blogsaverroes.juntadeandalucia.es\/colejuanarmario\/files\/2017\/05\/IMG_1020.jpg 1200w\" sizes=\"(max-width: 768px) 100vw, 768px\" \/><\/a> <a href=\"https:\/\/blogsaverroes.juntadeandalucia.es\/colejuanarmario\/files\/2017\/05\/IMG_1022.jpg\"><img loading=\"lazy\" decoding=\"async\" class=\"alignnone size-large wp-image-3267\" src=\"https:\/\/blogsaverroes.juntadeandalucia.es\/colejuanarmario\/files\/2017\/05\/IMG_1022-1024x768.jpg\" alt=\"\" width=\"1024\" height=\"768\" srcset=\"https:\/\/blogsaverroes.juntadeandalucia.es\/colejuanarmario\/files\/2017\/05\/IMG_1022-1024x768.jpg 1024w, https:\/\/blogsaverroes.juntadeandalucia.es\/colejuanarmario\/files\/2017\/05\/IMG_1022-300x225.jpg 300w, https:\/\/blogsaverroes.juntadeandalucia.es\/colejuanarmario\/files\/2017\/05\/IMG_1022-768x576.jpg 768w, https:\/\/blogsaverroes.juntadeandalucia.es\/colejuanarmario\/files\/2017\/05\/IMG_1022-24x18.jpg 24w, https:\/\/blogsaverroes.juntadeandalucia.es\/colejuanarmario\/files\/2017\/05\/IMG_1022-36x27.jpg 36w, https:\/\/blogsaverroes.juntadeandalucia.es\/colejuanarmario\/files\/2017\/05\/IMG_1022-48x36.jpg 48w, https:\/\/blogsaverroes.juntadeandalucia.es\/colejuanarmario\/files\/2017\/05\/IMG_1022.jpg 1600w\" sizes=\"(max-width: 1024px) 100vw, 1024px\" \/><\/a> <a href=\"https:\/\/blogsaverroes.juntadeandalucia.es\/colejuanarmario\/files\/2017\/05\/IMG_1029.jpg\"><img loading=\"lazy\" decoding=\"async\" class=\"alignnone size-large wp-image-3268\" src=\"https:\/\/blogsaverroes.juntadeandalucia.es\/colejuanarmario\/files\/2017\/05\/IMG_1029-1024x768.jpg\" alt=\"\" width=\"1024\" height=\"768\" srcset=\"https:\/\/blogsaverroes.juntadeandalucia.es\/colejuanarmario\/files\/2017\/05\/IMG_1029-1024x768.jpg 1024w, https:\/\/blogsaverroes.juntadeandalucia.es\/colejuanarmario\/files\/2017\/05\/IMG_1029-300x225.jpg 300w, https:\/\/blogsaverroes.juntadeandalucia.es\/colejuanarmario\/files\/2017\/05\/IMG_1029-768x576.jpg 768w, https:\/\/blogsaverroes.juntadeandalucia.es\/colejuanarmario\/files\/2017\/05\/IMG_1029-24x18.jpg 24w, https:\/\/blogsaverroes.juntadeandalucia.es\/colejuanarmario\/files\/2017\/05\/IMG_1029-36x27.jpg 36w, https:\/\/blogsaverroes.juntadeandalucia.es\/colejuanarmario\/files\/2017\/05\/IMG_1029-48x36.jpg 48w, https:\/\/blogsaverroes.juntadeandalucia.es\/colejuanarmario\/files\/2017\/05\/IMG_1029.jpg 1600w\" sizes=\"(max-width: 1024px) 100vw, 1024px\" \/><\/a> <a href=\"https:\/\/blogsaverroes.juntadeandalucia.es\/colejuanarmario\/files\/2017\/05\/IMG_1034.jpg\"><img loading=\"lazy\" decoding=\"async\" class=\"alignnone size-large wp-image-3269\" src=\"https:\/\/blogsaverroes.juntadeandalucia.es\/colejuanarmario\/files\/2017\/05\/IMG_1034-1024x768.jpg\" alt=\"\" width=\"1024\" height=\"768\" srcset=\"https:\/\/blogsaverroes.juntadeandalucia.es\/colejuanarmario\/files\/2017\/05\/IMG_1034-1024x768.jpg 1024w, https:\/\/blogsaverroes.juntadeandalucia.es\/colejuanarmario\/files\/2017\/05\/IMG_1034-300x225.jpg 300w, https:\/\/blogsaverroes.juntadeandalucia.es\/colejuanarmario\/files\/2017\/05\/IMG_1034-768x576.jpg 768w, https:\/\/blogsaverroes.juntadeandalucia.es\/colejuanarmario\/files\/2017\/05\/IMG_1034-24x18.jpg 24w, https:\/\/blogsaverroes.juntadeandalucia.es\/colejuanarmario\/files\/2017\/05\/IMG_1034-36x27.jpg 36w, https:\/\/blogsaverroes.juntadeandalucia.es\/colejuanarmario\/files\/2017\/05\/IMG_1034-48x36.jpg 48w, https:\/\/blogsaverroes.juntadeandalucia.es\/colejuanarmario\/files\/2017\/05\/IMG_1034.jpg 1600w\" sizes=\"(max-width: 1024px) 100vw, 1024px\" \/><\/a><\/p>\n<ul>\n<li>Creaci\u00f3n de grupos de trabajos, organizados por ciclos, para debatir, analizar y seleccionar propuestas de mejora que se implementen en el pr\u00f3ximo curso.<\/li>\n<li>Implementaci\u00f3n progresiva de las actuaciones previstas en el Plan de Mejora, entre las que podemos destacar;\n<ul>\n<li>La creaci\u00f3n de rincones y espacios de aprendizaje en el aula.<\/li>\n<li>Inclusi\u00f3n de metodolog\u00edas activas, como ABP, aprendizaje cooperativo y flipped classroom.<\/li>\n<li>Elaboraci\u00f3n de un Informe Individualizado de Evaluaci\u00f3n ( en sustituci\u00f3n a las calificaciones tradicionales).<\/li>\n<li>Debate y puesta en com\u00fan sobre el papel de los deberes.<\/li>\n<li>Modelo y tipo de actividades m\u00e1s pr\u00e1cticas, funcionales y motivadoras para el alumnado.<\/li>\n<li>Proyectos Educativos al finalizar cada UDI.<\/li>\n<li>Aprendizajes y ense\u00f1anzas fuera del Aula ordinaria.<\/li>\n<li>Organizaci\u00f3n y gesti\u00f3n de espacios del centro a disposici\u00f3n del alumnado y la pr\u00e1ctica educativa.<\/li>\n<\/ul>\n<\/li>\n<li>Difusi\u00f3n en la web del Centro sobre las movilidad y todo la repercusi\u00f3n de la misma.<\/li>\n<li>Creaci\u00f3n de un Diario de Viaje para explicar en detalle toda la movilidad.<\/li>\n<li>Dise\u00f1ar un triptico y material divulgativo de la experiencia y del programa.<\/li>\n<\/ul>\n<p>Seguiremos trabajando a lo largo del curso, para implementar las propuestas de mejora e incrementar el impacto y repercusi\u00f3n del programa en nuestro modelo pedag\u00f3gico y de funcionamiento.<\/p>\n<p>&nbsp;<\/p>\n","protected":false},"excerpt":{"rendered":"<p>La difusi\u00f3n del programa y de las actuaciones derivadas de cada movilidad es un aspecto clave del Proyecto Erasmus +. Por ello, una de las actividades posteriores era la transferencia de los aprendizajes adquiridos,&#46;&#46;&#46;<\/p>\n","protected":false},"author":2443,"featured_media":0,"parent":0,"menu_order":0,"comment_status":"closed","ping_status":"closed","template":"","meta":{"ngg_post_thumbnail":0,"footnotes":""},"aioseo_notices":[],"_links":{"self":[{"href":"https:\/\/blogsaverroes.juntadeandalucia.es\/colejuanarmario\/wp-json\/wp\/v2\/pages\/2805"}],"collection":[{"href":"https:\/\/blogsaverroes.juntadeandalucia.es\/colejuanarmario\/wp-json\/wp\/v2\/pages"}],"about":[{"href":"https:\/\/blogsaverroes.juntadeandalucia.es\/colejuanarmario\/wp-json\/wp\/v2\/types\/page"}],"author":[{"embeddable":true,"href":"https:\/\/blogsaverroes.juntadeandalucia.es\/colejuanarmario\/wp-json\/wp\/v2\/users\/2443"}],"replies":[{"embeddable":true,"href":"https:\/\/blogsaverroes.juntadeandalucia.es\/colejuanarmario\/wp-json\/wp\/v2\/comments?post=2805"}],"version-history":[{"count":3,"href":"https:\/\/blogsaverroes.juntadeandalucia.es\/colejuanarmario\/wp-json\/wp\/v2\/pages\/2805\/revisions"}],"predecessor-version":[{"id":3270,"href":"https:\/\/blogsaverroes.juntadeandalucia.es\/colejuanarmario\/wp-json\/wp\/v2\/pages\/2805\/revisions\/3270"}],"wp:attachment":[{"href":"https:\/\/blogsaverroes.juntadeandalucia.es\/colejuanarmario\/wp-json\/wp\/v2\/media?parent=2805"}],"curies":[{"name":"wp","href":"https:\/\/api.w.org\/{rel}","templated":true}]}}

Difusión del Programa.

<p>La difusión del programa y de las actuaciones derivadas de cada movilidad es un aspecto clave del Proyecto Erasmus +.</p>
<p>Por ello, una de las actividades posteriores era la transferencia de los aprendizajes adquiridos, así como las vivencias y experencias del curso de formación, la visita a los centros educativos y el contacto con el resto de docentes participantes en las movilidades.</p>
<p>Por ello, las actuaciones desarrolladas para la disfusión y repercusión en el Centro, a todos los niveles, son las siguientes;</p>
<ul>
<li>Presentación en Power Point al equipo docente para informar y difundir la movilidad en Finlandia.</li>
<li>Análisis, reflexión, debate y puesto en común de los aspectos clave que podemos destacar de la movilidad y la puesta en práctica en el Centro.</li>
</ul>
<p><a href="https://blogsaverroes.juntadeandalucia.es/colejuanarmario/files/2017/05/IMG_1011.jpg"><img fetchpriority="high" decoding="async" class="alignnone size-large wp-image-3264" src="https://blogsaverroes.juntadeandalucia.es/colejuanarmario/files/2017/05/IMG_1011-1024x768.jpg" alt="" width="1024" height="768" srcset="https://blogsaverroes.juntadeandalucia.es/colejuanarmario/files/2017/05/IMG_1011-1024x768.jpg 1024w, https://blogsaverroes.juntadeandalucia.es/colejuanarmario/files/2017/05/IMG_1011-300x225.jpg 300w, https://blogsaverroes.juntadeandalucia.es/colejuanarmario/files/2017/05/IMG_1011-768x576.jpg 768w, https://blogsaverroes.juntadeandalucia.es/colejuanarmario/files/2017/05/IMG_1011-24x18.jpg 24w, https://blogsaverroes.juntadeandalucia.es/colejuanarmario/files/2017/05/IMG_1011-36x27.jpg 36w, https://blogsaverroes.juntadeandalucia.es/colejuanarmario/files/2017/05/IMG_1011-48x36.jpg 48w, https://blogsaverroes.juntadeandalucia.es/colejuanarmario/files/2017/05/IMG_1011.jpg 1600w" sizes="(max-width: 1024px) 100vw, 1024px" /></a> <a href="https://blogsaverroes.juntadeandalucia.es/colejuanarmario/files/2017/05/IMG_1017.jpg"><img decoding="async" class="alignnone size-large wp-image-3265" src="https://blogsaverroes.juntadeandalucia.es/colejuanarmario/files/2017/05/IMG_1017-1024x768.jpg" alt="" width="1024" height="768" srcset="https://blogsaverroes.juntadeandalucia.es/colejuanarmario/files/2017/05/IMG_1017-1024x768.jpg 1024w, https://blogsaverroes.juntadeandalucia.es/colejuanarmario/files/2017/05/IMG_1017-300x225.jpg 300w, https://blogsaverroes.juntadeandalucia.es/colejuanarmario/files/2017/05/IMG_1017-768x576.jpg 768w, https://blogsaverroes.juntadeandalucia.es/colejuanarmario/files/2017/05/IMG_1017-24x18.jpg 24w, https://blogsaverroes.juntadeandalucia.es/colejuanarmario/files/2017/05/IMG_1017-36x27.jpg 36w, https://blogsaverroes.juntadeandalucia.es/colejuanarmario/files/2017/05/IMG_1017-48x36.jpg 48w, https://blogsaverroes.juntadeandalucia.es/colejuanarmario/files/2017/05/IMG_1017.jpg 1600w" sizes="(max-width: 1024px) 100vw, 1024px" /></a> <a href="https://blogsaverroes.juntadeandalucia.es/colejuanarmario/files/2017/05/IMG_1020.jpg"><img decoding="async" class="alignnone size-large wp-image-3266" src="https://blogsaverroes.juntadeandalucia.es/colejuanarmario/files/2017/05/IMG_1020-768x1024.jpg" alt="" width="768" height="1024" srcset="https://blogsaverroes.juntadeandalucia.es/colejuanarmario/files/2017/05/IMG_1020-768x1024.jpg 768w, https://blogsaverroes.juntadeandalucia.es/colejuanarmario/files/2017/05/IMG_1020-225x300.jpg 225w, https://blogsaverroes.juntadeandalucia.es/colejuanarmario/files/2017/05/IMG_1020-18x24.jpg 18w, https://blogsaverroes.juntadeandalucia.es/colejuanarmario/files/2017/05/IMG_1020-27x36.jpg 27w, https://blogsaverroes.juntadeandalucia.es/colejuanarmario/files/2017/05/IMG_1020-36x48.jpg 36w, https://blogsaverroes.juntadeandalucia.es/colejuanarmario/files/2017/05/IMG_1020.jpg 1200w" sizes="(max-width: 768px) 100vw, 768px" /></a> <a href="https://blogsaverroes.juntadeandalucia.es/colejuanarmario/files/2017/05/IMG_1022.jpg"><img loading="lazy" decoding="async" class="alignnone size-large wp-image-3267" src="https://blogsaverroes.juntadeandalucia.es/colejuanarmario/files/2017/05/IMG_1022-1024x768.jpg" alt="" width="1024" height="768" srcset="https://blogsaverroes.juntadeandalucia.es/colejuanarmario/files/2017/05/IMG_1022-1024x768.jpg 1024w, https://blogsaverroes.juntadeandalucia.es/colejuanarmario/files/2017/05/IMG_1022-300x225.jpg 300w, https://blogsaverroes.juntadeandalucia.es/colejuanarmario/files/2017/05/IMG_1022-768x576.jpg 768w, https://blogsaverroes.juntadeandalucia.es/colejuanarmario/files/2017/05/IMG_1022-24x18.jpg 24w, https://blogsaverroes.juntadeandalucia.es/colejuanarmario/files/2017/05/IMG_1022-36x27.jpg 36w, https://blogsaverroes.juntadeandalucia.es/colejuanarmario/files/2017/05/IMG_1022-48x36.jpg 48w, https://blogsaverroes.juntadeandalucia.es/colejuanarmario/files/2017/05/IMG_1022.jpg 1600w" sizes="(max-width: 1024px) 100vw, 1024px" /></a> <a href="https://blogsaverroes.juntadeandalucia.es/colejuanarmario/files/2017/05/IMG_1029.jpg"><img loading="lazy" decoding="async" class="alignnone size-large wp-image-3268" src="https://blogsaverroes.juntadeandalucia.es/colejuanarmario/files/2017/05/IMG_1029-1024x768.jpg" alt="" width="1024" height="768" srcset="https://blogsaverroes.juntadeandalucia.es/colejuanarmario/files/2017/05/IMG_1029-1024x768.jpg 1024w, https://blogsaverroes.juntadeandalucia.es/colejuanarmario/files/2017/05/IMG_1029-300x225.jpg 300w, https://blogsaverroes.juntadeandalucia.es/colejuanarmario/files/2017/05/IMG_1029-768x576.jpg 768w, https://blogsaverroes.juntadeandalucia.es/colejuanarmario/files/2017/05/IMG_1029-24x18.jpg 24w, https://blogsaverroes.juntadeandalucia.es/colejuanarmario/files/2017/05/IMG_1029-36x27.jpg 36w, https://blogsaverroes.juntadeandalucia.es/colejuanarmario/files/2017/05/IMG_1029-48x36.jpg 48w, https://blogsaverroes.juntadeandalucia.es/colejuanarmario/files/2017/05/IMG_1029.jpg 1600w" sizes="(max-width: 1024px) 100vw, 1024px" /></a> <a href="https://blogsaverroes.juntadeandalucia.es/colejuanarmario/files/2017/05/IMG_1034.jpg"><img loading="lazy" decoding="async" class="alignnone size-large wp-image-3269" src="https://blogsaverroes.juntadeandalucia.es/colejuanarmario/files/2017/05/IMG_1034-1024x768.jpg" alt="" width="1024" height="768" srcset="https://blogsaverroes.juntadeandalucia.es/colejuanarmario/files/2017/05/IMG_1034-1024x768.jpg 1024w, https://blogsaverroes.juntadeandalucia.es/colejuanarmario/files/2017/05/IMG_1034-300x225.jpg 300w, https://blogsaverroes.juntadeandalucia.es/colejuanarmario/files/2017/05/IMG_1034-768x576.jpg 768w, https://blogsaverroes.juntadeandalucia.es/colejuanarmario/files/2017/05/IMG_1034-24x18.jpg 24w, https://blogsaverroes.juntadeandalucia.es/colejuanarmario/files/2017/05/IMG_1034-36x27.jpg 36w, https://blogsaverroes.juntadeandalucia.es/colejuanarmario/files/2017/05/IMG_1034-48x36.jpg 48w, https://blogsaverroes.juntadeandalucia.es/colejuanarmario/files/2017/05/IMG_1034.jpg 1600w" sizes="(max-width: 1024px) 100vw, 1024px" /></a></p>
<ul>
<li>Creación de grupos de trabajos, organizados por ciclos, para debatir, analizar y seleccionar propuestas de mejora que se implementen en el próximo curso.</li>
<li>Implementación progresiva de las actuaciones previstas en el Plan de Mejora, entre las que podemos destacar;
<ul>
<li>La creación de rincones y espacios de aprendizaje en el aula.</li>
<li>Inclusión de metodologías activas, como ABP, aprendizaje cooperativo y flipped classroom.</li>
<li>Elaboración de un Informe Individualizado de Evaluación ( en sustitución a las calificaciones tradicionales).</li>
<li>Debate y puesta en común sobre el papel de los deberes.</li>
<li>Modelo y tipo de actividades más prácticas, funcionales y motivadoras para el alumnado.</li>
<li>Proyectos Educativos al finalizar cada UDI.</li>
<li>Aprendizajes y enseñanzas fuera del Aula ordinaria.</li>
<li>Organización y gestión de espacios del centro a disposición del alumnado y la práctica educativa.</li>
</ul>
</li>
<li>Difusión en la web del Centro sobre las movilidad y todo la repercusión de la misma.</li>
<li>Creación de un Diario de Viaje para explicar en detalle toda la movilidad.</li>
<li>Diseñar un triptico y material divulgativo de la experiencia y del programa.</li>
</ul>
<p>Seguiremos trabajando a lo largo del curso, para implementar las propuestas de mejora e incrementar el impacto y repercusión del programa en nuestro modelo pedagógico y de funcionamiento.</p>
<p>&nbsp;</p>

<p>La difusión del programa y de las actuaciones derivadas de cada movilidad es un aspecto clave del Proyecto Erasmus +. Por ello, una de las actividades posteriores era la transferencia de los aprendizajes adquiridos,&#46;&#46;&#46;</p>
