{"id":2280,"date":"2020-10-10T14:04:03","date_gmt":"2020-10-10T14:04:03","guid":{"rendered":"https:\/\/blogsaverroes.juntadeandalucia.es\/colelamercedjerez\/?page_id=2280"},"modified":"2022-03-27T18:15:21","modified_gmt":"2022-03-27T18:15:21","slug":"aula-4","status":"publish","type":"page","link":"https:\/\/blogsaverroes.juntadeandalucia.es\/colelamercedjerez\/aula-4\/","title":{"rendered":"AULA 4"},"content":{"rendered":"<h3><span style=\"color: #808000\">\u00a1Qu\u00e9 mejor manera para acabar la semana que con un taller para elaborar pizza!<\/span><\/h3>\n<h3><span style=\"color: #808000\">Aqu\u00ed os dejamos los pasos que siguieron para su elaboraci\u00f3n.<\/span><\/h3>\n<h3><span style=\"color: #808000\">Es evidente que lo mejor es el final, qu\u00e9 rica les qued\u00f3!<\/span><\/h3>\n<p><a href=\"https:\/\/blogsaverroes.juntadeandalucia.es\/colelamercedjerez\/files\/2022\/03\/PHOTO-2022-03-27-19-02-29-2.jpg\"><img loading=\"lazy\" decoding=\"async\" class=\"alignnone size-medium wp-image-2592\" src=\"https:\/\/blogsaverroes.juntadeandalucia.es\/colelamercedjerez\/files\/2022\/03\/PHOTO-2022-03-27-19-02-29-2-300x300.jpg\" alt=\"\" width=\"300\" height=\"300\" srcset=\"https:\/\/blogsaverroes.juntadeandalucia.es\/colelamercedjerez\/files\/2022\/03\/PHOTO-2022-03-27-19-02-29-2-300x300.jpg 300w, https:\/\/blogsaverroes.juntadeandalucia.es\/colelamercedjerez\/files\/2022\/03\/PHOTO-2022-03-27-19-02-29-2.jpg 1024w, https:\/\/blogsaverroes.juntadeandalucia.es\/colelamercedjerez\/files\/2022\/03\/PHOTO-2022-03-27-19-02-29-2-150x150.jpg 150w, https:\/\/blogsaverroes.juntadeandalucia.es\/colelamercedjerez\/files\/2022\/03\/PHOTO-2022-03-27-19-02-29-2-768x768.jpg 768w\" sizes=\"(max-width: 300px) 100vw, 300px\" \/><\/a> <a href=\"https:\/\/blogsaverroes.juntadeandalucia.es\/colelamercedjerez\/files\/2022\/03\/PHOTO-2022-03-27-19-02-29-3.jpg\"><img loading=\"lazy\" decoding=\"async\" class=\"alignnone size-medium wp-image-2593\" src=\"https:\/\/blogsaverroes.juntadeandalucia.es\/colelamercedjerez\/files\/2022\/03\/PHOTO-2022-03-27-19-02-29-3-300x300.jpg\" alt=\"\" width=\"300\" height=\"300\" srcset=\"https:\/\/blogsaverroes.juntadeandalucia.es\/colelamercedjerez\/files\/2022\/03\/PHOTO-2022-03-27-19-02-29-3-300x300.jpg 300w, https:\/\/blogsaverroes.juntadeandalucia.es\/colelamercedjerez\/files\/2022\/03\/PHOTO-2022-03-27-19-02-29-3.jpg 1024w, https:\/\/blogsaverroes.juntadeandalucia.es\/colelamercedjerez\/files\/2022\/03\/PHOTO-2022-03-27-19-02-29-3-150x150.jpg 150w, https:\/\/blogsaverroes.juntadeandalucia.es\/colelamercedjerez\/files\/2022\/03\/PHOTO-2022-03-27-19-02-29-3-768x768.jpg 768w\" sizes=\"(max-width: 300px) 100vw, 300px\" \/><\/a> <a href=\"https:\/\/blogsaverroes.juntadeandalucia.es\/colelamercedjerez\/files\/2022\/03\/PHOTO-2022-03-27-19-02-29-4.jpg\"><img loading=\"lazy\" decoding=\"async\" class=\"alignnone size-medium wp-image-2594\" src=\"https:\/\/blogsaverroes.juntadeandalucia.es\/colelamercedjerez\/files\/2022\/03\/PHOTO-2022-03-27-19-02-29-4-300x300.jpg\" alt=\"\" width=\"300\" height=\"300\" srcset=\"https:\/\/blogsaverroes.juntadeandalucia.es\/colelamercedjerez\/files\/2022\/03\/PHOTO-2022-03-27-19-02-29-4-300x300.jpg 300w, https:\/\/blogsaverroes.juntadeandalucia.es\/colelamercedjerez\/files\/2022\/03\/PHOTO-2022-03-27-19-02-29-4.jpg 1024w, https:\/\/blogsaverroes.juntadeandalucia.es\/colelamercedjerez\/files\/2022\/03\/PHOTO-2022-03-27-19-02-29-4-150x150.jpg 150w, https:\/\/blogsaverroes.juntadeandalucia.es\/colelamercedjerez\/files\/2022\/03\/PHOTO-2022-03-27-19-02-29-4-768x768.jpg 768w\" sizes=\"(max-width: 300px) 100vw, 300px\" \/><\/a> <a href=\"https:\/\/blogsaverroes.juntadeandalucia.es\/colelamercedjerez\/files\/2022\/03\/PHOTO-2022-03-27-19-02-29-5.jpg\"><img loading=\"lazy\" decoding=\"async\" class=\"alignnone size-medium wp-image-2595\" src=\"https:\/\/blogsaverroes.juntadeandalucia.es\/colelamercedjerez\/files\/2022\/03\/PHOTO-2022-03-27-19-02-29-5-300x300.jpg\" alt=\"\" width=\"300\" height=\"300\" srcset=\"https:\/\/blogsaverroes.juntadeandalucia.es\/colelamercedjerez\/files\/2022\/03\/PHOTO-2022-03-27-19-02-29-5-300x300.jpg 300w, https:\/\/blogsaverroes.juntadeandalucia.es\/colelamercedjerez\/files\/2022\/03\/PHOTO-2022-03-27-19-02-29-5.jpg 1024w, https:\/\/blogsaverroes.juntadeandalucia.es\/colelamercedjerez\/files\/2022\/03\/PHOTO-2022-03-27-19-02-29-5-150x150.jpg 150w, https:\/\/blogsaverroes.juntadeandalucia.es\/colelamercedjerez\/files\/2022\/03\/PHOTO-2022-03-27-19-02-29-5-768x768.jpg 768w\" sizes=\"(max-width: 300px) 100vw, 300px\" \/><\/a> <a href=\"https:\/\/blogsaverroes.juntadeandalucia.es\/colelamercedjerez\/files\/2022\/03\/PHOTO-2022-03-27-19-02-29-6.jpg\"><img loading=\"lazy\" decoding=\"async\" class=\"alignnone size-medium wp-image-2596\" src=\"https:\/\/blogsaverroes.juntadeandalucia.es\/colelamercedjerez\/files\/2022\/03\/PHOTO-2022-03-27-19-02-29-6-240x300.jpg\" alt=\"\" width=\"240\" height=\"300\" srcset=\"https:\/\/blogsaverroes.juntadeandalucia.es\/colelamercedjerez\/files\/2022\/03\/PHOTO-2022-03-27-19-02-29-6-240x300.jpg 240w, https:\/\/blogsaverroes.juntadeandalucia.es\/colelamercedjerez\/files\/2022\/03\/PHOTO-2022-03-27-19-02-29-6-768x960.jpg 768w, https:\/\/blogsaverroes.juntadeandalucia.es\/colelamercedjerez\/files\/2022\/03\/PHOTO-2022-03-27-19-02-29-6.jpg 819w\" sizes=\"(max-width: 240px) 100vw, 240px\" \/><\/a> <a href=\"https:\/\/blogsaverroes.juntadeandalucia.es\/colelamercedjerez\/files\/2022\/03\/PHOTO-2022-03-27-19-02-29-7.jpg\"><img loading=\"lazy\" decoding=\"async\" class=\"alignnone size-medium wp-image-2597\" src=\"https:\/\/blogsaverroes.juntadeandalucia.es\/colelamercedjerez\/files\/2022\/03\/PHOTO-2022-03-27-19-02-29-7-240x300.jpg\" alt=\"\" width=\"240\" height=\"300\" srcset=\"https:\/\/blogsaverroes.juntadeandalucia.es\/colelamercedjerez\/files\/2022\/03\/PHOTO-2022-03-27-19-02-29-7-240x300.jpg 240w, https:\/\/blogsaverroes.juntadeandalucia.es\/colelamercedjerez\/files\/2022\/03\/PHOTO-2022-03-27-19-02-29-7-768x960.jpg 768w, https:\/\/blogsaverroes.juntadeandalucia.es\/colelamercedjerez\/files\/2022\/03\/PHOTO-2022-03-27-19-02-29-7.jpg 819w\" sizes=\"(max-width: 240px) 100vw, 240px\" \/><\/a> <a href=\"https:\/\/blogsaverroes.juntadeandalucia.es\/colelamercedjerez\/files\/2022\/03\/PHOTO-2022-03-27-19-02-29.jpg\"><img loading=\"lazy\" decoding=\"async\" class=\"alignnone size-medium wp-image-2598\" src=\"https:\/\/blogsaverroes.juntadeandalucia.es\/colelamercedjerez\/files\/2022\/03\/PHOTO-2022-03-27-19-02-29-240x300.jpg\" alt=\"\" width=\"240\" height=\"300\" srcset=\"https:\/\/blogsaverroes.juntadeandalucia.es\/colelamercedjerez\/files\/2022\/03\/PHOTO-2022-03-27-19-02-29-240x300.jpg 240w, https:\/\/blogsaverroes.juntadeandalucia.es\/colelamercedjerez\/files\/2022\/03\/PHOTO-2022-03-27-19-02-29-768x960.jpg 768w, https:\/\/blogsaverroes.juntadeandalucia.es\/colelamercedjerez\/files\/2022\/03\/PHOTO-2022-03-27-19-02-29.jpg 819w\" sizes=\"(max-width: 240px) 100vw, 240px\" \/><\/a><\/p>\n","protected":false},"excerpt":{"rendered":"<p>\u00a1Qu\u00e9 mejor manera para acabar la semana que con un taller para elaborar pizza! Aqu\u00ed os dejamos los pasos que siguieron para su elaboraci\u00f3n. Es evidente que lo mejor es el final, qu\u00e9 rica&#46;&#46;&#46;<\/p>\n","protected":false},"author":10924,"featured_media":0,"parent":0,"menu_order":0,"comment_status":"closed","ping_status":"closed","template":"","meta":{"ngg_post_thumbnail":0,"footnotes":"","_mc_calendar":[]},"aioseo_notices":[],"_links":{"self":[{"href":"https:\/\/blogsaverroes.juntadeandalucia.es\/colelamercedjerez\/wp-json\/wp\/v2\/pages\/2280"}],"collection":[{"href":"https:\/\/blogsaverroes.juntadeandalucia.es\/colelamercedjerez\/wp-json\/wp\/v2\/pages"}],"about":[{"href":"https:\/\/blogsaverroes.juntadeandalucia.es\/colelamercedjerez\/wp-json\/wp\/v2\/types\/page"}],"author":[{"embeddable":true,"href":"https:\/\/blogsaverroes.juntadeandalucia.es\/colelamercedjerez\/wp-json\/wp\/v2\/users\/10924"}],"replies":[{"embeddable":true,"href":"https:\/\/blogsaverroes.juntadeandalucia.es\/colelamercedjerez\/wp-json\/wp\/v2\/comments?post=2280"}],"version-history":[{"count":5,"href":"https:\/\/blogsaverroes.juntadeandalucia.es\/colelamercedjerez\/wp-json\/wp\/v2\/pages\/2280\/revisions"}],"predecessor-version":[{"id":2603,"href":"https:\/\/blogsaverroes.juntadeandalucia.es\/colelamercedjerez\/wp-json\/wp\/v2\/pages\/2280\/revisions\/2603"}],"wp:attachment":[{"href":"https:\/\/blogsaverroes.juntadeandalucia.es\/colelamercedjerez\/wp-json\/wp\/v2\/media?parent=2280"}],"curies":[{"name":"wp","href":"https:\/\/api.w.org\/{rel}","templated":true}]}}

<h3><span style="color: #808000">¡Qué mejor manera para acabar la semana que con un taller para elaborar pizza!</span></h3>
<h3><span style="color: #808000">Aquí os dejamos los pasos que siguieron para su elaboración.</span></h3>
<h3><span style="color: #808000">Es evidente que lo mejor es el final, qué rica les quedó!</span></h3>
<p><a href="https://blogsaverroes.juntadeandalucia.es/colelamercedjerez/files/2022/03/PHOTO-2022-03-27-19-02-29-2.jpg"><img loading="lazy" decoding="async" class="alignnone size-medium wp-image-2592" src="https://blogsaverroes.juntadeandalucia.es/colelamercedjerez/files/2022/03/PHOTO-2022-03-27-19-02-29-2-300x300.jpg" alt="" width="300" height="300" srcset="https://blogsaverroes.juntadeandalucia.es/colelamercedjerez/files/2022/03/PHOTO-2022-03-27-19-02-29-2-300x300.jpg 300w, https://blogsaverroes.juntadeandalucia.es/colelamercedjerez/files/2022/03/PHOTO-2022-03-27-19-02-29-2.jpg 1024w, https://blogsaverroes.juntadeandalucia.es/colelamercedjerez/files/2022/03/PHOTO-2022-03-27-19-02-29-2-150x150.jpg 150w, https://blogsaverroes.juntadeandalucia.es/colelamercedjerez/files/2022/03/PHOTO-2022-03-27-19-02-29-2-768x768.jpg 768w" sizes="(max-width: 300px) 100vw, 300px" /></a> <a href="https://blogsaverroes.juntadeandalucia.es/colelamercedjerez/files/2022/03/PHOTO-2022-03-27-19-02-29-3.jpg"><img loading="lazy" decoding="async" class="alignnone size-medium wp-image-2593" src="https://blogsaverroes.juntadeandalucia.es/colelamercedjerez/files/2022/03/PHOTO-2022-03-27-19-02-29-3-300x300.jpg" alt="" width="300" height="300" srcset="https://blogsaverroes.juntadeandalucia.es/colelamercedjerez/files/2022/03/PHOTO-2022-03-27-19-02-29-3-300x300.jpg 300w, https://blogsaverroes.juntadeandalucia.es/colelamercedjerez/files/2022/03/PHOTO-2022-03-27-19-02-29-3.jpg 1024w, https://blogsaverroes.juntadeandalucia.es/colelamercedjerez/files/2022/03/PHOTO-2022-03-27-19-02-29-3-150x150.jpg 150w, https://blogsaverroes.juntadeandalucia.es/colelamercedjerez/files/2022/03/PHOTO-2022-03-27-19-02-29-3-768x768.jpg 768w" sizes="(max-width: 300px) 100vw, 300px" /></a> <a href="https://blogsaverroes.juntadeandalucia.es/colelamercedjerez/files/2022/03/PHOTO-2022-03-27-19-02-29-4.jpg"><img loading="lazy" decoding="async" class="alignnone size-medium wp-image-2594" src="https://blogsaverroes.juntadeandalucia.es/colelamercedjerez/files/2022/03/PHOTO-2022-03-27-19-02-29-4-300x300.jpg" alt="" width="300" height="300" srcset="https://blogsaverroes.juntadeandalucia.es/colelamercedjerez/files/2022/03/PHOTO-2022-03-27-19-02-29-4-300x300.jpg 300w, https://blogsaverroes.juntadeandalucia.es/colelamercedjerez/files/2022/03/PHOTO-2022-03-27-19-02-29-4.jpg 1024w, https://blogsaverroes.juntadeandalucia.es/colelamercedjerez/files/2022/03/PHOTO-2022-03-27-19-02-29-4-150x150.jpg 150w, https://blogsaverroes.juntadeandalucia.es/colelamercedjerez/files/2022/03/PHOTO-2022-03-27-19-02-29-4-768x768.jpg 768w" sizes="(max-width: 300px) 100vw, 300px" /></a> <a href="https://blogsaverroes.juntadeandalucia.es/colelamercedjerez/files/2022/03/PHOTO-2022-03-27-19-02-29-5.jpg"><img loading="lazy" decoding="async" class="alignnone size-medium wp-image-2595" src="https://blogsaverroes.juntadeandalucia.es/colelamercedjerez/files/2022/03/PHOTO-2022-03-27-19-02-29-5-300x300.jpg" alt="" width="300" height="300" srcset="https://blogsaverroes.juntadeandalucia.es/colelamercedjerez/files/2022/03/PHOTO-2022-03-27-19-02-29-5-300x300.jpg 300w, https://blogsaverroes.juntadeandalucia.es/colelamercedjerez/files/2022/03/PHOTO-2022-03-27-19-02-29-5.jpg 1024w, https://blogsaverroes.juntadeandalucia.es/colelamercedjerez/files/2022/03/PHOTO-2022-03-27-19-02-29-5-150x150.jpg 150w, https://blogsaverroes.juntadeandalucia.es/colelamercedjerez/files/2022/03/PHOTO-2022-03-27-19-02-29-5-768x768.jpg 768w" sizes="(max-width: 300px) 100vw, 300px" /></a> <a href="https://blogsaverroes.juntadeandalucia.es/colelamercedjerez/files/2022/03/PHOTO-2022-03-27-19-02-29-6.jpg"><img loading="lazy" decoding="async" class="alignnone size-medium wp-image-2596" src="https://blogsaverroes.juntadeandalucia.es/colelamercedjerez/files/2022/03/PHOTO-2022-03-27-19-02-29-6-240x300.jpg" alt="" width="240" height="300" srcset="https://blogsaverroes.juntadeandalucia.es/colelamercedjerez/files/2022/03/PHOTO-2022-03-27-19-02-29-6-240x300.jpg 240w, https://blogsaverroes.juntadeandalucia.es/colelamercedjerez/files/2022/03/PHOTO-2022-03-27-19-02-29-6-768x960.jpg 768w, https://blogsaverroes.juntadeandalucia.es/colelamercedjerez/files/2022/03/PHOTO-2022-03-27-19-02-29-6.jpg 819w" sizes="(max-width: 240px) 100vw, 240px" /></a> <a href="https://blogsaverroes.juntadeandalucia.es/colelamercedjerez/files/2022/03/PHOTO-2022-03-27-19-02-29-7.jpg"><img loading="lazy" decoding="async" class="alignnone size-medium wp-image-2597" src="https://blogsaverroes.juntadeandalucia.es/colelamercedjerez/files/2022/03/PHOTO-2022-03-27-19-02-29-7-240x300.jpg" alt="" width="240" height="300" srcset="https://blogsaverroes.juntadeandalucia.es/colelamercedjerez/files/2022/03/PHOTO-2022-03-27-19-02-29-7-240x300.jpg 240w, https://blogsaverroes.juntadeandalucia.es/colelamercedjerez/files/2022/03/PHOTO-2022-03-27-19-02-29-7-768x960.jpg 768w, https://blogsaverroes.juntadeandalucia.es/colelamercedjerez/files/2022/03/PHOTO-2022-03-27-19-02-29-7.jpg 819w" sizes="(max-width: 240px) 100vw, 240px" /></a> <a href="https://blogsaverroes.juntadeandalucia.es/colelamercedjerez/files/2022/03/PHOTO-2022-03-27-19-02-29.jpg"><img loading="lazy" decoding="async" class="alignnone size-medium wp-image-2598" src="https://blogsaverroes.juntadeandalucia.es/colelamercedjerez/files/2022/03/PHOTO-2022-03-27-19-02-29-240x300.jpg" alt="" width="240" height="300" srcset="https://blogsaverroes.juntadeandalucia.es/colelamercedjerez/files/2022/03/PHOTO-2022-03-27-19-02-29-240x300.jpg 240w, https://blogsaverroes.juntadeandalucia.es/colelamercedjerez/files/2022/03/PHOTO-2022-03-27-19-02-29-768x960.jpg 768w, https://blogsaverroes.juntadeandalucia.es/colelamercedjerez/files/2022/03/PHOTO-2022-03-27-19-02-29.jpg 819w" sizes="(max-width: 240px) 100vw, 240px" /></a></p>

<p>¡Qué mejor manera para acabar la semana que con un taller para elaborar pizza! Aquí os dejamos los pasos que siguieron para su elaboración. Es evidente que lo mejor es el final, qué rica&#46;&#46;&#46;</p>
