{"id":2285,"date":"2020-10-10T14:04:04","date_gmt":"2020-10-10T14:04:04","guid":{"rendered":"https:\/\/blogsaverroes.juntadeandalucia.es\/colelamercedjerez\/?page_id=2285"},"modified":"2022-03-16T08:49:31","modified_gmt":"2022-03-16T08:49:31","slug":"aula-14","status":"publish","type":"page","link":"https:\/\/blogsaverroes.juntadeandalucia.es\/colelamercedjerez\/aula-14\/","title":{"rendered":"AULA 14"},"content":{"rendered":"<div style=\"width: 640px;\" class=\"wp-video\"><!--[if lt IE 9]><script>document.createElement('video');<\/script><![endif]-->\n<video class=\"wp-video-shortcode\" id=\"video-2285-1\" width=\"640\" height=\"352\" preload=\"metadata\" controls=\"controls\"><source type=\"video\/mp4\" src=\"https:\/\/blogsaverroes.juntadeandalucia.es\/colelamercedjerez\/files\/2022\/03\/VIDEO-2022-02-21-09-59-57-1.mp4?_=1\" \/><a href=\"https:\/\/blogsaverroes.juntadeandalucia.es\/colelamercedjerez\/files\/2022\/03\/VIDEO-2022-02-21-09-59-57-1.mp4\">https:\/\/blogsaverroes.juntadeandalucia.es\/colelamercedjerez\/files\/2022\/03\/VIDEO-2022-02-21-09-59-57-1.mp4<\/a><\/video><\/div>\n<p>El Aula 14 present\u00f3 de una manera muy divertida a nuestro personaje elegido para el D\u00eda de Andaluc\u00eda.&nbsp;<\/p>\n","protected":false},"excerpt":{"rendered":"<p>El Aula 14 present\u00f3 de una manera muy divertida a nuestro personaje elegido para el D\u00eda de Andaluc\u00eda.&nbsp;<\/p>\n","protected":false},"author":10924,"featured_media":0,"parent":0,"menu_order":0,"comment_status":"closed","ping_status":"closed","template":"","meta":{"ngg_post_thumbnail":0,"footnotes":"","_mc_calendar":[]},"aioseo_notices":[],"_links":{"self":[{"href":"https:\/\/blogsaverroes.juntadeandalucia.es\/colelamercedjerez\/wp-json\/wp\/v2\/pages\/2285"}],"collection":[{"href":"https:\/\/blogsaverroes.juntadeandalucia.es\/colelamercedjerez\/wp-json\/wp\/v2\/pages"}],"about":[{"href":"https:\/\/blogsaverroes.juntadeandalucia.es\/colelamercedjerez\/wp-json\/wp\/v2\/types\/page"}],"author":[{"embeddable":true,"href":"https:\/\/blogsaverroes.juntadeandalucia.es\/colelamercedjerez\/wp-json\/wp\/v2\/users\/10924"}],"replies":[{"embeddable":true,"href":"https:\/\/blogsaverroes.juntadeandalucia.es\/colelamercedjerez\/wp-json\/wp\/v2\/comments?post=2285"}],"version-history":[{"count":3,"href":"https:\/\/blogsaverroes.juntadeandalucia.es\/colelamercedjerez\/wp-json\/wp\/v2\/pages\/2285\/revisions"}],"predecessor-version":[{"id":2605,"href":"https:\/\/blogsaverroes.juntadeandalucia.es\/colelamercedjerez\/wp-json\/wp\/v2\/pages\/2285\/revisions\/2605"}],"wp:attachment":[{"href":"https:\/\/blogsaverroes.juntadeandalucia.es\/colelamercedjerez\/wp-json\/wp\/v2\/media?parent=2285"}],"curies":[{"name":"wp","href":"https:\/\/api.w.org\/{rel}","templated":true}]}}

<div style="width: 640px;" class="wp-video"><!--[if lt IE 9]><script>document.createElement('video');</script><![endif]-->
<video class="wp-video-shortcode" id="video-2285-1" width="640" height="352" preload="metadata" controls="controls"><source type="video/mp4" src="https://blogsaverroes.juntadeandalucia.es/colelamercedjerez/files/2022/03/VIDEO-2022-02-21-09-59-57-1.mp4?_=1" /><a href="https://blogsaverroes.juntadeandalucia.es/colelamercedjerez/files/2022/03/VIDEO-2022-02-21-09-59-57-1.mp4">https://blogsaverroes.juntadeandalucia.es/colelamercedjerez/files/2022/03/VIDEO-2022-02-21-09-59-57-1.mp4</a></video></div>
<p>El Aula 14 presentó de una manera muy divertida a nuestro personaje elegido para el Día de Andalucía.&nbsp;</p>

<p>El Aula 14 presentó de una manera muy divertida a nuestro personaje elegido para el Día de Andalucía.&nbsp;</p>
