{"id":2473,"date":"2020-12-10T09:38:18","date_gmt":"2020-12-10T09:38:18","guid":{"rendered":"https:\/\/blogsaverroes.juntadeandalucia.es\/colelamercedjerez\/?page_id=2473"},"modified":"2022-03-17T15:31:18","modified_gmt":"2022-03-17T15:31:18","slug":"logopedia-i","status":"publish","type":"page","link":"https:\/\/blogsaverroes.juntadeandalucia.es\/colelamercedjerez\/logopedia-i\/","title":{"rendered":"Logopedia I"},"content":{"rendered":"<h2>&nbsp;<\/h2>\n<h1><span style=\"color: #003366\">\u00bfQu\u00e9 pictograma elimina el aleteo?<\/span><\/h1>\n<h3 style=\"text-align: justify\"><span style=\"color: #008080\">Desde el Gabinete de logopedia de nuestro centro, hacen una interesante reflexi\u00f3n acerca de una de las conductas m\u00e1s significativas de las personas con autismo.<\/span><\/h3>\n<pre><a href=\"https:\/\/blogsaverroes.juntadeandalucia.es\/colelamercedjerez\/files\/2022\/03\/\u00bfQu\u00e9-pictograma-elimina-el-aleteo.png\">https:\/\/www.canva.com\/design\/DAE7PqiKVPA\/HhzvEIFXGbvc-dZ7LzNLSw\/edit?utm_content=DAE7PqiKVPA&amp;utm_campaign=designshare&amp;utm_medium=link2&amp;utm_source=sharebutton\r\n<\/a><a href=\"https:\/\/www.canva.com\/design\/DAE7PqiKVPA\/HhzvEIFXGbvc-dZ7LzNLSw\/edit?utm_content=DAE7PqiKVPA&amp;utm_campaign=designshare&amp;utm_medium=link2&amp;utm_source=sharebutton\" target=\"_blank\" rel=\"noopener noreferrer\"><img loading=\"lazy\" decoding=\"async\" class=\"aligncenter wp-image-2570 size-full\" src=\"https:\/\/blogsaverroes.juntadeandalucia.es\/colelamercedjerez\/files\/2022\/03\/\u00bfQu\u00e9-pictograma-elimina-el-aleteo.png\" alt=\"\" width=\"1131\" height=\"1600\" srcset=\"https:\/\/blogsaverroes.juntadeandalucia.es\/colelamercedjerez\/files\/2022\/03\/\u00bfQu\u00e9-pictograma-elimina-el-aleteo.png 1131w, https:\/\/blogsaverroes.juntadeandalucia.es\/colelamercedjerez\/files\/2022\/03\/\u00bfQu\u00e9-pictograma-elimina-el-aleteo-212x300.png 212w, https:\/\/blogsaverroes.juntadeandalucia.es\/colelamercedjerez\/files\/2022\/03\/\u00bfQu\u00e9-pictograma-elimina-el-aleteo-724x1024.png 724w, https:\/\/blogsaverroes.juntadeandalucia.es\/colelamercedjerez\/files\/2022\/03\/\u00bfQu\u00e9-pictograma-elimina-el-aleteo-768x1086.png 768w, https:\/\/blogsaverroes.juntadeandalucia.es\/colelamercedjerez\/files\/2022\/03\/\u00bfQu\u00e9-pictograma-elimina-el-aleteo-1086x1536.png 1086w\" sizes=\"(max-width: 1131px) 100vw, 1131px\" \/><\/a><\/pre>\n<p>&nbsp;<\/p>\n","protected":false},"excerpt":{"rendered":"<p>&nbsp; \u00bfQu\u00e9 pictograma elimina el aleteo? Desde el Gabinete de logopedia de nuestro centro, hacen una interesante reflexi\u00f3n acerca de una de las conductas m\u00e1s significativas de las personas con autismo. https:\/\/www.canva.com\/design\/DAE7PqiKVPA\/HhzvEIFXGbvc-dZ7LzNLSw\/edit?utm_content=DAE7PqiKVPA&amp;utm_campaign=designshare&amp;utm_medium=link2&amp;utm_source=sharebutton &nbsp;<\/p>\n","protected":false},"author":10924,"featured_media":0,"parent":0,"menu_order":0,"comment_status":"closed","ping_status":"closed","template":"","meta":{"ngg_post_thumbnail":0,"footnotes":"","_mc_calendar":[]},"aioseo_notices":[],"_links":{"self":[{"href":"https:\/\/blogsaverroes.juntadeandalucia.es\/colelamercedjerez\/wp-json\/wp\/v2\/pages\/2473"}],"collection":[{"href":"https:\/\/blogsaverroes.juntadeandalucia.es\/colelamercedjerez\/wp-json\/wp\/v2\/pages"}],"about":[{"href":"https:\/\/blogsaverroes.juntadeandalucia.es\/colelamercedjerez\/wp-json\/wp\/v2\/types\/page"}],"author":[{"embeddable":true,"href":"https:\/\/blogsaverroes.juntadeandalucia.es\/colelamercedjerez\/wp-json\/wp\/v2\/users\/10924"}],"replies":[{"embeddable":true,"href":"https:\/\/blogsaverroes.juntadeandalucia.es\/colelamercedjerez\/wp-json\/wp\/v2\/comments?post=2473"}],"version-history":[{"count":4,"href":"https:\/\/blogsaverroes.juntadeandalucia.es\/colelamercedjerez\/wp-json\/wp\/v2\/pages\/2473\/revisions"}],"predecessor-version":[{"id":2571,"href":"https:\/\/blogsaverroes.juntadeandalucia.es\/colelamercedjerez\/wp-json\/wp\/v2\/pages\/2473\/revisions\/2571"}],"wp:attachment":[{"href":"https:\/\/blogsaverroes.juntadeandalucia.es\/colelamercedjerez\/wp-json\/wp\/v2\/media?parent=2473"}],"curies":[{"name":"wp","href":"https:\/\/api.w.org\/{rel}","templated":true}]}}

<h2>&nbsp;</h2>
<h1><span style="color: #003366">¿Qué pictograma elimina el aleteo?</span></h1>
<h3 style="text-align: justify"><span style="color: #008080">Desde el Gabinete de logopedia de nuestro centro, hacen una interesante reflexión acerca de una de las conductas más significativas de las personas con autismo.</span></h3>
<pre><a href="https://blogsaverroes.juntadeandalucia.es/colelamercedjerez/files/2022/03/¿Qué-pictograma-elimina-el-aleteo.png">https://www.canva.com/design/DAE7PqiKVPA/HhzvEIFXGbvc-dZ7LzNLSw/edit?utm_content=DAE7PqiKVPA&amp;utm_campaign=designshare&amp;utm_medium=link2&amp;utm_source=sharebutton
</a><a href="https://www.canva.com/design/DAE7PqiKVPA/HhzvEIFXGbvc-dZ7LzNLSw/edit?utm_content=DAE7PqiKVPA&amp;utm_campaign=designshare&amp;utm_medium=link2&amp;utm_source=sharebutton" target="_blank" rel="noopener noreferrer"><img loading="lazy" decoding="async" class="aligncenter wp-image-2570 size-full" src="https://blogsaverroes.juntadeandalucia.es/colelamercedjerez/files/2022/03/¿Qué-pictograma-elimina-el-aleteo.png" alt="" width="1131" height="1600" srcset="https://blogsaverroes.juntadeandalucia.es/colelamercedjerez/files/2022/03/¿Qué-pictograma-elimina-el-aleteo.png 1131w, https://blogsaverroes.juntadeandalucia.es/colelamercedjerez/files/2022/03/¿Qué-pictograma-elimina-el-aleteo-212x300.png 212w, https://blogsaverroes.juntadeandalucia.es/colelamercedjerez/files/2022/03/¿Qué-pictograma-elimina-el-aleteo-724x1024.png 724w, https://blogsaverroes.juntadeandalucia.es/colelamercedjerez/files/2022/03/¿Qué-pictograma-elimina-el-aleteo-768x1086.png 768w, https://blogsaverroes.juntadeandalucia.es/colelamercedjerez/files/2022/03/¿Qué-pictograma-elimina-el-aleteo-1086x1536.png 1086w" sizes="(max-width: 1131px) 100vw, 1131px" /></a></pre>
<p>&nbsp;</p>

<p>&nbsp; ¿Qué pictograma elimina el aleteo? Desde el Gabinete de logopedia de nuestro centro, hacen una interesante reflexión acerca de una de las conductas más significativas de las personas con autismo. https://www.canva.com/design/DAE7PqiKVPA/HhzvEIFXGbvc-dZ7LzNLSw/edit?utm_content=DAE7PqiKVPA&amp;utm_campaign=designshare&amp;utm_medium=link2&amp;utm_source=sharebutton &nbsp;</p>
