{"id":1476,"date":"2025-02-18T12:25:45","date_gmt":"2025-02-18T11:25:45","guid":{"rendered":"https:\/\/blogsaverroes.juntadeandalucia.es\/colelasalud\/?page_id=1476"},"modified":"2025-02-21T11:53:56","modified_gmt":"2025-02-21T10:53:56","slug":"consejo-escolar","status":"publish","type":"page","link":"https:\/\/blogsaverroes.juntadeandalucia.es\/colelasalud\/consejo-escolar\/","title":{"rendered":"Consejo Escolar"},"content":{"rendered":"\t\t<div data-elementor-type=\"wp-page\" data-elementor-id=\"1476\" class=\"elementor elementor-1476\">\n\t\t\t\t<div class=\"elementor-element elementor-element-3cb182e e-flex e-con-boxed e-con e-parent\" data-id=\"3cb182e\" data-element_type=\"container\">\n\t\t\t\t\t<div class=\"e-con-inner\">\n\t\t\t\t<div class=\"elementor-element elementor-element-9e7c19a elementor-widget elementor-widget-image\" data-id=\"9e7c19a\" data-element_type=\"widget\" data-widget_type=\"image.default\">\n\t\t\t\t<div class=\"elementor-widget-container\">\n\t\t\t\t\t\t\t\t\t\t\t\t\t\t\t<img decoding=\"async\" width=\"264\" height=\"148\" src=\"https:\/\/blogsaverroes.juntadeandalucia.es\/colelasalud\/files\/2025\/02\/Sin-titulo.jpg\" class=\"attachment-full size-full wp-image-1479\" alt=\"\" \/>\t\t\t\t\t\t\t\t\t\t\t\t\t\t\t<\/div>\n\t\t\t\t<\/div>\n\t\t\t\t<div class=\"elementor-element elementor-element-e226de9 elementor-widget elementor-widget-text-editor\" data-id=\"e226de9\" data-element_type=\"widget\" data-widget_type=\"text-editor.default\">\n\t\t\t\t<div class=\"elementor-widget-container\">\n\t\t\t\t\t\t\t\t\t<div id=\"Info-table-wrap-5067\" class=\"ult_pricing_heading\"><h3 class=\"ult-responsive\"><span style=\"color: #212529;font-family: 'Source Sans Pro', 'Helvetica Neue', Helvetica, Arial, sans-serif;font-size: 15px;background-color: #ffffff\">El Consejo escolar es un \u00f3rgano colegiado de Participaci\u00f3n de la comunidad educativa en el gobierno del centro. La Constituci\u00f3n Espa\u00f1ola, en su art\u00edculo 27, establece que &#8220;Los profesores, los padres y, en su caso, los alumnos intervendr\u00e1n en el control y gesti\u00f3n de todos los centros sostenidos por la Administraci\u00f3n con fondos p\u00fablicos&#8221;; este principio de participaci\u00f3n constituye el principal instrumento para que toda la comunidad educativa pueda implicarse directamente en la toma de decisiones del mismo.<\/span><\/h3><h3 class=\"ult-responsive\">\u00a0<\/h3><h3 class=\"ult-responsive\">MIEMBROS DEL CONSEJO ESCOLAR<\/h3><h5 class=\"ult-responsive\">\u00a0<\/h5><\/div><ul><li>Equipo Directivo \u2013 Inmaculada C. Jim\u00e9nez Chac\u00f3n. (Directora)<\/li><li>Equipo Directivo \u2013 Antonio Llamas Galisteo. (Jefe de Estudios)<\/li><li>Equipo Directivo \u2013 Mar\u00eda \u00c1ngeles Camacho. Hern\u00e1ndez (Secretaria)<\/li><li>Profesorado \u2013 Mar\u00eda Jos\u00e9 Arroyo Jim\u00e9nez.<\/li><li>Profesorado \u2013 Mar\u00eda Dolores Henares Prados.<\/li><li>Profesorado \u2013 Montserrat Lorente L\u00f3pez.<\/li><li>Profesorado \u2013 Mar\u00eda Gracia Lucena Blanco.<\/li><li>Profesorado \u2013 Elisa M\u00aa P\u00e1ez Rodr\u00edguez.<\/li><li>Profesorado \u2013 Mar\u00eda Jos\u00e9 Piernagorda Aguilera.<\/li><li>Madres\/Padres\/Tutores \u2013 Sara Cobos Lorite.<\/li><li>Madres\/Padres\/Tutores \u2013 Eva M\u00aa Jim\u00e9nez Corro.<\/li><li>Madres\/Padres\/Tutores \u2013 Ana Isabel Mahedero Guill\u00e9n.<\/li><li>Madres\/Padres\/Tutores \u2013 Alvaro Moreno Corro.<\/li><li>Madres\/Padres\/Tutores \u2013 Ver\u00f3nica Requena Gir\u00e1ldez.<\/li><li>Madres\/Padres\/Tutores \u2013 Mirian Yamuza Coca.<\/li><li>Representante AMPA DULAS \u2013 \u00c1ngel Fern\u00e1ndez G\u00f3mez.<\/li><li>Representante Personal Admon. y Servicios: Encarnaci\u00f3n Blasco Cruz.<\/li><li>Representante Ayuntamiento: Mar\u00eda Salud Navajas Gonz\u00e1lez.<\/li><li>Representante Personal Administraci\u00f3n Educativa: Lourdes Espinar Mar\u00edn<\/li><\/ul>\t\t\t\t\t\t\t\t<\/div>\n\t\t\t\t<\/div>\n\t\t\t\t\t<\/div>\n\t\t\t\t<\/div>\n\t\t\t\t<\/div>\n\t\t","protected":false},"excerpt":{"rendered":"<p>El Consejo escolar es un \u00f3rgano colegiado de Participaci\u00f3n de la comunidad educativa en el gobierno del centro. La Constituci\u00f3n Espa\u00f1ola, en su art\u00edculo 27, establece que &#8220;Los profesores, los padres y, en su&#46;&#46;&#46;<\/p>\n","protected":false},"author":17292,"featured_media":0,"parent":0,"menu_order":0,"comment_status":"closed","ping_status":"closed","template":"","meta":{"_exactmetrics_skip_tracking":false,"_exactmetrics_sitenote_active":false,"_exactmetrics_sitenote_note":"","_exactmetrics_sitenote_category":0,"ngg_post_thumbnail":0,"footnotes":"","_mc_calendar":[]},"aioseo_notices":[],"_links":{"self":[{"href":"https:\/\/blogsaverroes.juntadeandalucia.es\/colelasalud\/wp-json\/wp\/v2\/pages\/1476"}],"collection":[{"href":"https:\/\/blogsaverroes.juntadeandalucia.es\/colelasalud\/wp-json\/wp\/v2\/pages"}],"about":[{"href":"https:\/\/blogsaverroes.juntadeandalucia.es\/colelasalud\/wp-json\/wp\/v2\/types\/page"}],"author":[{"embeddable":true,"href":"https:\/\/blogsaverroes.juntadeandalucia.es\/colelasalud\/wp-json\/wp\/v2\/users\/17292"}],"replies":[{"embeddable":true,"href":"https:\/\/blogsaverroes.juntadeandalucia.es\/colelasalud\/wp-json\/wp\/v2\/comments?post=1476"}],"version-history":[{"count":10,"href":"https:\/\/blogsaverroes.juntadeandalucia.es\/colelasalud\/wp-json\/wp\/v2\/pages\/1476\/revisions"}],"predecessor-version":[{"id":1678,"href":"https:\/\/blogsaverroes.juntadeandalucia.es\/colelasalud\/wp-json\/wp\/v2\/pages\/1476\/revisions\/1678"}],"wp:attachment":[{"href":"https:\/\/blogsaverroes.juntadeandalucia.es\/colelasalud\/wp-json\/wp\/v2\/media?parent=1476"}],"curies":[{"name":"wp","href":"https:\/\/api.w.org\/{rel}","templated":true}]}}