{"id":836,"date":"2020-12-18T08:37:22","date_gmt":"2020-12-18T07:37:22","guid":{"rendered":"https:\/\/blogsaverroes.juntadeandalucia.es\/pre\/plantilla-pencil\/?page_id=836"},"modified":"2025-03-25T11:05:57","modified_gmt":"2025-03-25T10:05:57","slug":"actividades-extraescolares","status":"publish","type":"page","link":"https:\/\/blogsaverroes.juntadeandalucia.es\/colelasalud\/actividades-extraescolares\/","title":{"rendered":"Actividades extraescolares"},"content":{"rendered":"\t\t<div data-elementor-type=\"wp-page\" data-elementor-id=\"836\" class=\"elementor elementor-836\">\n\t\t\t\t<div class=\"elementor-element elementor-element-23dce2f e-flex e-con-boxed e-con e-parent\" data-id=\"23dce2f\" data-element_type=\"container\">\n\t\t\t\t\t<div class=\"e-con-inner\">\n\t\t\t\t<div class=\"elementor-element elementor-element-845508a elementor-widget elementor-widget-image\" data-id=\"845508a\" data-element_type=\"widget\" data-widget_type=\"image.default\">\n\t\t\t\t<div class=\"elementor-widget-container\">\n\t\t\t\t\t\t\t\t\t\t\t\t\t\t\t<img decoding=\"async\" width=\"122\" height=\"151\" src=\"https:\/\/blogsaverroes.juntadeandalucia.es\/colelasalud\/files\/2025\/02\/logo.jpg\" class=\"attachment-large size-large wp-image-1455\" alt=\"\" \/>\t\t\t\t\t\t\t\t\t\t\t\t\t\t\t<\/div>\n\t\t\t\t<\/div>\n\t\t\t\t\t<\/div>\n\t\t\t\t<\/div>\n\t\t<div class=\"elementor-element elementor-element-963c43b e-flex e-con-boxed e-con e-parent\" data-id=\"963c43b\" data-element_type=\"container\">\n\t\t\t\t\t<div class=\"e-con-inner\">\n\t\t\t\t<div class=\"elementor-element elementor-element-51ba54a elementor-widget elementor-widget-text-editor\" data-id=\"51ba54a\" data-element_type=\"widget\" data-widget_type=\"text-editor.default\">\n\t\t\t\t<div class=\"elementor-widget-container\">\n\t\t\t\t\t\t\t\t\t<h4 style=\"margin-bottom: 14px;border-width: 0px;border-style: initial;font-weight: 400;font-size: 1.5em;line-height: 1.3em;font-family: Titillium, Arial, sans-serif;color: #444444;letter-spacing: -0.3px;background-color: #ffffff\">\u00a0<\/h4><p style=\"margin-top: 0px;margin-bottom: 1em;border-width: 0px;border-style: initial;font-size: 18px;line-height: inherit;font-family: Titillium, Arial, sans-serif;color: #666666;background-color: #ffffff\">La empresa <b>ACTCOM SERVICIOS<\/b>\u00a0es la encargada\u00a0del servicio de Actividades Extraescolares en nuestro centro escolar como proveedor homologado por la\u00a0<a style=\"margin: 0px;padding: 0px;border: 0px;font: inherit;vertical-align: baseline;color: #c13100\" href=\"https:\/\/href.li\/?https:\/\/www.juntadeandalucia.es\/temas\/contratacion-publica\/perfiles-licitaciones\/perfiles-contratante\/detalle\/COED02.html\">Agencia P\u00fablica Andaluza de Educaci\u00f3n<\/a>.<\/p><h4 id=\"mce_67\" style=\"margin-bottom: 14px;border-width: 0px;border-style: initial;font-weight: 400;font-size: 1.5em;line-height: 1.3em;font-family: Titillium, Arial, sans-serif;color: #444444;letter-spacing: -0.3px;background-color: #ffffff\"><span style=\"margin: 0px;padding: 0px;border: 0px;font-style: inherit;font-variant: inherit;font-weight: 600;font-size: inherit;line-height: inherit;font-family: inherit;vertical-align: baseline\">\u00bfC\u00d3MO FUNCIONA?<\/span><\/h4><p style=\"margin-top: 0px;margin-bottom: 1em;border-width: 0px;border-style: initial;font-size: 18px;line-height: inherit;font-family: Titillium, Arial, sans-serif;color: #666666;background-color: #ffffff\">Hasta el 25 de septiembre pueden darse de alta o baja para las actividades extraescolares previstas que se muestras a continuaci\u00f3n. Fecha de inicio del servicio el 1 de octubre de 2024 y su finalizaci\u00f3n ser\u00e1 el 31 de mayo de 2025, solo habr\u00e1 servicio los d\u00edas lectivos.\u00a0 \u00a0A continuaci\u00f3n, dejamos las\u00a0<span class=\"skimlinks-unlinked\" style=\"margin: 0px;padding: 0px;border: 0px;font: inherit;vertical-align: baseline\">AA.EE<\/span>\u00a0que siguen en marcha:<\/p><p><img fetchpriority=\"high\" decoding=\"async\" class=\"aligncenter wp-image-1457 size-full\" src=\"https:\/\/blogsaverroes.juntadeandalucia.es\/colelasalud\/files\/2025\/02\/Horario-Escolar-Ludoteca-Grupo-Colores-Infantil-Juvenil-Ilustrado-Azul-Blanco.jpg\" alt=\"\" width=\"2000\" height=\"1414\" srcset=\"https:\/\/blogsaverroes.juntadeandalucia.es\/colelasalud\/files\/2025\/02\/Horario-Escolar-Ludoteca-Grupo-Colores-Infantil-Juvenil-Ilustrado-Azul-Blanco.jpg 2000w, https:\/\/blogsaverroes.juntadeandalucia.es\/colelasalud\/files\/2025\/02\/Horario-Escolar-Ludoteca-Grupo-Colores-Infantil-Juvenil-Ilustrado-Azul-Blanco-300x212.jpg 300w, https:\/\/blogsaverroes.juntadeandalucia.es\/colelasalud\/files\/2025\/02\/Horario-Escolar-Ludoteca-Grupo-Colores-Infantil-Juvenil-Ilustrado-Azul-Blanco-1024x724.jpg 1024w, https:\/\/blogsaverroes.juntadeandalucia.es\/colelasalud\/files\/2025\/02\/Horario-Escolar-Ludoteca-Grupo-Colores-Infantil-Juvenil-Ilustrado-Azul-Blanco-768x543.jpg 768w, https:\/\/blogsaverroes.juntadeandalucia.es\/colelasalud\/files\/2025\/02\/Horario-Escolar-Ludoteca-Grupo-Colores-Infantil-Juvenil-Ilustrado-Azul-Blanco-1536x1086.jpg 1536w\" sizes=\"(max-width: 2000px) 100vw, 2000px\" \/><\/p><p style=\"margin-top: 0px;margin-bottom: 1em;border-width: 0px;border-style: initial;font-size: 18px;line-height: inherit;font-family: Titillium, Arial, sans-serif;color: #666666;background-color: #ffffff\"><sup style=\"margin: 0px;padding: 0px;border: 0px;font-style: inherit;font-variant: inherit;font-weight: inherit;font-size: 11.25px;line-height: inherit;font-family: inherit\">1<\/sup>Equipamientos de protecci\u00f3n obligatorios (Casco, Rodilleras, Coderas).<\/p><p style=\"margin-top: 0px;margin-bottom: 1em;border-width: 0px;border-style: initial;font-size: 18px;line-height: inherit;font-family: Titillium, Arial, sans-serif;color: #666666;background-color: #ffffff\"><span style=\"margin: 0px;padding: 0px;border: 0px;font-style: inherit;font-variant: inherit;font-weight: 600;font-size: inherit;line-height: inherit;font-family: inherit;vertical-align: baseline\">INFORMACI\u00d3N PARA USUARIOS\/AS DEL SERVICIO DE AA.EE<\/span><\/p><ol style=\"margin-top: 0px;margin-bottom: 15px;margin-left: 30px;padding-left: 0px;border-width: 0px;border-style: initial;font-size: 18px;line-height: inherit;font-family: Titillium, Arial, sans-serif;color: #666666;background-color: #ffffff\"><li style=\"margin-top: 0px;margin-bottom: 0px;margin-left: 0px;border-width: 0px;border-style: initial;font: inherit\"><ul style=\"margin-top: 0px;margin-bottom: 0px;margin-left: 30px;padding-left: 0px;border-width: 0px;border-style: initial;font: inherit\"><li style=\"margin-top: 0px;margin-bottom: 0px;margin-left: 0px;border-width: 0px;border-style: initial;font: inherit;list-style-type: square\">El\u00a0<span style=\"margin: 0px;padding: 0px;border: 0px;font-style: inherit;font-variant: inherit;font-weight: 600;font-size: inherit;line-height: inherit;font-family: inherit;vertical-align: baseline\">inicio\u00a0<\/span>de las actividades extraescolares ser\u00e1 el 1 de octubre.<\/li><\/ul><ul style=\"margin-top: 0px;margin-bottom: 0px;margin-left: 30px;padding-left: 0px;border-width: 0px;border-style: initial;font: inherit\"><li style=\"margin-top: 0px;margin-bottom: 0px;margin-left: 0px;border-width: 0px;border-style: initial;font: inherit;list-style-type: square\">Las actividades extraescolares\u00a0<span style=\"margin: 0px;padding: 0px;border: 0px;font-style: inherit;font-variant: inherit;font-weight: 600;font-size: inherit;line-height: inherit;font-family: inherit;vertical-align: baseline\">terminar\u00e1n\u00a0<\/span>el 31 de mayo.<\/li><\/ul><ul style=\"margin-top: 0px;margin-bottom: 0px;margin-left: 30px;padding-left: 0px;border-width: 0px;border-style: initial;font: inherit\"><li style=\"margin-top: 0px;margin-bottom: 0px;margin-left: 0px;border-width: 0px;border-style: initial;font: inherit;list-style-type: square\">Las<span style=\"margin: 0px;padding: 0px;border: 0px;font-style: inherit;font-variant: inherit;font-weight: 600;font-size: inherit;line-height: inherit;font-family: inherit;vertical-align: baseline\">\u00a0altas, bajas y modificaciones<\/span>\u00a0se realizan antes del d\u00eda\u00a0<span style=\"margin: 0px;padding: 0px;border: 0px;font-style: inherit;font-variant: inherit;font-weight: 600;font-size: inherit;line-height: inherit;font-family: inherit;vertical-align: baseline\">25\u00a0<\/span>en la\u00a0<span style=\"margin: 0px;padding: 0px;border: 0px;font-style: inherit;font-variant: inherit;font-weight: 600;font-size: inherit;line-height: inherit;font-family: inherit;vertical-align: baseline\">secretar\u00eda\u00a0<\/span>del centro en su horario, para que sean efectivas desde el d\u00eda 1 del mes siguiente.<\/li><\/ul><ul style=\"margin-top: 0px;margin-bottom: 0px;margin-left: 30px;padding-left: 0px;border-width: 0px;border-style: initial;font: inherit\"><li style=\"margin-top: 0px;margin-bottom: 0px;margin-left: 0px;border-width: 0px;border-style: initial;font: inherit;list-style-type: square\">ACTCOM propondr\u00e1 al centro la p\u00e9rdida (baja) de la condici\u00f3n de usuario\/a cuando:<br \/><ul style=\"margin-top: 0px;margin-bottom: 0px;margin-left: 30px;padding-left: 0px;border-width: 0px;border-style: initial;font: inherit\"><li style=\"margin-top: 0px;margin-bottom: 0px;margin-left: 0px;border-width: 0px;border-style: initial;font: inherit;list-style-type: square\">El\/la usuario\/a\u00a0<span style=\"margin: 0px;padding: 0px;border: 0px;font-style: inherit;font-variant: inherit;font-weight: 600;font-size: inherit;line-height: inherit;font-family: inherit;vertical-align: baseline\">no est\u00e9 al corriente del pago<\/span>\u00a0los recibos del servicio de la\/las actividad\/es extraescolar\/es.<\/li><li style=\"margin-top: 0px;margin-bottom: 0px;margin-left: 0px;border-width: 0px;border-style: initial;font: inherit;list-style-type: square\">Cuando el\/la usuario\/a\u00a0<span style=\"margin: 0px;padding: 0px;border: 0px;font-style: inherit;font-variant: inherit;font-weight: 600;font-size: inherit;line-height: inherit;font-family: inherit;vertical-align: baseline\">no utilice el servicio<\/span>\u00a0de actividades extraescolares durante cinco d\u00edas consecutivos sin causa justificada.<\/li><li style=\"margin-top: 0px;margin-bottom: 0px;margin-left: 0px;border-width: 0px;border-style: initial;font: inherit;list-style-type: square\">Por cualquier\u00a0<span style=\"margin: 0px;padding: 0px;border: 0px;font-style: inherit;font-variant: inherit;font-weight: 600;font-size: inherit;line-height: inherit;font-family: inherit;vertical-align: baseline\">comportamiento inadecuado<\/span>\u00a0que se recoja en el Reglamento de Organizaci\u00f3n y Funcionamiento del centro.<\/li><\/ul><\/li><\/ul><ul style=\"margin-top: 0px;margin-bottom: 0px;margin-left: 30px;padding-left: 0px;border-width: 0px;border-style: initial;font: inherit\"><li style=\"margin-top: 0px;margin-bottom: 0px;margin-left: 0px;border-width: 0px;border-style: initial;font: inherit;list-style-type: square\">Precio de una actividad sin bonificar es de\u00a0<span style=\"margin: 0px;padding: 0px;border: 0px;font-style: inherit;font-variant: inherit;font-weight: 600;font-size: inherit;line-height: inherit;font-family: inherit;vertical-align: baseline\">17,51\u20ac<\/span>, a continuaci\u00f3n dejamos una tabla con los precios seg\u00fan bonificaci\u00f3n:<\/li><\/ul><figure class=\"wp-block-image aligncenter size-full is-resized\" style=\"margin-top: 0px;margin-bottom: 0px;padding: 0px;border: 0px;font: inherit;vertical-align: baseline;clear: both;text-align: center\"><a style=\"margin: 0px;padding: 0px;border: 0px;font: inherit;vertical-align: baseline;color: #c13100\" href=\"https:\/\/blogsaverroes.juntadeandalucia.es\/ceipelmanantial\/files\/2023\/09\/Bonificaciones-23-24.png\"><img decoding=\"async\" class=\"aligncenter wp-image-3743 size-large\" style=\"margin-top: 18px;margin-bottom: 18px;border-width: 0px;border-style: initial;font: inherit;vertical-align: bottom;clear: both\" src=\"https:\/\/blogsaverroes.juntadeandalucia.es\/ceipelmanantial\/files\/2023\/09\/Bonificaciones-23-24-1024x258.png\" alt=\"\" width=\"1024\" height=\"258\" \/><\/a><\/figure><p style=\"margin-top: 0px;margin-bottom: 1em;border-width: 0px;border-style: initial;font: inherit\"><span style=\"margin: 0px;padding: 0px;border: 0px;font-style: inherit;font-variant: inherit;font-weight: 600;font-size: inherit;line-height: inherit;font-family: inherit;vertical-align: baseline\">*EL PRECIO BONIFICADO SOLO SE APLICA A AUNA ACTIVIDAD EXTRAESCOLAR.<\/span><\/p><ul style=\"margin-top: 0px;margin-bottom: 0px;margin-left: 30px;padding-left: 0px;border-width: 0px;border-style: initial;font: inherit\"><li style=\"margin-top: 0px;margin-bottom: 0px;margin-left: 0px;border-width: 0px;border-style: initial;font: inherit;list-style-type: square\">La\u00a0<span style=\"margin: 0px;padding: 0px;border: 0px;font-style: inherit;font-variant: inherit;font-weight: 600;font-size: inherit;line-height: inherit;font-family: inherit;vertical-align: baseline\">bonificaci\u00f3n se solicita en la\u00a0<a href=\"https:\/\/blogsaverroes.juntadeandalucia.es\/colelasalud\/secretaria\/\">secretar\u00eda<\/a><\/span>\u00a0del centro del 1 al 5 de septiembre y tendr\u00e1 una deducci\u00f3n en el precio del 0% al 100% del precio estipulado, pero s\u00f3lo\u00a0<span style=\"margin: 0px;padding: 0px;border: 0px;font-style: inherit;font-variant: inherit;font-weight: 600;font-size: inherit;line-height: inherit;font-family: inherit;vertical-align: baseline\">se aplica a una actividad\u00a0<\/span>extraescolar.<br \/><h6 style=\"margin-bottom: 14px;border-width: 0px;border-style: initial;font-style: inherit;font-variant: inherit;font-weight: 600;font-size: 1.125em;line-height: 1.3em;font-family: inherit;color: #444444;text-transform: uppercase\">\u00a0<\/h6><ul style=\"margin-top: 0px;margin-bottom: 0px;margin-left: 30px;padding-left: 0px;border-width: 0px;border-style: initial;font: inherit\"><li style=\"margin-top: 0px;margin-bottom: 0px;margin-left: 0px;border-width: 0px;border-style: initial;font: inherit;list-style-type: square\"><p style=\"margin-top: 0px;margin-bottom: 1em;border-width: 0px;border-style: initial;font: inherit\">No se aceptar\u00e1n altas o bajas fuera de este plazo.<\/p><\/li><\/ul><ul style=\"margin-top: 0px;margin-bottom: 0px;margin-left: 30px;padding-left: 0px;border-width: 0px;border-style: initial;font: inherit\"><li style=\"margin-top: 0px;margin-bottom: 0px;margin-left: 0px;border-width: 0px;border-style: initial;font: inherit;list-style-type: square\"><p style=\"margin-top: 0px;margin-bottom: 1em;border-width: 0px;border-style: initial;font: inherit\">La\u00a0<span style=\"margin: 0px;padding: 0px;border: 0px;font-style: inherit;font-variant: inherit;font-weight: 600;font-size: inherit;line-height: inherit;font-family: inherit;vertical-align: baseline\">no asistencia a las actividades no implica la baja<\/span>\u00a0de las mismas. Por lo que se ruega comunicar la baja ya que si no se le seguir\u00e1 cobrando la cuota correspondiente.<\/p><\/li><\/ul><ul style=\"margin-top: 0px;margin-bottom: 0px;margin-left: 30px;padding-left: 0px;border-width: 0px;border-style: initial;font: inherit\"><li style=\"margin-top: 0px;margin-bottom: 0px;margin-left: 0px;border-width: 0px;border-style: initial;font: inherit;list-style-type: square\">Los\u00a0<span style=\"margin: 0px;padding: 0px;border: 0px;font-style: inherit;font-variant: inherit;font-weight: 600;font-size: inherit;line-height: inherit;font-family: inherit;vertical-align: baseline\">cobros se har\u00e1n a mes corriente\u00a0<\/span>entre el d\u00eda 1 y 10 de cada mes en la cuenta bancaria proporcionada en la solicitud al centro y se la siguiente forma:<br \/><ul style=\"margin-top: 0px;margin-bottom: 0px;margin-left: 30px;padding-left: 0px;border-width: 0px;border-style: initial;font: inherit\"><li style=\"margin-top: 0px;margin-bottom: 0px;margin-left: 0px;border-width: 0px;border-style: initial;font: inherit;list-style-type: square\"><span style=\"margin: 0px;padding: 0px;border: 0px;font-style: inherit;font-variant: inherit;font-weight: 600;font-size: inherit;line-height: inherit;font-family: inherit;vertical-align: baseline\">Octubre y Noviembre\u00a0<\/span>se cobrar\u00e1n a lo largo del mes de noviembre, si no us\u00f3 el servicio en octubre, solo se le cobrar\u00e1 la cuota de noviembre a lo largo de dicho mes.<\/li><li style=\"margin-top: 0px;margin-bottom: 0px;margin-left: 0px;border-width: 0px;border-style: initial;font: inherit;list-style-type: square\"><span style=\"margin: 0px;padding: 0px;border: 0px;font-style: inherit;font-variant: inherit;font-weight: 600;font-size: inherit;line-height: inherit;font-family: inherit;vertical-align: baseline\">Diciembre y los meses sucesivos<\/span>\u00a0se cobrar\u00e1n del 1 al 10 de cada mes y el cobro corresponder\u00e1 al mes en el que se cobre.<\/li><\/ul><\/li><\/ul><ul style=\"margin-top: 0px;margin-bottom: 0px;margin-left: 30px;padding-left: 0px;border-width: 0px;border-style: initial;font: inherit\"><li style=\"margin-top: 0px;margin-bottom: 0px;margin-left: 0px;border-width: 0px;border-style: initial;font: inherit;list-style-type: square\">Cualquier cambio se debe notificar al Centro. La cuota es por meses completos,<span style=\"margin: 0px;padding: 0px;border: 0px;font-style: inherit;font-variant: inherit;font-weight: 600;font-size: inherit;line-height: inherit;font-family: inherit;vertical-align: baseline\">\u00a0no hay partes proporcionales ni d\u00edas sueltos<\/span>.<\/li><\/ul><ul style=\"margin-top: 0px;margin-bottom: 0px;margin-left: 30px;padding-left: 0px;border-width: 0px;border-style: initial;font: inherit\"><li style=\"margin-top: 0px;margin-bottom: 0px;margin-left: 0px;border-width: 0px;border-style: initial;font: inherit;list-style-type: square\"><span style=\"margin: 0px;padding: 0px;border: 0px;font-style: inherit;font-variant: inherit;font-weight: 600;font-size: inherit;line-height: inherit;font-family: inherit;vertical-align: baseline\">No existe la posibilidad de probar<\/span>\u00a0un taller sin darse de alta.<\/li><\/ul><ul style=\"margin-top: 0px;margin-bottom: 0px;margin-left: 30px;padding-left: 0px;border-width: 0px;border-style: initial;font: inherit\"><li style=\"margin-top: 0px;margin-bottom: 0px;margin-left: 0px;border-width: 0px;border-style: initial;font: inherit;list-style-type: square\">Si quiere\u00a0<span style=\"margin: 0px;padding: 0px;border: 0px;font-style: inherit;font-variant: inherit;font-weight: 600;font-size: inherit;line-height: inherit;font-family: inherit;vertical-align: baseline\">cambiar de cuenta bancaria\u00a0<\/span>por el motivo que sea, debe contactar con el Centro.<\/li><\/ul><ul style=\"margin-top: 0px;margin-bottom: 0px;margin-left: 30px;padding-left: 0px;border-width: 0px;border-style: initial;font: inherit\"><li style=\"margin-top: 0px;margin-bottom: 0px;margin-left: 0px;border-width: 0px;border-style: initial;font: inherit;list-style-type: square\">La\u00a0<span style=\"margin: 0px;padding: 0px;border: 0px;font-style: inherit;font-variant: inherit;font-weight: 600;font-size: inherit;line-height: inherit;font-family: inherit;vertical-align: baseline\">devoluci\u00f3n de los recibos\u00a0<\/span>tendr\u00e1 un coste de 4 euros.<\/li><\/ul><\/li><\/ul><h6 class=\"wp-block-image aligncenter size-large is-resized\" style=\"margin-top: 0px;margin-bottom: 14px;border-width: 0px;border-style: initial;font-style: inherit;font-variant: inherit;font-weight: 600;font-size: 1.125em;line-height: 1.3em;font-family: inherit;color: #444444;clear: both;text-transform: uppercase;text-align: center\">\u00a0<\/h6><\/li><\/ol>\t\t\t\t\t\t\t\t<\/div>\n\t\t\t\t<\/div>\n\t\t\t\t\t<\/div>\n\t\t\t\t<\/div>\n\t\t\t\t<\/div>\n\t\t","protected":false},"excerpt":{"rendered":"<p>\u00a0 La empresa ACTCOM SERVICIOS\u00a0es la encargada\u00a0del servicio de Actividades Extraescolares en nuestro centro escolar como proveedor homologado por la\u00a0Agencia P\u00fablica Andaluza de Educaci\u00f3n. \u00bfC\u00d3MO FUNCIONA? Hasta el 25 de septiembre pueden darse de&#46;&#46;&#46;<\/p>\n","protected":false},"author":17292,"featured_media":0,"parent":0,"menu_order":0,"comment_status":"closed","ping_status":"closed","template":"","meta":{"_exactmetrics_skip_tracking":false,"_exactmetrics_sitenote_active":false,"_exactmetrics_sitenote_note":"","_exactmetrics_sitenote_category":0,"ngg_post_thumbnail":0,"footnotes":"","_mc_calendar":[]},"aioseo_notices":[],"_links":{"self":[{"href":"https:\/\/blogsaverroes.juntadeandalucia.es\/colelasalud\/wp-json\/wp\/v2\/pages\/836"}],"collection":[{"href":"https:\/\/blogsaverroes.juntadeandalucia.es\/colelasalud\/wp-json\/wp\/v2\/pages"}],"about":[{"href":"https:\/\/blogsaverroes.juntadeandalucia.es\/colelasalud\/wp-json\/wp\/v2\/types\/page"}],"author":[{"embeddable":true,"href":"https:\/\/blogsaverroes.juntadeandalucia.es\/colelasalud\/wp-json\/wp\/v2\/users\/17292"}],"replies":[{"embeddable":true,"href":"https:\/\/blogsaverroes.juntadeandalucia.es\/colelasalud\/wp-json\/wp\/v2\/comments?post=836"}],"version-history":[{"count":10,"href":"https:\/\/blogsaverroes.juntadeandalucia.es\/colelasalud\/wp-json\/wp\/v2\/pages\/836\/revisions"}],"predecessor-version":[{"id":2029,"href":"https:\/\/blogsaverroes.juntadeandalucia.es\/colelasalud\/wp-json\/wp\/v2\/pages\/836\/revisions\/2029"}],"wp:attachment":[{"href":"https:\/\/blogsaverroes.juntadeandalucia.es\/colelasalud\/wp-json\/wp\/v2\/media?parent=836"}],"curies":[{"name":"wp","href":"https:\/\/api.w.org\/{rel}","templated":true}]}}