{"id":1057,"date":"2012-02-22T14:23:14","date_gmt":"2012-02-22T14:23:14","guid":{"rendered":"http:\/\/www.colemediterraneo.es\/?page_id=1057"},"modified":"2025-10-12T18:21:54","modified_gmt":"2025-10-12T18:21:54","slug":"documentos-del-centro","status":"publish","type":"page","link":"https:\/\/blogsaverroes.juntadeandalucia.es\/colemediterraneo\/cursos-anteriores\/curso-2015-16\/a-nivel-de-centro-5\/nuestro-centro\/documentos-del-centro\/","title":{"rendered":"Documentos del Centro"},"content":{"rendered":"<p style=\"text-align: justify\">Aqu\u00ed tendr\u00e1s acceso a la&nbsp; documentaci\u00f3n del Centro referida a Autonom\u00eda Pedag\u00f3gica, organizativa y de gesti\u00f3n.&nbsp;&nbsp; (Decreto 328\/2010 de 13 de julio).&nbsp; Nos referimos al Plan de Centro y a los elementos que lo componen: Proyecto Educativo, Reglamento de Organizaci\u00f3n y Funcionamiento y Proyecto de Gesti\u00f3n, aprobados por el Consejo Escolar.<\/p>\n<p><a href=\"https:\/\/blogsaverroes.juntadeandalucia.es\/colemediterraneo\/nuestro-centro\/documentos-del-centro\/0-indice\/\" rel=\"attachment wp-att-30466\">0. INDICE<\/a><\/p>\n<p><a href=\"https:\/\/blogsaverroes.juntadeandalucia.es\/colemediterraneo\/nuestro-centro\/documentos-del-centro\/proyecto-de-direccion\/\" rel=\"attachment wp-att-32714\">PROYECTO DE DIRECCI\u00d3N<\/a><\/p>\n<p><a href=\"https:\/\/blogsaverroes.juntadeandalucia.es\/colemediterraneo\/nuestro-centro\/documentos-del-centro\/1-definicion\/\" rel=\"attachment wp-att-30467\">1.Definicion<\/a><\/p>\n<p><a href=\"https:\/\/blogsaverroes.juntadeandalucia.es\/colemediterraneo\/nuestro-centro\/documentos-del-centro\/2-senas-de-indentidad\/\" rel=\"attachment wp-att-30468\">2. SE\u00d1AS DE INDENTIDAD.<\/a><\/p>\n<p><a href=\"https:\/\/blogsaverroes.juntadeandalucia.es\/colemediterraneo\/nuestro-centro\/documentos-del-centro\/3-finalidades-educativas-2\/\" rel=\"attachment wp-att-32146\">3.-FINALIDADES-EDUCATIVAS<\/a><\/p>\n<p><a href=\"https:\/\/blogsaverroes.juntadeandalucia.es\/colemediterraneo\/nuestro-centro\/documentos-del-centro\/4-objetivos-propios-2\/\" rel=\"attachment wp-att-32148\">4.-OBJETIVOS-PROPIOS<\/a><\/p>\n<p><a href=\"https:\/\/blogsaverroes.juntadeandalucia.es\/colemediterraneo\/nuestro-centro\/documentos-del-centro\/5-lineas-de-actuacion-pedagogica-2\/\" rel=\"attachment wp-att-32149\">5.-LINEAS-DE-ACTUACI\u00d3N-PEDAG\u00d3GICA<\/a><\/p>\n<p><a href=\"https:\/\/blogsaverroes.juntadeandalucia.es\/colemediterraneo\/nuestro-centro\/documentos-del-centro\/9-evaluacion-intrumentos-17-3-23-1\/\" rel=\"attachment wp-att-35041\">9. EVALUACI\u00d3N, INTRUMENTOS-17-3-23 (1)<\/a><\/p>\n<p><a href=\"https:\/\/blogsaverroes.juntadeandalucia.es\/colemediterraneo\/nuestro-centro\/documentos-del-centro\/10-criterios-de-horarios\/\" rel=\"attachment wp-att-30473\">10. CRITERIOS DE HORARIOS.<\/a><\/p>\n<p><a href=\"https:\/\/blogsaverroes.juntadeandalucia.es\/colemediterraneo\/nuestro-centro\/documentos-del-centro\/proyecto-gesti%c2%a6n-final\/\" rel=\"attachment wp-att-28415\">11.Proyecto gesti\u00f3n <\/a><\/p>\n<p><a href=\"https:\/\/blogsaverroes.juntadeandalucia.es\/colemediterraneo\/files\/2018\/01\/Proyecto-Biling\u00fce.-2017-18.pdf\">12.Proyecto Biling\u00fce<\/a><\/p>\n<p><a href=\"https:\/\/blogsaverroes.juntadeandalucia.es\/colemediterraneo\/nuestro-centro\/documentos-del-centro\/plan-de-actuacion-digital-del-ceip-mediterraneo-21-22\/\" rel=\"attachment wp-att-30494\">&nbsp;13.TIC. Plan de Actuaci\u00f3n Digital del CEIP Mediterr\u00e1neo 21-22<\/a><\/p>\n<p><a href=\"https:\/\/blogsaverroes.juntadeandalucia.es\/colemediterraneo\/files\/2012\/02\/PROYECTO-DEL-PLAN-DE-IGUALDAD-2016-2021.pdf\">14.PROYECTO DEL PLAN DE IGUALDAD 2016-2021<\/a><\/p>\n<p><a href=\"https:\/\/blogsaverroes.juntadeandalucia.es\/colemediterraneo\/nuestro-centro\/documentos-del-centro\/poat-versi%c2%a6n-final\/\" rel=\"attachment wp-att-28416\">15.POAT&nbsp;<\/a><\/p>\n<p><a href=\"https:\/\/blogsaverroes.juntadeandalucia.es\/colemediterraneo\/nuestro-centro\/documentos-del-centro\/11-plan-de-atencio-an-a-la-diversidad\/\" rel=\"attachment wp-att-28420\">16. PLAN de atenci\u00f3n a la diversidad<\/a><\/p>\n<p><a href=\"http:\/\/www.colemediterraneo.es\/wp-content\/uploads\/2012\/02\/3.6.-Plan-de-Apoyo.pdf\">17.Plan de Apoyo<\/a><\/p>\n<p><a href=\"https:\/\/blogsaverroes.juntadeandalucia.es\/colemediterraneo\/files\/2018\/01\/PROGRAMA-DE-REFUERZO-EDUCATIVO.doc\">18.PROGRAMA DE REFUERZO EDUCATIVO<\/a><\/p>\n<p><a href=\"https:\/\/blogsaverroes.juntadeandalucia.es\/colemediterraneo\/files\/2018\/01\/PLAN-DE-FORMACI\u00d3N-DEL-PROFESORADO.pdf\">19.PLAN DE FORMACI\u00d3N DEL PROFESO<\/a><a href=\"https:\/\/blogsaverroes.juntadeandalucia.es\/colemediterraneo\/files\/2018\/01\/PLAN-DE-FORMACI\u00d3N-DEL-PROFESORADO.pdf\">RADO<\/a><\/p>\n<p><a href=\"https:\/\/blogsaverroes.juntadeandalucia.es\/colemediterraneo\/nuestro-centro\/documentos-del-centro\/13-plan-convivencia\/\" rel=\"attachment wp-att-28417\">20. Plan Convivencia&nbsp;&nbsp;&nbsp;&nbsp;<\/a> &nbsp;&nbsp; &nbsp;&nbsp;<a href=\"https:\/\/blogsaverroes.juntadeandalucia.es\/colemediterraneo\/nuestro-centro\/documentos-del-centro\/convivencia-anexos\/\" rel=\"attachment wp-att-28418\">convivencia anexos<\/a><\/p>\n<p><a href=\"https:\/\/blogsaverroes.juntadeandalucia.es\/colemediterraneo\/nuestro-centro\/documentos-del-centro\/16-plan-de-evaluaci%c2%a6n-interna\/\" rel=\"attachment wp-att-28419\">21. PLAN DE EVALUACI\u00d3N INTERNA<\/a><\/p>\n<p><a href=\"https:\/\/blogsaverroes.juntadeandalucia.es\/colemediterraneo\/nuestro-centro\/documentos-del-centro\/actuaciones-previstas-para-la-mejora-de-la-convivencia-en-el-centro-documento-2\/\" rel=\"attachment wp-att-28870\">22Actuaciones previstas para la mejora de la convivencia en el Centro. Documento 2<\/a><\/p>\n<p><a href=\"https:\/\/blogsaverroes.juntadeandalucia.es\/colemediterraneo\/nuestro-centro\/documentos-del-centro\/anexo-plan-de-convivencia-2020\/\" rel=\"attachment wp-att-28871\">23.ANEXO PLAN DE CONVIVENCIA 2020 (Actuaci\u00f3n dentro del Plan Creciendo en Salud)<\/a><\/p>\n<p><a href=\"https:\/\/blogsaverroes.juntadeandalucia.es\/colemediterraneo\/nuestro-centro\/documentos-del-centro\/compromiso-de-convivencia-documento-3-1\/\" rel=\"attachment wp-att-28887\">24.Compromiso-de-convivencia.-Documento-3 (1)<\/a><\/p>\n<p><a href=\"https:\/\/blogsaverroes.juntadeandalucia.es\/colemediterraneo\/nuestro-centro\/documentos-del-centro\/compromiso-educativo-documento-4\/\" rel=\"attachment wp-att-28886\">25.Compromiso-educativo.-Documento-4<\/a><\/p>\n<p><a href=\"https:\/\/blogsaverroes.juntadeandalucia.es\/colemediterraneo\/nuestro-centro\/documentos-del-centro\/contraparte-2\/\" rel=\"attachment wp-att-28885\">26.CONTRAPARTE<\/a><\/p>\n<p><a href=\"https:\/\/blogsaverroes.juntadeandalucia.es\/colemediterraneo\/nuestro-centro\/documentos-del-centro\/cuaderno-mediaci%c2%a6n-1-%c2%a6-2-%c2%a6-3-%c2%a6-primaria\/\" rel=\"attachment wp-att-28875\">27.Cuaderno Mediaci\u00f3n. 1-\u00a6 2-\u00a6 3-\u00a6 Primaria<\/a><\/p>\n<p><a href=\"https:\/\/blogsaverroes.juntadeandalucia.es\/colemediterraneo\/nuestro-centro\/documentos-del-centro\/cuaderno-resoluci%c2%a6n-conflictos-4-%c2%a6-5-%c2%a6-6-%c2%a6\/\" rel=\"attachment wp-att-28876\">28.Cuaderno Resoluci\u00f3n&nbsp; de conflictos 4-\u00a6 5-\u00a6 6-\u00a6<\/a><\/p>\n<p><a href=\"https:\/\/blogsaverroes.juntadeandalucia.es\/colemediterraneo\/nuestro-centro\/documentos-del-centro\/documento-de-autorreflexion\/\" rel=\"attachment wp-att-28877\">29.DOCUMENTO DE AUTORREFLEXI\u00d3<\/a><a href=\"https:\/\/blogsaverroes.juntadeandalucia.es\/colemediterraneo\/nuestro-centro\/documentos-del-centro\/documento-de-autorreflexion\/\" rel=\"attachment wp-att-28877\">N<\/a><\/p>\n<p><a href=\"https:\/\/blogsaverroes.juntadeandalucia.es\/colemediterraneo\/nuestro-centro\/documentos-del-centro\/modelo-de-parte-de-incidencias-documento-6-2\/\" rel=\"attachment wp-att-28884\">30.Modelo-de-Parte-de-incidencias.-Documento-6<\/a><\/p>\n<p><a href=\"https:\/\/blogsaverroes.juntadeandalucia.es\/colemediterraneo\/nuestro-centro\/documentos-del-centro\/modelo-inf-disciplinario-documetno-7-1\/\" rel=\"attachment wp-att-28883\">31.Modelo-Inf.-disciplinario.-Documetno-7 (1)<\/a><\/p>\n<p><a href=\"https:\/\/blogsaverroes.juntadeandalucia.es\/colemediterraneo\/nuestro-centro\/documentos-del-centro\/organigrama-convivencia-documento-5\/\" rel=\"attachment wp-att-28880\">32.Organigrama Convivencia. Documento 5<\/a><\/p>\n<p><a href=\"https:\/\/blogsaverroes.juntadeandalucia.es\/colemediterraneo\/nuestro-centro\/documentos-del-centro\/plan-convivencia-documento-1-2\/\" rel=\"attachment wp-att-28881\">33.Plan Convivencia. Documento 1<\/a><\/p>\n<p><a href=\"https:\/\/blogsaverroes.juntadeandalucia.es\/colemediterraneo\/nuestro-centro\/documentos-del-centro\/registro-vigilantes-de-pasillo\/\" rel=\"attachment wp-att-28882\">34.REGISTRO VIGILANTES DE PASILLO<\/a><\/p>\n<p><a href=\"https:\/\/drive.google.com\/file\/d\/1dPMuz7xj8nZONnKrITD_UJl95xUJqS1H\/view?usp=sharing\">35. PLAN DE ACCI\u00d3N DIGITAL 2024-2025<\/a><\/p>\n<p>&nbsp;<\/p>\n<p>&nbsp;<\/p>\n<p>&nbsp;<\/p>\n","protected":false},"excerpt":{"rendered":"<p>Aqu\u00ed tendr\u00e1s acceso a la&nbsp; documentaci\u00f3n del Centro referida a Autonom\u00eda Pedag\u00f3gica, organizativa y de gesti\u00f3n.&nbsp;&nbsp; (Decreto 328\/2010 de 13 de julio).&nbsp; Nos referimos al Plan de Centro y a los elementos que lo componen: Proyecto Educativo, Reglamento de Organizaci\u00f3n y Funcionamiento y Proyecto de Gesti\u00f3n, aprobados por el Consejo Escolar. 0. INDICE PROYECTO DE &hellip; <\/p>\n<p><a class=\"more-link btn\" href=\"https:\/\/blogsaverroes.juntadeandalucia.es\/colemediterraneo\/cursos-anteriores\/curso-2015-16\/a-nivel-de-centro-5\/nuestro-centro\/documentos-del-centro\/\">Seguir leyendo<\/a><\/p>\n","protected":false},"author":5888,"featured_media":0,"parent":17,"menu_order":0,"comment_status":"open","ping_status":"open","template":"","meta":{"ngg_post_thumbnail":0,"footnotes":"","_mc_calendar":[]},"aioseo_notices":[],"post_mailing_queue_ids":[],"_links":{"self":[{"href":"https:\/\/blogsaverroes.juntadeandalucia.es\/colemediterraneo\/wp-json\/wp\/v2\/pages\/1057"}],"collection":[{"href":"https:\/\/blogsaverroes.juntadeandalucia.es\/colemediterraneo\/wp-json\/wp\/v2\/pages"}],"about":[{"href":"https:\/\/blogsaverroes.juntadeandalucia.es\/colemediterraneo\/wp-json\/wp\/v2\/types\/page"}],"author":[{"embeddable":true,"href":"https:\/\/blogsaverroes.juntadeandalucia.es\/colemediterraneo\/wp-json\/wp\/v2\/users\/5888"}],"replies":[{"embeddable":true,"href":"https:\/\/blogsaverroes.juntadeandalucia.es\/colemediterraneo\/wp-json\/wp\/v2\/comments?post=1057"}],"version-history":[{"count":21,"href":"https:\/\/blogsaverroes.juntadeandalucia.es\/colemediterraneo\/wp-json\/wp\/v2\/pages\/1057\/revisions"}],"predecessor-version":[{"id":37477,"href":"https:\/\/blogsaverroes.juntadeandalucia.es\/colemediterraneo\/wp-json\/wp\/v2\/pages\/1057\/revisions\/37477"}],"up":[{"embeddable":true,"href":"https:\/\/blogsaverroes.juntadeandalucia.es\/colemediterraneo\/wp-json\/wp\/v2\/pages\/17"}],"wp:attachment":[{"href":"https:\/\/blogsaverroes.juntadeandalucia.es\/colemediterraneo\/wp-json\/wp\/v2\/media?parent=1057"}],"curies":[{"name":"wp","href":"https:\/\/api.w.org\/{rel}","templated":true}]}}

<p style="text-align: justify">Aquí tendrás acceso a la&nbsp; documentación del Centro referida a Autonomía Pedagógica, organizativa y de gestión.&nbsp;&nbsp; (Decreto 328/2010 de 13 de julio).&nbsp; Nos referimos al Plan de Centro y a los elementos que lo componen: Proyecto Educativo, Reglamento de Organización y Funcionamiento y Proyecto de Gestión, aprobados por el Consejo Escolar.</p>
<p><a href="https://blogsaverroes.juntadeandalucia.es/colemediterraneo/nuestro-centro/documentos-del-centro/0-indice/" rel="attachment wp-att-30466">0. INDICE</a></p>
<p><a href="https://blogsaverroes.juntadeandalucia.es/colemediterraneo/nuestro-centro/documentos-del-centro/proyecto-de-direccion/" rel="attachment wp-att-32714">PROYECTO DE DIRECCIÓN</a></p>
<p><a href="https://blogsaverroes.juntadeandalucia.es/colemediterraneo/nuestro-centro/documentos-del-centro/1-definicion/" rel="attachment wp-att-30467">1.Definicion</a></p>
<p><a href="https://blogsaverroes.juntadeandalucia.es/colemediterraneo/nuestro-centro/documentos-del-centro/2-senas-de-indentidad/" rel="attachment wp-att-30468">2. SEÑAS DE INDENTIDAD.</a></p>
<p><a href="https://blogsaverroes.juntadeandalucia.es/colemediterraneo/nuestro-centro/documentos-del-centro/3-finalidades-educativas-2/" rel="attachment wp-att-32146">3.-FINALIDADES-EDUCATIVAS</a></p>
<p><a href="https://blogsaverroes.juntadeandalucia.es/colemediterraneo/nuestro-centro/documentos-del-centro/4-objetivos-propios-2/" rel="attachment wp-att-32148">4.-OBJETIVOS-PROPIOS</a></p>
<p><a href="https://blogsaverroes.juntadeandalucia.es/colemediterraneo/nuestro-centro/documentos-del-centro/5-lineas-de-actuacion-pedagogica-2/" rel="attachment wp-att-32149">5.-LINEAS-DE-ACTUACIÓN-PEDAGÓGICA</a></p>
<p><a href="https://blogsaverroes.juntadeandalucia.es/colemediterraneo/nuestro-centro/documentos-del-centro/9-evaluacion-intrumentos-17-3-23-1/" rel="attachment wp-att-35041">9. EVALUACIÓN, INTRUMENTOS-17-3-23 (1)</a></p>
<p><a href="https://blogsaverroes.juntadeandalucia.es/colemediterraneo/nuestro-centro/documentos-del-centro/10-criterios-de-horarios/" rel="attachment wp-att-30473">10. CRITERIOS DE HORARIOS.</a></p>
<p><a href="https://blogsaverroes.juntadeandalucia.es/colemediterraneo/nuestro-centro/documentos-del-centro/proyecto-gesti%c2%a6n-final/" rel="attachment wp-att-28415">11.Proyecto gestión </a></p>
<p><a href="https://blogsaverroes.juntadeandalucia.es/colemediterraneo/files/2018/01/Proyecto-Bilingüe.-2017-18.pdf">12.Proyecto Bilingüe</a></p>
<p><a href="https://blogsaverroes.juntadeandalucia.es/colemediterraneo/nuestro-centro/documentos-del-centro/plan-de-actuacion-digital-del-ceip-mediterraneo-21-22/" rel="attachment wp-att-30494">&nbsp;13.TIC. Plan de Actuación Digital del CEIP Mediterráneo 21-22</a></p>
<p><a href="https://blogsaverroes.juntadeandalucia.es/colemediterraneo/files/2012/02/PROYECTO-DEL-PLAN-DE-IGUALDAD-2016-2021.pdf">14.PROYECTO DEL PLAN DE IGUALDAD 2016-2021</a></p>
<p><a href="https://blogsaverroes.juntadeandalucia.es/colemediterraneo/nuestro-centro/documentos-del-centro/poat-versi%c2%a6n-final/" rel="attachment wp-att-28416">15.POAT&nbsp;</a></p>
<p><a href="https://blogsaverroes.juntadeandalucia.es/colemediterraneo/nuestro-centro/documentos-del-centro/11-plan-de-atencio-an-a-la-diversidad/" rel="attachment wp-att-28420">16. PLAN de atención a la diversidad</a></p>
<p><a href="http://www.colemediterraneo.es/wp-content/uploads/2012/02/3.6.-Plan-de-Apoyo.pdf">17.Plan de Apoyo</a></p>
<p><a href="https://blogsaverroes.juntadeandalucia.es/colemediterraneo/files/2018/01/PROGRAMA-DE-REFUERZO-EDUCATIVO.doc">18.PROGRAMA DE REFUERZO EDUCATIVO</a></p>
<p><a href="https://blogsaverroes.juntadeandalucia.es/colemediterraneo/files/2018/01/PLAN-DE-FORMACIÓN-DEL-PROFESORADO.pdf">19.PLAN DE FORMACIÓN DEL PROFESO</a><a href="https://blogsaverroes.juntadeandalucia.es/colemediterraneo/files/2018/01/PLAN-DE-FORMACIÓN-DEL-PROFESORADO.pdf">RADO</a></p>
<p><a href="https://blogsaverroes.juntadeandalucia.es/colemediterraneo/nuestro-centro/documentos-del-centro/13-plan-convivencia/" rel="attachment wp-att-28417">20. Plan Convivencia&nbsp;&nbsp;&nbsp;&nbsp;</a> &nbsp;&nbsp; &nbsp;&nbsp;<a href="https://blogsaverroes.juntadeandalucia.es/colemediterraneo/nuestro-centro/documentos-del-centro/convivencia-anexos/" rel="attachment wp-att-28418">convivencia anexos</a></p>
<p><a href="https://blogsaverroes.juntadeandalucia.es/colemediterraneo/nuestro-centro/documentos-del-centro/16-plan-de-evaluaci%c2%a6n-interna/" rel="attachment wp-att-28419">21. PLAN DE EVALUACIÓN INTERNA</a></p>
<p><a href="https://blogsaverroes.juntadeandalucia.es/colemediterraneo/nuestro-centro/documentos-del-centro/actuaciones-previstas-para-la-mejora-de-la-convivencia-en-el-centro-documento-2/" rel="attachment wp-att-28870">22Actuaciones previstas para la mejora de la convivencia en el Centro. Documento 2</a></p>
<p><a href="https://blogsaverroes.juntadeandalucia.es/colemediterraneo/nuestro-centro/documentos-del-centro/anexo-plan-de-convivencia-2020/" rel="attachment wp-att-28871">23.ANEXO PLAN DE CONVIVENCIA 2020 (Actuación dentro del Plan Creciendo en Salud)</a></p>
<p><a href="https://blogsaverroes.juntadeandalucia.es/colemediterraneo/nuestro-centro/documentos-del-centro/compromiso-de-convivencia-documento-3-1/" rel="attachment wp-att-28887">24.Compromiso-de-convivencia.-Documento-3 (1)</a></p>
<p><a href="https://blogsaverroes.juntadeandalucia.es/colemediterraneo/nuestro-centro/documentos-del-centro/compromiso-educativo-documento-4/" rel="attachment wp-att-28886">25.Compromiso-educativo.-Documento-4</a></p>
<p><a href="https://blogsaverroes.juntadeandalucia.es/colemediterraneo/nuestro-centro/documentos-del-centro/contraparte-2/" rel="attachment wp-att-28885">26.CONTRAPARTE</a></p>
<p><a href="https://blogsaverroes.juntadeandalucia.es/colemediterraneo/nuestro-centro/documentos-del-centro/cuaderno-mediaci%c2%a6n-1-%c2%a6-2-%c2%a6-3-%c2%a6-primaria/" rel="attachment wp-att-28875">27.Cuaderno Mediación. 1-¦ 2-¦ 3-¦ Primaria</a></p>
<p><a href="https://blogsaverroes.juntadeandalucia.es/colemediterraneo/nuestro-centro/documentos-del-centro/cuaderno-resoluci%c2%a6n-conflictos-4-%c2%a6-5-%c2%a6-6-%c2%a6/" rel="attachment wp-att-28876">28.Cuaderno Resolución&nbsp; de conflictos 4-¦ 5-¦ 6-¦</a></p>
<p><a href="https://blogsaverroes.juntadeandalucia.es/colemediterraneo/nuestro-centro/documentos-del-centro/documento-de-autorreflexion/" rel="attachment wp-att-28877">29.DOCUMENTO DE AUTORREFLEXIÓ</a><a href="https://blogsaverroes.juntadeandalucia.es/colemediterraneo/nuestro-centro/documentos-del-centro/documento-de-autorreflexion/" rel="attachment wp-att-28877">N</a></p>
<p><a href="https://blogsaverroes.juntadeandalucia.es/colemediterraneo/nuestro-centro/documentos-del-centro/modelo-de-parte-de-incidencias-documento-6-2/" rel="attachment wp-att-28884">30.Modelo-de-Parte-de-incidencias.-Documento-6</a></p>
<p><a href="https://blogsaverroes.juntadeandalucia.es/colemediterraneo/nuestro-centro/documentos-del-centro/modelo-inf-disciplinario-documetno-7-1/" rel="attachment wp-att-28883">31.Modelo-Inf.-disciplinario.-Documetno-7 (1)</a></p>
<p><a href="https://blogsaverroes.juntadeandalucia.es/colemediterraneo/nuestro-centro/documentos-del-centro/organigrama-convivencia-documento-5/" rel="attachment wp-att-28880">32.Organigrama Convivencia. Documento 5</a></p>
<p><a href="https://blogsaverroes.juntadeandalucia.es/colemediterraneo/nuestro-centro/documentos-del-centro/plan-convivencia-documento-1-2/" rel="attachment wp-att-28881">33.Plan Convivencia. Documento 1</a></p>
<p><a href="https://blogsaverroes.juntadeandalucia.es/colemediterraneo/nuestro-centro/documentos-del-centro/registro-vigilantes-de-pasillo/" rel="attachment wp-att-28882">34.REGISTRO VIGILANTES DE PASILLO</a></p>
<p><a href="https://drive.google.com/file/d/1dPMuz7xj8nZONnKrITD_UJl95xUJqS1H/view?usp=sharing">35. PLAN DE ACCIÓN DIGITAL 2024-2025</a></p>
<p>&nbsp;</p>
<p>&nbsp;</p>
<p>&nbsp;</p>

<p>Aquí tendrás acceso a la&nbsp; documentación del Centro referida a Autonomía Pedagógica, organizativa y de gestión.&nbsp;&nbsp; (Decreto 328/2010 de 13 de julio).&nbsp; Nos referimos al Plan de Centro y a los elementos que lo componen: Proyecto Educativo, Reglamento de Organización y Funcionamiento y Proyecto de Gestión, aprobados por el Consejo Escolar. 0. INDICE PROYECTO DE &hellip; </p>
<p><a class="more-link btn" href="https://blogsaverroes.juntadeandalucia.es/colemediterraneo/cursos-anteriores/curso-2015-16/a-nivel-de-centro-5/nuestro-centro/documentos-del-centro/">Seguir leyendo</a></p>
