{"id":15051,"date":"2015-04-20T15:00:36","date_gmt":"2015-04-20T15:00:36","guid":{"rendered":"http:\/\/www.colemediterraneo.es\/?page_id=15051"},"modified":"2015-04-20T15:00:36","modified_gmt":"2015-04-20T15:00:36","slug":"la-discapacidad-en-educacion-fisica","status":"publish","type":"page","link":"https:\/\/blogsaverroes.juntadeandalucia.es\/colemediterraneo\/cursos-anteriores\/curso-2014-2015\/tercer-ciclo-4\/la-discapacidad-en-educacion-fisica\/","title":{"rendered":"La discapacidad en Educaci\u00f3n F\u00edsica"},"content":{"rendered":"<p style=\"text-align: justify\">\u00a0\u00a0 Se han llevado a cabo en nuestro centro una serie de sesiones educativas denominadas \u00abLa discapacidad en Educaci\u00f3n F\u00edsica\u00bb.\u00a0\u00a0 Estas sesiones han sido organizadas y llevadas a cabo por nuestro maestro de Educaci\u00f3n F\u00edsica Paco Salinas, excelente nadador paral\u00edmpico, que en m\u00faltiples ocasiones ha destacado en distintos campeonatos y pruebas en este deporte.<\/p>\n<p><a href=\"http:\/\/www.colemediterraneo.es\/wp-content\/uploads\/2015\/04\/PACO-SALINAS.jpg\"><img loading=\"lazy\" decoding=\"async\" class=\"size-full wp-image-15222 aligncenter\" title=\"PACO SALINAS\" src=\"http:\/\/www.colemediterraneo.es\/wp-content\/uploads\/2015\/04\/PACO-SALINAS.jpg\" alt=\"\" width=\"400\" height=\"300\" \/><\/a><\/p>\n<p style=\"text-align: justify\">\n<p style=\"text-align: justify\">\u00a0 El objetivo b\u00e1sico de estas sesiones es la concienciaci\u00f3n de nuestro alumnado de las dificultades que d\u00eda a d\u00eda enfrentan las personas con discapacidad (mot\u00f3rica en este caso) para realizar su vida diaria cuando no est\u00e1n adaptados los lugares y recintos por los que se tienen que desplazar\u00a0.\u00a0 Para ello, se han usado varias sillas de ruedas para que los alumnos y alumnas puedan ponerse en el lugar de una persona con discapacidad y sentir de primera mano c\u00f3mo es su d\u00eda a d\u00eda.<\/p>\n<p style=\"text-align: justify\">\u00a0 Aqu\u00ed os dejamos unas im\u00e1genes de c\u00f3mo ha sido la experiencia&#8230;<\/p>\n\n","protected":false},"excerpt":{"rendered":"<p>\u00a0\u00a0 Se han llevado a cabo en nuestro centro una serie de sesiones educativas denominadas \u00abLa discapacidad en Educaci\u00f3n F\u00edsica\u00bb.\u00a0\u00a0 Estas sesiones han sido organizadas y llevadas a cabo por nuestro maestro de Educaci\u00f3n F\u00edsica Paco Salinas, excelente nadador paral\u00edmpico, que en m\u00faltiples ocasiones ha destacado en distintos campeonatos y pruebas en este deporte. \u00a0 &hellip; <\/p>\n<p><a class=\"more-link btn\" href=\"https:\/\/blogsaverroes.juntadeandalucia.es\/colemediterraneo\/cursos-anteriores\/curso-2014-2015\/tercer-ciclo-4\/la-discapacidad-en-educacion-fisica\/\">Seguir leyendo<\/a><\/p>\n","protected":false},"author":5888,"featured_media":0,"parent":12795,"menu_order":0,"comment_status":"closed","ping_status":"closed","template":"","meta":{"ngg_post_thumbnail":0,"footnotes":"","_mc_calendar":[]},"aioseo_notices":[],"post_mailing_queue_ids":[],"_links":{"self":[{"href":"https:\/\/blogsaverroes.juntadeandalucia.es\/colemediterraneo\/wp-json\/wp\/v2\/pages\/15051"}],"collection":[{"href":"https:\/\/blogsaverroes.juntadeandalucia.es\/colemediterraneo\/wp-json\/wp\/v2\/pages"}],"about":[{"href":"https:\/\/blogsaverroes.juntadeandalucia.es\/colemediterraneo\/wp-json\/wp\/v2\/types\/page"}],"author":[{"embeddable":true,"href":"https:\/\/blogsaverroes.juntadeandalucia.es\/colemediterraneo\/wp-json\/wp\/v2\/users\/5888"}],"replies":[{"embeddable":true,"href":"https:\/\/blogsaverroes.juntadeandalucia.es\/colemediterraneo\/wp-json\/wp\/v2\/comments?post=15051"}],"version-history":[{"count":0,"href":"https:\/\/blogsaverroes.juntadeandalucia.es\/colemediterraneo\/wp-json\/wp\/v2\/pages\/15051\/revisions"}],"up":[{"embeddable":true,"href":"https:\/\/blogsaverroes.juntadeandalucia.es\/colemediterraneo\/wp-json\/wp\/v2\/pages\/12795"}],"wp:attachment":[{"href":"https:\/\/blogsaverroes.juntadeandalucia.es\/colemediterraneo\/wp-json\/wp\/v2\/media?parent=15051"}],"curies":[{"name":"wp","href":"https:\/\/api.w.org\/{rel}","templated":true}]}}

La discapacidad en Educación Física

<p style="text-align: justify">   Se han llevado a cabo en nuestro centro una serie de sesiones educativas denominadas «La discapacidad en Educación Física».   Estas sesiones han sido organizadas y llevadas a cabo por nuestro maestro de Educación Física Paco Salinas, excelente nadador paralímpico, que en múltiples ocasiones ha destacado en distintos campeonatos y pruebas en este deporte.</p>
<p><a href="http://www.colemediterraneo.es/wp-content/uploads/2015/04/PACO-SALINAS.jpg"><img loading="lazy" decoding="async" class="size-full wp-image-15222 aligncenter" title="PACO SALINAS" src="http://www.colemediterraneo.es/wp-content/uploads/2015/04/PACO-SALINAS.jpg" alt="" width="400" height="300" /></a></p>
<p style="text-align: justify">
<p style="text-align: justify">  El objetivo básico de estas sesiones es la concienciación de nuestro alumnado de las dificultades que día a día enfrentan las personas con discapacidad (motórica en este caso) para realizar su vida diaria cuando no están adaptados los lugares y recintos por los que se tienen que desplazar .  Para ello, se han usado varias sillas de ruedas para que los alumnos y alumnas puedan ponerse en el lugar de una persona con discapacidad y sentir de primera mano cómo es su día a día.</p>
<p style="text-align: justify">  Aquí os dejamos unas imágenes de cómo ha sido la experiencia&#8230;</p>

<p>   Se han llevado a cabo en nuestro centro una serie de sesiones educativas denominadas «La discapacidad en Educación Física».   Estas sesiones han sido organizadas y llevadas a cabo por nuestro maestro de Educación Física Paco Salinas, excelente nadador paralímpico, que en múltiples ocasiones ha destacado en distintos campeonatos y pruebas en este deporte.   &hellip; </p>
<p><a class="more-link btn" href="https://blogsaverroes.juntadeandalucia.es/colemediterraneo/cursos-anteriores/curso-2014-2015/tercer-ciclo-4/la-discapacidad-en-educacion-fisica/">Seguir leyendo</a></p>
