{"id":17920,"date":"2016-03-01T13:18:04","date_gmt":"2016-03-01T13:18:04","guid":{"rendered":"http:\/\/www.colemediterraneo.es\/?page_id=17920"},"modified":"2016-03-01T13:18:04","modified_gmt":"2016-03-01T13:18:04","slug":"actividades-por-el-dia-de-andalucia","status":"publish","type":"page","link":"https:\/\/blogsaverroes.juntadeandalucia.es\/colemediterraneo\/cursos-anteriores\/curso-2015-16\/a-nivel-de-centro-5\/actividades-por-el-dia-de-andalucia\/","title":{"rendered":"Actividades por el D\u00eda de Andaluc\u00eda"},"content":{"rendered":"<p style=\"text-align: justify\"><strong>Las actividades que se han llevado a cabo son diversas pero todas tienen los siguientes Objetivos:<\/strong><\/p>\n<p style=\"text-align: justify\">-Promover el conocimiento y la reflexi\u00f3n en torno al conocimiento de nuestra comunidad desde diferentes puntos de vista.<\/p>\n<p style=\"text-align: justify\">-Fomentar la participaci\u00f3n pol\u00edtica y social, y a profundizar en el conocimiento de los principios c\u00edvicos y democr\u00e1ticos en los que descansa nuestra convivencia como andaluces y andaluzas.<\/p>\n<p style=\"text-align: justify\">-Desarrollar y apoyar el curr\u00edculo desde una perspectiva coeducativa que contribuya a la igualdad de hombres y mujeres.<\/p>\n<p style=\"text-align: justify\">-Desarrollar las capacidades cognitivas, emocionales y \u00e9ticas con independencia del g\u00e9nero.<\/p>\n<p style=\"text-align: justify\">-Conocer la organizaci\u00f3n pol\u00edtica y\u00a0 econ\u00f3mica de Andaluc\u00eda.<\/p>\n<p style=\"text-align: justify\">-Desarrollar actitudes de inter\u00e9s y respeto a la cultura andaluza.<\/p>\n<p style=\"text-align: justify\">-Conocer y descubrir las provincias andaluzas y algunas de sus caracter\u00edsticas (productos -t\u00edpicos, monumentos, paisajes, personajes ilustres\u2026).<\/p>\n<p style=\"text-align: justify\">-Aprender canciones y recitar poes\u00edas sobre el tema.<\/p>\n<p style=\"text-align: justify\">-Utilizar distintas t\u00e9cnicas de pl\u00e1sticas para realizar elementos alusivos a\u00a0 Andaluc\u00eda.<\/p>\n<p style=\"text-align: justify\">-Conocer a S\u00e9neca, gran pensador cordob\u00e9s.<\/p>\n<p style=\"text-align: justify\">-Resaltar el papel fundamental de la mujer en la \u00e9poca romana en Andaluc\u00eda.<\/p>\n<p style=\"text-align: justify\">-Estudiar y valorar\u00a0 las \u201cmadres\u201d.<\/p>\n<p style=\"text-align: justify\">-Conocer las Diez Mujeres de S\u00e9neca.<\/p>\n<p style=\"text-align: justify\">-Estudiar de forma minuciosa una mujer romana: su educaci\u00f3n, sus vestimentas, clase social\u2026etc.<\/p>\n<p style=\"text-align: justify\">-Realizar el anuncio publicitario,<strong>\u201cAndaluc\u00eda te quiere\u201d, <\/strong>propuesto \u00a0por el alumnado de Alto Rendimiento del colegio.<\/p>\n<p style=\"text-align: justify\"><strong>\u00a0<\/strong><strong>CONTENIDOS.<\/strong><\/p>\n<p style=\"text-align: justify\">-Inter\u00e9s y respeto hacia la cultura andaluza.<\/p>\n<p style=\"text-align: justify\">-Productos t\u00edpicos de cada provincia.<\/p>\n<p style=\"text-align: justify\">-Monumentos Andaluces m\u00e1s importantes.<\/p>\n<p style=\"text-align: justify\">-S\u00edmbolos de Andaluc\u00eda.<\/p>\n<p style=\"text-align: justify\">-Mapa de Andaluc\u00eda y su localizaci\u00f3n en Espa\u00f1a.<\/p>\n<p style=\"text-align: justify\">-Elementos t\u00edpicos con los colores t\u00edpicos de la Comunidad.<\/p>\n<p style=\"text-align: justify\">-Andaluc\u00eda en la \u00e9poca romana.<\/p>\n<p style=\"text-align: justify\">-Biograf\u00edas de las mujeres de S\u00e9neca.<\/p>\n<p style=\"text-align: justify\"><strong>\u00a0 \u00a0 \u00a0 \u00a0 \u00a0 <\/strong>Todos los ciclos han realizado diferentes actividades desde los diferentes programas y proyectos que se desarrollan en nuestro centro: Plan de Lectura y Biblioteca, Plan de Igualdad, Plan TIC, Proyecto: \u201cEscuela Espacio de Paz\u201d y Proyecto Biling\u00fce.<\/p>\n<p style=\"text-align: justify\"><strong>\u00a0<\/strong><\/p>\n<p style=\"text-align: justify\"><strong><span style=\"text-decoration: underline\">ACTIVIDADES A NIVEL DE CENTRO.<\/span><\/strong><\/p>\n<p style=\"text-align: justify\"><strong><span style=\"text-decoration: underline\">&#8211;<\/span><\/strong><strong> D\u00eda 25 DE Febrero<\/strong>: Actividades organizadas desde el Proyecto Intercentros Escuela Espacio de Paz: Gymkana Solidaria:, dirigida al alumnado 4\u00ba, 5\u00ba y 6\u00ba de Primaria. Se llev\u00f3 a cabo desde las 9:00 h. hasta las 11:30 h. El alumnado de 4\u00aa y 5\u00aa lo hicieron en las Instalaciones deportivas del Parque Figueroa y los grupos de 6\u00ba en el IES L\u00f3pez Neyra.<strong><\/strong><\/p>\n<p style=\"text-align: justify\"><strong>-D\u00eda 26 de Febrero<\/strong>: Desayuno Mediterr\u00e1neo para todo el centro.<\/p>\n<p style=\"text-align: justify\">&#8211;<strong>D\u00eda 25 y 26 de Febrero<\/strong>: Visionado del anuncio publicitario.<\/p>\n<p style=\"text-align: justify\">-Trabajar <strong>la conmemoraci\u00f3n del d\u00eda 8 de marzo.<\/strong><\/p>\n<p style=\"text-align: justify\"><strong>\u00a0<\/strong><\/p>\n<p style=\"text-align: justify\" align=\"center\"><strong><span style=\"text-decoration: underline\">VIERNES 26 DE FEBRERO<\/span><\/strong><\/p>\n<p style=\"text-align: justify\">\u00a0<strong>Desayuno Mediterr\u00e1neo <\/strong>\u00a0Que corri\u00f3 a cargo del AMPA-BALEARES, a la cual felicitamos desde aqu\u00ed por su gran labor.<\/p>\n<p style=\"text-align: justify\"><strong>JUEVES 25 Y \u00a0VIERNES 26 DE\u00a0 FEBRERO.<\/strong><strong><em><\/em><\/strong><\/p>\n<p style=\"text-align: justify\">Visionado por turnos del anuncio publicitario grabado por representantes de todos los grupos del colegio.<\/p>\n<p style=\"text-align: justify\"><strong>\u00a0ACT<\/strong><strong>IVIDADES<\/strong><\/p>\n<p style=\"text-align: justify\"><strong><span style=\"text-decoration: underline\">EN EDUCACI\u00d3N INFANTIL.<\/span><\/strong><\/p>\n<p style=\"text-align: justify\">1.-Breve historia de Andaluc\u00eda.<\/p>\n<p style=\"text-align: justify\">2.-Aprender el himno de Andaluc\u00eda a trav\u00e9s de pictogramas.<\/p>\n<p style=\"text-align: justify\">3.-Conocer el nombre de cada provincia y algunos de sus productos t\u00edpicos. Como presentaci\u00f3n de ellos es la participaci\u00f3n en la actividad del \u201cDesayuno Mediterr\u00e1neo\u201d.<\/p>\n<p style=\"text-align: justify\">4.-Identificar\u00a0 el mapa de Andaluc\u00eda\u00a0 y C\u00f3rdoba.<\/p>\n<p style=\"text-align: justify\">5.-Bailar y aprender la canci\u00f3n: \u201c\u00a1Qu\u00e9 suerte haber nacido en mi Andaluc\u00eda!\u201d.<\/p>\n<p style=\"text-align: justify\">6.-Realizar elementos t\u00edpicos con los colores de la bandera andaluza.<\/p>\n<ul style=\"text-align: justify\">\n<li>\u00a0Bandera (3 a\u00f1os)<\/li>\n<li>Visera ( 4 A\u00f1os)<\/li>\n<li>Delantal de lunares (3, 4 y 5 A\u00f1os)<\/li>\n<\/ul>\n<p style=\"text-align: justify\">7.- Hacer actividad para el d\u00eda 8 de marzo de hacer dibujos relacionadas con su mam\u00e1.<\/p>\n<p style=\"text-align: justify\">8.-Ver el v\u00eddeo \u201cMi mam\u00e1\u00a0 est\u00e1 rara\u201d.<\/p>\n<p style=\"text-align: justify\"><strong><span style=\"text-decoration: underline\">\u00a0<\/span><\/strong><strong><span style=\"text-decoration: underline\">EN \u00a0EDUCACI\u00d3N PRIMARIA<\/span><\/strong><\/p>\n<p style=\"text-align: justify\"><strong>\u00a0<\/strong><strong>PRIMER CICLO\u00a0 Y EDUCACI\u00d3N ESPECIAL.<\/strong><\/p>\n<p style=\"text-align: justify\">1.-Decoraci\u00f3n de pasillos con la elaboraci\u00f3n de un mural con las caracter\u00edsticas m\u00e1s importante de las ocho provincias de Andaluc\u00eda.<\/p>\n<p style=\"text-align: justify\">-2.Realizaci\u00f3n de un cuadernillo individual sobre el D\u00eda de Andaluc\u00eda, el cual incluy\u00f3: caracter\u00edsticas propias andaluzas (productos agr\u00edcolas, vegetaci\u00f3n, trajes t\u00edpicos, instrumentos, bailes, escudo, himno, bandera, situaci\u00f3n de Andaluc\u00eda, \u2026.)<\/p>\n<p style=\"text-align: justify\">3.-Vocabulario utilizado para cada provincia tomando como referencia las unidades ya estudiadas en C. Naturales (animales y plantas).<\/p>\n<p style=\"text-align: justify\">4.-Conocer la biograf\u00eda de la madre de S\u00e9neca Helvia.<\/p>\n<p style=\"text-align: justify\"><strong>SEGUNDO CICLO.<\/strong><\/p>\n<p style=\"text-align: justify\">1.-Se trabaj\u00f3 Andaluc\u00eda y sus provincias: caracter\u00edsticas principales.<\/p>\n<p style=\"text-align: justify\">2.- Estudiar sistema pol\u00edtico y sus componentes.<\/p>\n<p style=\"text-align: justify\">3.-Conocer en profundidad las provincias de Ja\u00e9n y C\u00e1diz.<\/p>\n<p style=\"text-align: justify\">4-Trabajar la hidrograf\u00eda de Andaluc\u00eda .<\/p>\n<p style=\"text-align: justify\">4.- En pl\u00e1stica se hicieron dibujos, tipo mosaico, de flores como adorno.<\/p>\n<p style=\"text-align: justify\">5.-Conocer la Biograf\u00eda de la madre de S\u00e9neca Helvia.<\/p>\n<p style=\"text-align: justify\">6.- Pintar a la mujer romana, para el d\u00eda de la Mujer (8 de marzo)y \u00a0su descripci\u00f3n.<\/p>\n<p style=\"text-align: justify\"><strong>TERCER CICLO<\/strong><\/p>\n<p style=\"text-align: justify\">1.-Conocer la biograf\u00eda del escritor Alberto Monterroso y de S\u00e9neca.<\/p>\n<p style=\"text-align: justify\">2.-Leer el libro \u201c Las diez Mujeres de S\u00e9neca\u201d de \u00a0A. Monterroso.<\/p>\n<p style=\"text-align: justify\">3.- Elaborar material digital sobre S\u00e9neca.<\/p>\n<p style=\"text-align: justify\">4.-Cada alumno\/a eligi\u00f3 una de las diez mujeres influyentes en la vida de S\u00e9neca :Helvia, Agripina, Popea , Marcia, Acte, Octavia, Julia, Livila, Paulina y Mesalina y realizaci\u00f3n de trabajos creativos sobre ellas en lengua.<\/p>\n<p style=\"text-align: justify\">5.- Visita al centro d\u00eda 10 de febrero del escritor Alberto Monterroso.<\/p>\n<p style=\"text-align: justify\">6.- Estudiar la organizaci\u00f3n pol\u00edtica y econ\u00f3mica de Andaluc\u00eda y compararla con la \u00e9poca romana.<\/p>\n<p style=\"text-align: justify\">7.-Dibujar edificios t\u00edpicos de la C\u00f3rdoba romana.<\/p>\n<p style=\"text-align: justify\">8.-Decorar las puertas de las clases con dibujos alusivos a las mujeres influyentes en la vida de S\u00e9neca.<\/p>\n<p style=\"text-align: justify\">Aqu\u00ed os dejamos un resumen con estas im\u00e1genes:<\/p>\n\n","protected":false},"excerpt":{"rendered":"<p>Las actividades que se han llevado a cabo son diversas pero todas tienen los siguientes Objetivos: -Promover el conocimiento y la reflexi\u00f3n en torno al conocimiento de nuestra comunidad desde diferentes puntos de vista. -Fomentar la participaci\u00f3n pol\u00edtica y social, y a profundizar en el conocimiento de los principios c\u00edvicos y democr\u00e1ticos en los que &hellip; <\/p>\n<p><a class=\"more-link btn\" href=\"https:\/\/blogsaverroes.juntadeandalucia.es\/colemediterraneo\/cursos-anteriores\/curso-2015-16\/a-nivel-de-centro-5\/actividades-por-el-dia-de-andalucia\/\">Seguir leyendo<\/a><\/p>\n","protected":false},"author":5888,"featured_media":0,"parent":16247,"menu_order":0,"comment_status":"closed","ping_status":"closed","template":"","meta":{"ngg_post_thumbnail":0,"footnotes":"","_mc_calendar":[]},"aioseo_notices":[],"post_mailing_queue_ids":[],"_links":{"self":[{"href":"https:\/\/blogsaverroes.juntadeandalucia.es\/colemediterraneo\/wp-json\/wp\/v2\/pages\/17920"}],"collection":[{"href":"https:\/\/blogsaverroes.juntadeandalucia.es\/colemediterraneo\/wp-json\/wp\/v2\/pages"}],"about":[{"href":"https:\/\/blogsaverroes.juntadeandalucia.es\/colemediterraneo\/wp-json\/wp\/v2\/types\/page"}],"author":[{"embeddable":true,"href":"https:\/\/blogsaverroes.juntadeandalucia.es\/colemediterraneo\/wp-json\/wp\/v2\/users\/5888"}],"replies":[{"embeddable":true,"href":"https:\/\/blogsaverroes.juntadeandalucia.es\/colemediterraneo\/wp-json\/wp\/v2\/comments?post=17920"}],"version-history":[{"count":0,"href":"https:\/\/blogsaverroes.juntadeandalucia.es\/colemediterraneo\/wp-json\/wp\/v2\/pages\/17920\/revisions"}],"up":[{"embeddable":true,"href":"https:\/\/blogsaverroes.juntadeandalucia.es\/colemediterraneo\/wp-json\/wp\/v2\/pages\/16247"}],"wp:attachment":[{"href":"https:\/\/blogsaverroes.juntadeandalucia.es\/colemediterraneo\/wp-json\/wp\/v2\/media?parent=17920"}],"curies":[{"name":"wp","href":"https:\/\/api.w.org\/{rel}","templated":true}]}}