{"id":21789,"date":"2017-06-21T10:20:30","date_gmt":"2017-06-21T09:20:30","guid":{"rendered":"http:\/\/colemediterraneo.es\/?page_id=21789"},"modified":"2017-06-21T10:20:30","modified_gmt":"2017-06-21T09:20:30","slug":"la-labor-de-una-mee-monitora-de-educacion-especial","status":"publish","type":"page","link":"https:\/\/blogsaverroes.juntadeandalucia.es\/colemediterraneo\/cursos-anteriores\/curso-2016-2017\/a-nivel-de-centro-6\/la-labor-de-una-mee-monitora-de-educacion-especial\/","title":{"rendered":"La labor de una MEE (monitora de educaci\u00f3n especial)"},"content":{"rendered":"<p>Los monitores de Educaci\u00f3n Especial son\u00a0un apoyo esencial en la educaci\u00f3n del alumnado con discapacidad intelectual, sensorial, f\u00edsica o con alteraciones del comportamiento. Sus funciones de asistencia, cuidados, ayuda en desplazamientos y supervisi\u00f3n constituyen un soporte imprescindible en los centros educativos. \u00a0 Estos monitores\/as trabajan en colaboraci\u00f3n con el profesorado especializado de pedagog\u00eda terap\u00e9utica y audici\u00f3n y lenguaje y contribuyen a la educaci\u00f3n cumpliendo sus funciones, entre las cuales encontramos:<\/p>\n<ul>\n<li>Atender, bajo la supervisi\u00f3n del profesorado especializado, la realizaci\u00f3n de actividades de ocio y tiempo libre.<\/li>\n<li>Colaborar en la programaci\u00f3n de estas actividades.<\/li>\n<li>Instruir y atender al alumnado con discapacidad en conductas sociales; auto alimentaci\u00f3n, h\u00e1bitos de higiene y aseo personal. Esta funci\u00f3n se realiza en aquellos espacios y servicios educativos que se prestan al alumnado en la aulas, los aseos, el comedor escolar, el servicio de transporte, dentro del recinto del centro y fuera del mismo, cuando los alumnos a los que atiende participen en actividades programadas.<\/li>\n<li>Colaborar en los cambios de servicios y en la vigilancia de recreos y clases.<\/li>\n<li>Colaborar en las relaciones del centro con las familias.<\/li>\n<li id=\"yiv8512229190yMail_cursorElementTracker_1497959461216\">Estar en concordancia con el profesorado especializado de pedagog\u00eda terap\u00e9utica y audici\u00f3n y lenguaje para poder realizar con mayor precisi\u00f3n un buen comunicador en caso de que sea necesario o simplemente para la mejor comunicaci\u00f3n del alumnado y el avance del mismo.<\/li>\n<\/ul>\n<p><img loading=\"lazy\" decoding=\"async\" class=\"wp-image-21831 size-full aligncenter\" src=\"https:\/\/blogsaverroes.juntadeandalucia.es\/colemediterraneo\/files\/2017\/06\/IMG-20170621-WA0004-e1498036594964.jpg\" alt=\"\" width=\"316\" height=\"441\" srcset=\"https:\/\/blogsaverroes.juntadeandalucia.es\/colemediterraneo\/files\/2017\/06\/IMG-20170621-WA0004-e1498036594964.jpg 316w, https:\/\/blogsaverroes.juntadeandalucia.es\/colemediterraneo\/files\/2017\/06\/IMG-20170621-WA0004-e1498036594964-215x300.jpg 215w, https:\/\/blogsaverroes.juntadeandalucia.es\/colemediterraneo\/files\/2017\/06\/IMG-20170621-WA0004-e1498036594964-17x24.jpg 17w, https:\/\/blogsaverroes.juntadeandalucia.es\/colemediterraneo\/files\/2017\/06\/IMG-20170621-WA0004-e1498036594964-26x36.jpg 26w, https:\/\/blogsaverroes.juntadeandalucia.es\/colemediterraneo\/files\/2017\/06\/IMG-20170621-WA0004-e1498036594964-34x48.jpg 34w\" sizes=\"(max-width: 316px) 100vw, 316px\" \/><\/p>\n<p>Mercedes del Moral, es la monitora \u00a0de educaci\u00f3n especial que lleva con nosotros desde el curso 2009 \/10. \u00a0Este tiempo le ha permitido un conocimiento muy cercano del funcionamiento del centro. \u00a0Siempre que sus labores se lo permiten, \u00a0Mercedes dedica su tiempo \u00a0y energ\u00eda a mejorar en todo lo que puede la labor educativa de nuestro colegio. \u00a0Queremos agradecer desde aqu\u00ed su actitud de entrega, de continua \u00a0colaboraci\u00f3n y de ayuda al buen funcionamiento del centro. \u00a0 \u00a0Esperamos poder seguir contando muchos a\u00f1os m\u00e1s con su presencia, profesionalidad, cari\u00f1o, esfuerzo y trabajo.<\/p>\n<p>&nbsp;<\/p>\n","protected":false},"excerpt":{"rendered":"<p>Los monitores de Educaci\u00f3n Especial son\u00a0un apoyo esencial en la educaci\u00f3n del alumnado con discapacidad intelectual, sensorial, f\u00edsica o con alteraciones del comportamiento. Sus funciones de asistencia, cuidados, ayuda en desplazamientos y supervisi\u00f3n constituyen un soporte imprescindible en los centros educativos. \u00a0 Estos monitores\/as trabajan en colaboraci\u00f3n con el profesorado especializado de pedagog\u00eda terap\u00e9utica y &hellip; <\/p>\n<p><a class=\"more-link btn\" href=\"https:\/\/blogsaverroes.juntadeandalucia.es\/colemediterraneo\/cursos-anteriores\/curso-2016-2017\/a-nivel-de-centro-6\/la-labor-de-una-mee-monitora-de-educacion-especial\/\">Seguir leyendo<\/a><\/p>\n","protected":false},"author":5888,"featured_media":0,"parent":19223,"menu_order":0,"comment_status":"closed","ping_status":"closed","template":"","meta":{"ngg_post_thumbnail":0,"footnotes":"","_mc_calendar":[]},"aioseo_notices":[],"post_mailing_queue_ids":[],"_links":{"self":[{"href":"https:\/\/blogsaverroes.juntadeandalucia.es\/colemediterraneo\/wp-json\/wp\/v2\/pages\/21789"}],"collection":[{"href":"https:\/\/blogsaverroes.juntadeandalucia.es\/colemediterraneo\/wp-json\/wp\/v2\/pages"}],"about":[{"href":"https:\/\/blogsaverroes.juntadeandalucia.es\/colemediterraneo\/wp-json\/wp\/v2\/types\/page"}],"author":[{"embeddable":true,"href":"https:\/\/blogsaverroes.juntadeandalucia.es\/colemediterraneo\/wp-json\/wp\/v2\/users\/5888"}],"replies":[{"embeddable":true,"href":"https:\/\/blogsaverroes.juntadeandalucia.es\/colemediterraneo\/wp-json\/wp\/v2\/comments?post=21789"}],"version-history":[{"count":0,"href":"https:\/\/blogsaverroes.juntadeandalucia.es\/colemediterraneo\/wp-json\/wp\/v2\/pages\/21789\/revisions"}],"up":[{"embeddable":true,"href":"https:\/\/blogsaverroes.juntadeandalucia.es\/colemediterraneo\/wp-json\/wp\/v2\/pages\/19223"}],"wp:attachment":[{"href":"https:\/\/blogsaverroes.juntadeandalucia.es\/colemediterraneo\/wp-json\/wp\/v2\/media?parent=21789"}],"curies":[{"name":"wp","href":"https:\/\/api.w.org\/{rel}","templated":true}]}}