{"id":22670,"date":"2018-02-22T09:33:22","date_gmt":"2018-02-22T09:33:22","guid":{"rendered":"https:\/\/blogsaverroes.juntadeandalucia.es\/colemediterraneo\/?page_id=22670"},"modified":"2018-02-22T09:34:22","modified_gmt":"2018-02-22T09:34:22","slug":"aprendemos-a-calmarnos-con-el-yoga","status":"publish","type":"page","link":"https:\/\/blogsaverroes.juntadeandalucia.es\/colemediterraneo\/cursos-anteriores\/curso-2017-2018\/educacion-infantil-6\/aprendemos-a-calmarnos-con-el-yoga\/","title":{"rendered":"Aprendemos a calmarnos con el yoga"},"content":{"rendered":"<p>Dentro del Programa de Prevenci\u00f3n que se est\u00e1 llevando a cabo en Ed. Infantil por parte de la Especialista de Audici\u00f3n y Lenguaje, Esther S\u00e1nchez, se han programado unas divertidas y relajantes sesiones&nbsp; de yoga .&nbsp; &nbsp;En el SUM, los ni\u00f1os y ni\u00f1as aprenden a tomar conciencia de su cuerpo y a controlar su postura, mejorando as\u00ed su esquema corporal y su equilibrio.&nbsp; Adem\u00e1s, se vuelven m\u00e1s conscientes del control que van teniendo de su respiraci\u00f3n y c\u00f3mo ello, les ayuda a relajarse.&nbsp; &nbsp;Aqu\u00ed os mostramos unas im\u00e1genes de las sesiones para que las pod\u00e1is ver en casa y comentarlas con ellos.<\/p>\n<p>&nbsp;<a href=\"https:\/\/blogsaverroes.juntadeandalucia.es\/colemediterraneo\/files\/2018\/02\/IMG-20180221-WA0004.jpg\"><img loading=\"lazy\" decoding=\"async\" class=\"alignnone size-medium wp-image-22683\" src=\"https:\/\/blogsaverroes.juntadeandalucia.es\/colemediterraneo\/files\/2018\/02\/IMG-20180221-WA0004-300x225.jpg\" alt=\"\" width=\"300\" height=\"225\" srcset=\"https:\/\/blogsaverroes.juntadeandalucia.es\/colemediterraneo\/files\/2018\/02\/IMG-20180221-WA0004-300x225.jpg 300w, https:\/\/blogsaverroes.juntadeandalucia.es\/colemediterraneo\/files\/2018\/02\/IMG-20180221-WA0004-24x18.jpg 24w, https:\/\/blogsaverroes.juntadeandalucia.es\/colemediterraneo\/files\/2018\/02\/IMG-20180221-WA0004-36x27.jpg 36w, https:\/\/blogsaverroes.juntadeandalucia.es\/colemediterraneo\/files\/2018\/02\/IMG-20180221-WA0004-48x36.jpg 48w, https:\/\/blogsaverroes.juntadeandalucia.es\/colemediterraneo\/files\/2018\/02\/IMG-20180221-WA0004.jpg 700w\" sizes=\"(max-width: 300px) 100vw, 300px\" \/><\/a> &nbsp;&nbsp;<a href=\"https:\/\/blogsaverroes.juntadeandalucia.es\/colemediterraneo\/files\/2018\/02\/IMG-20180221-WA0007.jpg\"><img loading=\"lazy\" decoding=\"async\" class=\"alignnone size-medium wp-image-22686\" src=\"https:\/\/blogsaverroes.juntadeandalucia.es\/colemediterraneo\/files\/2018\/02\/IMG-20180221-WA0007-300x225.jpg\" alt=\"\" width=\"300\" height=\"225\" srcset=\"https:\/\/blogsaverroes.juntadeandalucia.es\/colemediterraneo\/files\/2018\/02\/IMG-20180221-WA0007-300x225.jpg 300w, https:\/\/blogsaverroes.juntadeandalucia.es\/colemediterraneo\/files\/2018\/02\/IMG-20180221-WA0007-24x18.jpg 24w, https:\/\/blogsaverroes.juntadeandalucia.es\/colemediterraneo\/files\/2018\/02\/IMG-20180221-WA0007-36x27.jpg 36w, https:\/\/blogsaverroes.juntadeandalucia.es\/colemediterraneo\/files\/2018\/02\/IMG-20180221-WA0007-48x36.jpg 48w, https:\/\/blogsaverroes.juntadeandalucia.es\/colemediterraneo\/files\/2018\/02\/IMG-20180221-WA0007.jpg 700w\" sizes=\"(max-width: 300px) 100vw, 300px\" \/><\/a><\/p>\n","protected":false},"excerpt":{"rendered":"<p>Dentro del Programa de Prevenci\u00f3n que se est\u00e1 llevando a cabo en Ed. Infantil por parte de la Especialista de Audici\u00f3n y Lenguaje, Esther S\u00e1nchez, se han programado unas divertidas y relajantes sesiones&nbsp; de yoga .&nbsp; &nbsp;En el SUM, los ni\u00f1os y ni\u00f1as aprenden a tomar conciencia de su cuerpo y a controlar su postura, &hellip; <\/p>\n<p><a class=\"more-link btn\" href=\"https:\/\/blogsaverroes.juntadeandalucia.es\/colemediterraneo\/cursos-anteriores\/curso-2017-2018\/educacion-infantil-6\/aprendemos-a-calmarnos-con-el-yoga\/\">Seguir leyendo<\/a><\/p>\n","protected":false},"author":5888,"featured_media":0,"parent":21932,"menu_order":0,"comment_status":"closed","ping_status":"closed","template":"","meta":{"ngg_post_thumbnail":0,"footnotes":"","_mc_calendar":[]},"aioseo_notices":[],"post_mailing_queue_ids":[],"_links":{"self":[{"href":"https:\/\/blogsaverroes.juntadeandalucia.es\/colemediterraneo\/wp-json\/wp\/v2\/pages\/22670"}],"collection":[{"href":"https:\/\/blogsaverroes.juntadeandalucia.es\/colemediterraneo\/wp-json\/wp\/v2\/pages"}],"about":[{"href":"https:\/\/blogsaverroes.juntadeandalucia.es\/colemediterraneo\/wp-json\/wp\/v2\/types\/page"}],"author":[{"embeddable":true,"href":"https:\/\/blogsaverroes.juntadeandalucia.es\/colemediterraneo\/wp-json\/wp\/v2\/users\/5888"}],"replies":[{"embeddable":true,"href":"https:\/\/blogsaverroes.juntadeandalucia.es\/colemediterraneo\/wp-json\/wp\/v2\/comments?post=22670"}],"version-history":[{"count":4,"href":"https:\/\/blogsaverroes.juntadeandalucia.es\/colemediterraneo\/wp-json\/wp\/v2\/pages\/22670\/revisions"}],"predecessor-version":[{"id":22689,"href":"https:\/\/blogsaverroes.juntadeandalucia.es\/colemediterraneo\/wp-json\/wp\/v2\/pages\/22670\/revisions\/22689"}],"up":[{"embeddable":true,"href":"https:\/\/blogsaverroes.juntadeandalucia.es\/colemediterraneo\/wp-json\/wp\/v2\/pages\/21932"}],"wp:attachment":[{"href":"https:\/\/blogsaverroes.juntadeandalucia.es\/colemediterraneo\/wp-json\/wp\/v2\/media?parent=22670"}],"curies":[{"name":"wp","href":"https:\/\/api.w.org\/{rel}","templated":true}]}}

<p>Dentro del Programa de Prevención que se está llevando a cabo en Ed. Infantil por parte de la Especialista de Audición y Lenguaje, Esther Sánchez, se han programado unas divertidas y relajantes sesiones&nbsp; de yoga .&nbsp; &nbsp;En el SUM, los niños y niñas aprenden a tomar conciencia de su cuerpo y a controlar su postura, mejorando así su esquema corporal y su equilibrio.&nbsp; Además, se vuelven más conscientes del control que van teniendo de su respiración y cómo ello, les ayuda a relajarse.&nbsp; &nbsp;Aquí os mostramos unas imágenes de las sesiones para que las podáis ver en casa y comentarlas con ellos.</p>
<p>&nbsp;<a href="https://blogsaverroes.juntadeandalucia.es/colemediterraneo/files/2018/02/IMG-20180221-WA0004.jpg"><img loading="lazy" decoding="async" class="alignnone size-medium wp-image-22683" src="https://blogsaverroes.juntadeandalucia.es/colemediterraneo/files/2018/02/IMG-20180221-WA0004-300x225.jpg" alt="" width="300" height="225" srcset="https://blogsaverroes.juntadeandalucia.es/colemediterraneo/files/2018/02/IMG-20180221-WA0004-300x225.jpg 300w, https://blogsaverroes.juntadeandalucia.es/colemediterraneo/files/2018/02/IMG-20180221-WA0004-24x18.jpg 24w, https://blogsaverroes.juntadeandalucia.es/colemediterraneo/files/2018/02/IMG-20180221-WA0004-36x27.jpg 36w, https://blogsaverroes.juntadeandalucia.es/colemediterraneo/files/2018/02/IMG-20180221-WA0004-48x36.jpg 48w, https://blogsaverroes.juntadeandalucia.es/colemediterraneo/files/2018/02/IMG-20180221-WA0004.jpg 700w" sizes="(max-width: 300px) 100vw, 300px" /></a> &nbsp;&nbsp;<a href="https://blogsaverroes.juntadeandalucia.es/colemediterraneo/files/2018/02/IMG-20180221-WA0007.jpg"><img loading="lazy" decoding="async" class="alignnone size-medium wp-image-22686" src="https://blogsaverroes.juntadeandalucia.es/colemediterraneo/files/2018/02/IMG-20180221-WA0007-300x225.jpg" alt="" width="300" height="225" srcset="https://blogsaverroes.juntadeandalucia.es/colemediterraneo/files/2018/02/IMG-20180221-WA0007-300x225.jpg 300w, https://blogsaverroes.juntadeandalucia.es/colemediterraneo/files/2018/02/IMG-20180221-WA0007-24x18.jpg 24w, https://blogsaverroes.juntadeandalucia.es/colemediterraneo/files/2018/02/IMG-20180221-WA0007-36x27.jpg 36w, https://blogsaverroes.juntadeandalucia.es/colemediterraneo/files/2018/02/IMG-20180221-WA0007-48x36.jpg 48w, https://blogsaverroes.juntadeandalucia.es/colemediterraneo/files/2018/02/IMG-20180221-WA0007.jpg 700w" sizes="(max-width: 300px) 100vw, 300px" /></a></p>

<p>Dentro del Programa de Prevención que se está llevando a cabo en Ed. Infantil por parte de la Especialista de Audición y Lenguaje, Esther Sánchez, se han programado unas divertidas y relajantes sesiones&nbsp; de yoga .&nbsp; &nbsp;En el SUM, los niños y niñas aprenden a tomar conciencia de su cuerpo y a controlar su postura, &hellip; </p>
<p><a class="more-link btn" href="https://blogsaverroes.juntadeandalucia.es/colemediterraneo/cursos-anteriores/curso-2017-2018/educacion-infantil-6/aprendemos-a-calmarnos-con-el-yoga/">Seguir leyendo</a></p>
