{"id":24139,"date":"2019-02-01T08:20:07","date_gmt":"2019-02-01T08:20:07","guid":{"rendered":"https:\/\/blogsaverroes.juntadeandalucia.es\/colemediterraneo\/?page_id=24139"},"modified":"2025-11-03T19:04:32","modified_gmt":"2025-11-03T19:04:32","slug":"comienza-nuestro-erasmus","status":"publish","type":"page","link":"https:\/\/blogsaverroes.juntadeandalucia.es\/colemediterraneo\/proyectos-2\/erasmus\/comienza-nuestro-erasmus\/","title":{"rendered":"Formaci\u00f3n Erasmus+ de nuestro profesorado"},"content":{"rendered":"<p>&nbsp;Aqu\u00ed os mostramos el enlace donde se colgar\u00e1 toda la informaci\u00f3n relacionada con la participaci\u00f3n de nuestro centro en el PROGRAMA ERASMUS+.<\/p>\n<p><a href=\"https:\/\/blogsaverroes.juntadeandalucia.es\/colemediterraneo\/files\/2019\/01\/erasmus-finlandia.jpg\"><img loading=\"lazy\" decoding=\"async\" class=\"size-full wp-image-24142 aligncenter\" src=\"https:\/\/blogsaverroes.juntadeandalucia.es\/colemediterraneo\/files\/2019\/01\/erasmus-finlandia.jpg\" alt=\"\" width=\"921\" height=\"921\" srcset=\"https:\/\/blogsaverroes.juntadeandalucia.es\/colemediterraneo\/files\/2019\/01\/erasmus-finlandia.jpg 921w, https:\/\/blogsaverroes.juntadeandalucia.es\/colemediterraneo\/files\/2019\/01\/erasmus-finlandia-150x150.jpg 150w, https:\/\/blogsaverroes.juntadeandalucia.es\/colemediterraneo\/files\/2019\/01\/erasmus-finlandia-300x300.jpg 300w, https:\/\/blogsaverroes.juntadeandalucia.es\/colemediterraneo\/files\/2019\/01\/erasmus-finlandia-100x100.jpg 100w, https:\/\/blogsaverroes.juntadeandalucia.es\/colemediterraneo\/files\/2019\/01\/erasmus-finlandia-24x24.jpg 24w, https:\/\/blogsaverroes.juntadeandalucia.es\/colemediterraneo\/files\/2019\/01\/erasmus-finlandia-36x36.jpg 36w, https:\/\/blogsaverroes.juntadeandalucia.es\/colemediterraneo\/files\/2019\/01\/erasmus-finlandia-48x48.jpg 48w\" sizes=\"(max-width: 921px) 100vw, 921px\" \/><\/a><\/p>\n<p>Nuestra compa\u00f1era Marisa Garc\u00eda&nbsp; particip\u00f3 visitando la ciudad de Rovaniemi, en Finlandia y asistiendo a diversas actividades de Formaci\u00f3n. M\u00e1s tarde, nuestras compa\u00f1eras Eva y Esther (de PT y AL) desarrollaron su formaci\u00f3n dentro del programa en Croacia.&nbsp; En los siguiente enlaces, podr\u00e9is obtener&nbsp; m\u00e1s informaci\u00f3n relacionada con los diversos proyectos que se llevan a cabo.<\/p>\n<p style=\"text-align: center\"><a href=\"https:\/\/erasmusplusinfinland.blogspot.com\/\" target=\"_blank\" rel=\"noopener noreferrer\">erasmusplusinfinland.blogspot.com&nbsp;<\/a><\/p>\n<p>&nbsp;<\/p>\n<p style=\"text-align: center\"><a href=\"https:\/\/delmediterraneoarovinj.blogspot.com\/2019\/02\/my-home-town-cordoba.html\" target=\"_blank\" rel=\"noopener noreferrer\">https:\/\/delmediterraneoarovinj.blogspot.com\/2019\/02\/my-home-town-cordoba.html<\/a><\/p>\n<p>&nbsp;<\/p>\n<p>&nbsp;<\/p>\n","protected":false},"excerpt":{"rendered":"<p>&nbsp;Aqu\u00ed os mostramos el enlace donde se colgar\u00e1 toda la informaci\u00f3n relacionada con la participaci\u00f3n de nuestro centro en el PROGRAMA ERASMUS+. Nuestra compa\u00f1era Marisa Garc\u00eda&nbsp; particip\u00f3 visitando la ciudad de Rovaniemi, en Finlandia y asistiendo a diversas actividades de Formaci\u00f3n. M\u00e1s tarde, nuestras compa\u00f1eras Eva y Esther (de PT y AL) desarrollaron su formaci\u00f3n &hellip; <\/p>\n<p><a class=\"more-link btn\" href=\"https:\/\/blogsaverroes.juntadeandalucia.es\/colemediterraneo\/proyectos-2\/erasmus\/comienza-nuestro-erasmus\/\">Seguir leyendo<\/a><\/p>\n","protected":false},"author":5888,"featured_media":0,"parent":26530,"menu_order":0,"comment_status":"closed","ping_status":"closed","template":"","meta":{"ngg_post_thumbnail":0,"footnotes":"","_mc_calendar":[]},"aioseo_notices":[],"post_mailing_queue_ids":[],"_links":{"self":[{"href":"https:\/\/blogsaverroes.juntadeandalucia.es\/colemediterraneo\/wp-json\/wp\/v2\/pages\/24139"}],"collection":[{"href":"https:\/\/blogsaverroes.juntadeandalucia.es\/colemediterraneo\/wp-json\/wp\/v2\/pages"}],"about":[{"href":"https:\/\/blogsaverroes.juntadeandalucia.es\/colemediterraneo\/wp-json\/wp\/v2\/types\/page"}],"author":[{"embeddable":true,"href":"https:\/\/blogsaverroes.juntadeandalucia.es\/colemediterraneo\/wp-json\/wp\/v2\/users\/5888"}],"replies":[{"embeddable":true,"href":"https:\/\/blogsaverroes.juntadeandalucia.es\/colemediterraneo\/wp-json\/wp\/v2\/comments?post=24139"}],"version-history":[{"count":10,"href":"https:\/\/blogsaverroes.juntadeandalucia.es\/colemediterraneo\/wp-json\/wp\/v2\/pages\/24139\/revisions"}],"predecessor-version":[{"id":38295,"href":"https:\/\/blogsaverroes.juntadeandalucia.es\/colemediterraneo\/wp-json\/wp\/v2\/pages\/24139\/revisions\/38295"}],"up":[{"embeddable":true,"href":"https:\/\/blogsaverroes.juntadeandalucia.es\/colemediterraneo\/wp-json\/wp\/v2\/pages\/26530"}],"wp:attachment":[{"href":"https:\/\/blogsaverroes.juntadeandalucia.es\/colemediterraneo\/wp-json\/wp\/v2\/media?parent=24139"}],"curies":[{"name":"wp","href":"https:\/\/api.w.org\/{rel}","templated":true}]}}