{"id":25891,"date":"2019-11-07T08:22:41","date_gmt":"2019-11-07T08:22:41","guid":{"rendered":"https:\/\/blogsaverroes.juntadeandalucia.es\/colemediterraneo\/?page_id=25891"},"modified":"2020-01-27T16:42:09","modified_gmt":"2020-01-27T16:42:09","slug":"climatizacion-del-colegio","status":"publish","type":"page","link":"https:\/\/blogsaverroes.juntadeandalucia.es\/colemediterraneo\/cursos-anteriores\/curso-2019-2020\/a-nivel-de-centro-2\/primer-trimestre\/climatizacion-del-colegio\/","title":{"rendered":"Climatizaci\u00f3n del colegio"},"content":{"rendered":"<p>&nbsp; El pasado d\u00eda 13 de septiembre, visitaron nuestro colegio varias autoridades de nuestra ciudad.&nbsp; El alcalde, Jos\u00e9 M. Bellido, la&nbsp; Delegada de Educaci\u00f3n de la Junta de Andaluc\u00eda, Inmaculada Troncoso y el delegado del gobierno andaluz en C\u00f3rdoba, Antonio Repullo, con el objetivo de informar a la comunidad escolar que en breve comenzar\u00e1n las esperadas obras de <span style=\"text-decoration: underline\"><strong>climatizaci\u00f3n<\/strong> <\/span>del colegio.&nbsp; &nbsp;Ante los medios de comunicaci\u00f3n, explicaron los pasos que se han de llevar a cabo para acometer estas obras que comprenden varias fases.&nbsp; Esperamos que para el presente curso escolar est\u00e9n finalizadas y as\u00ed poder beneficiarnos de la bajada de temperatura que demasiado a menudo hace tan dif\u00edcil la labor educativa.<\/p>\n<p>&nbsp;<\/p>\n<p style=\"text-align: center\">\u00c7<\/p>\n<p style=\"text-align: center\"><a href=\"https:\/\/blogsaverroes.juntadeandalucia.es\/colemediterraneo\/files\/2019\/10\/20190913_104915.jpg\"><img loading=\"lazy\" decoding=\"async\" class=\"alignnone size-large wp-image-25914\" src=\"https:\/\/blogsaverroes.juntadeandalucia.es\/colemediterraneo\/files\/2019\/10\/20190913_104915.jpg\" alt=\"\" width=\"700\" height=\"525\" srcset=\"https:\/\/blogsaverroes.juntadeandalucia.es\/colemediterraneo\/files\/2019\/10\/20190913_104915.jpg 700w, https:\/\/blogsaverroes.juntadeandalucia.es\/colemediterraneo\/files\/2019\/10\/20190913_104915-300x225.jpg 300w, https:\/\/blogsaverroes.juntadeandalucia.es\/colemediterraneo\/files\/2019\/10\/20190913_104915-24x18.jpg 24w, https:\/\/blogsaverroes.juntadeandalucia.es\/colemediterraneo\/files\/2019\/10\/20190913_104915-36x27.jpg 36w, https:\/\/blogsaverroes.juntadeandalucia.es\/colemediterraneo\/files\/2019\/10\/20190913_104915-48x36.jpg 48w\" sizes=\"(max-width: 700px) 100vw, 700px\" \/><\/a> <a href=\"https:\/\/blogsaverroes.juntadeandalucia.es\/colemediterraneo\/files\/2019\/10\/20190913_110449.jpg\"><img loading=\"lazy\" decoding=\"async\" class=\"alignnone size-large wp-image-25915\" src=\"https:\/\/blogsaverroes.juntadeandalucia.es\/colemediterraneo\/files\/2019\/10\/20190913_110449.jpg\" alt=\"\" width=\"700\" height=\"525\" srcset=\"https:\/\/blogsaverroes.juntadeandalucia.es\/colemediterraneo\/files\/2019\/10\/20190913_110449.jpg 700w, https:\/\/blogsaverroes.juntadeandalucia.es\/colemediterraneo\/files\/2019\/10\/20190913_110449-300x225.jpg 300w, https:\/\/blogsaverroes.juntadeandalucia.es\/colemediterraneo\/files\/2019\/10\/20190913_110449-24x18.jpg 24w, https:\/\/blogsaverroes.juntadeandalucia.es\/colemediterraneo\/files\/2019\/10\/20190913_110449-36x27.jpg 36w, https:\/\/blogsaverroes.juntadeandalucia.es\/colemediterraneo\/files\/2019\/10\/20190913_110449-48x36.jpg 48w\" sizes=\"(max-width: 700px) 100vw, 700px\" \/><\/a> <a href=\"https:\/\/blogsaverroes.juntadeandalucia.es\/colemediterraneo\/files\/2019\/10\/20190913_110521.jpg\"><img loading=\"lazy\" decoding=\"async\" class=\"alignnone size-large wp-image-25916\" src=\"https:\/\/blogsaverroes.juntadeandalucia.es\/colemediterraneo\/files\/2019\/10\/20190913_110521.jpg\" alt=\"\" width=\"700\" height=\"525\" srcset=\"https:\/\/blogsaverroes.juntadeandalucia.es\/colemediterraneo\/files\/2019\/10\/20190913_110521.jpg 700w, https:\/\/blogsaverroes.juntadeandalucia.es\/colemediterraneo\/files\/2019\/10\/20190913_110521-300x225.jpg 300w, https:\/\/blogsaverroes.juntadeandalucia.es\/colemediterraneo\/files\/2019\/10\/20190913_110521-24x18.jpg 24w, https:\/\/blogsaverroes.juntadeandalucia.es\/colemediterraneo\/files\/2019\/10\/20190913_110521-36x27.jpg 36w, https:\/\/blogsaverroes.juntadeandalucia.es\/colemediterraneo\/files\/2019\/10\/20190913_110521-48x36.jpg 48w\" sizes=\"(max-width: 700px) 100vw, 700px\" \/><\/a><\/p>\n","protected":false},"excerpt":{"rendered":"<p>&nbsp; El pasado d\u00eda 13 de septiembre, visitaron nuestro colegio varias autoridades de nuestra ciudad.&nbsp; El alcalde, Jos\u00e9 M. Bellido, la&nbsp; Delegada de Educaci\u00f3n de la Junta de Andaluc\u00eda, Inmaculada Troncoso y el delegado del gobierno andaluz en C\u00f3rdoba, Antonio Repullo, con el objetivo de informar a la comunidad escolar que en breve comenzar\u00e1n las &hellip; <\/p>\n<p><a class=\"more-link btn\" href=\"https:\/\/blogsaverroes.juntadeandalucia.es\/colemediterraneo\/cursos-anteriores\/curso-2019-2020\/a-nivel-de-centro-2\/primer-trimestre\/climatizacion-del-colegio\/\">Seguir leyendo<\/a><\/p>\n","protected":false},"author":5888,"featured_media":0,"parent":26544,"menu_order":0,"comment_status":"closed","ping_status":"closed","template":"","meta":{"ngg_post_thumbnail":0,"footnotes":"","_mc_calendar":[]},"aioseo_notices":[],"post_mailing_queue_ids":[],"_links":{"self":[{"href":"https:\/\/blogsaverroes.juntadeandalucia.es\/colemediterraneo\/wp-json\/wp\/v2\/pages\/25891"}],"collection":[{"href":"https:\/\/blogsaverroes.juntadeandalucia.es\/colemediterraneo\/wp-json\/wp\/v2\/pages"}],"about":[{"href":"https:\/\/blogsaverroes.juntadeandalucia.es\/colemediterraneo\/wp-json\/wp\/v2\/types\/page"}],"author":[{"embeddable":true,"href":"https:\/\/blogsaverroes.juntadeandalucia.es\/colemediterraneo\/wp-json\/wp\/v2\/users\/5888"}],"replies":[{"embeddable":true,"href":"https:\/\/blogsaverroes.juntadeandalucia.es\/colemediterraneo\/wp-json\/wp\/v2\/comments?post=25891"}],"version-history":[{"count":6,"href":"https:\/\/blogsaverroes.juntadeandalucia.es\/colemediterraneo\/wp-json\/wp\/v2\/pages\/25891\/revisions"}],"predecessor-version":[{"id":25921,"href":"https:\/\/blogsaverroes.juntadeandalucia.es\/colemediterraneo\/wp-json\/wp\/v2\/pages\/25891\/revisions\/25921"}],"up":[{"embeddable":true,"href":"https:\/\/blogsaverroes.juntadeandalucia.es\/colemediterraneo\/wp-json\/wp\/v2\/pages\/26544"}],"wp:attachment":[{"href":"https:\/\/blogsaverroes.juntadeandalucia.es\/colemediterraneo\/wp-json\/wp\/v2\/media?parent=25891"}],"curies":[{"name":"wp","href":"https:\/\/api.w.org\/{rel}","templated":true}]}}

Climatización del colegio

<p>&nbsp; El pasado día 13 de septiembre, visitaron nuestro colegio varias autoridades de nuestra ciudad.&nbsp; El alcalde, José M. Bellido, la&nbsp; Delegada de Educación de la Junta de Andalucía, Inmaculada Troncoso y el delegado del gobierno andaluz en Córdoba, Antonio Repullo, con el objetivo de informar a la comunidad escolar que en breve comenzarán las esperadas obras de <span style="text-decoration: underline"><strong>climatización</strong> </span>del colegio.&nbsp; &nbsp;Ante los medios de comunicación, explicaron los pasos que se han de llevar a cabo para acometer estas obras que comprenden varias fases.&nbsp; Esperamos que para el presente curso escolar estén finalizadas y así poder beneficiarnos de la bajada de temperatura que demasiado a menudo hace tan difícil la labor educativa.</p>
<p>&nbsp;</p>
<p style="text-align: center">Ç</p>
<p style="text-align: center"><a href="https://blogsaverroes.juntadeandalucia.es/colemediterraneo/files/2019/10/20190913_104915.jpg"><img loading="lazy" decoding="async" class="alignnone size-large wp-image-25914" src="https://blogsaverroes.juntadeandalucia.es/colemediterraneo/files/2019/10/20190913_104915.jpg" alt="" width="700" height="525" srcset="https://blogsaverroes.juntadeandalucia.es/colemediterraneo/files/2019/10/20190913_104915.jpg 700w, https://blogsaverroes.juntadeandalucia.es/colemediterraneo/files/2019/10/20190913_104915-300x225.jpg 300w, https://blogsaverroes.juntadeandalucia.es/colemediterraneo/files/2019/10/20190913_104915-24x18.jpg 24w, https://blogsaverroes.juntadeandalucia.es/colemediterraneo/files/2019/10/20190913_104915-36x27.jpg 36w, https://blogsaverroes.juntadeandalucia.es/colemediterraneo/files/2019/10/20190913_104915-48x36.jpg 48w" sizes="(max-width: 700px) 100vw, 700px" /></a> <a href="https://blogsaverroes.juntadeandalucia.es/colemediterraneo/files/2019/10/20190913_110449.jpg"><img loading="lazy" decoding="async" class="alignnone size-large wp-image-25915" src="https://blogsaverroes.juntadeandalucia.es/colemediterraneo/files/2019/10/20190913_110449.jpg" alt="" width="700" height="525" srcset="https://blogsaverroes.juntadeandalucia.es/colemediterraneo/files/2019/10/20190913_110449.jpg 700w, https://blogsaverroes.juntadeandalucia.es/colemediterraneo/files/2019/10/20190913_110449-300x225.jpg 300w, https://blogsaverroes.juntadeandalucia.es/colemediterraneo/files/2019/10/20190913_110449-24x18.jpg 24w, https://blogsaverroes.juntadeandalucia.es/colemediterraneo/files/2019/10/20190913_110449-36x27.jpg 36w, https://blogsaverroes.juntadeandalucia.es/colemediterraneo/files/2019/10/20190913_110449-48x36.jpg 48w" sizes="(max-width: 700px) 100vw, 700px" /></a> <a href="https://blogsaverroes.juntadeandalucia.es/colemediterraneo/files/2019/10/20190913_110521.jpg"><img loading="lazy" decoding="async" class="alignnone size-large wp-image-25916" src="https://blogsaverroes.juntadeandalucia.es/colemediterraneo/files/2019/10/20190913_110521.jpg" alt="" width="700" height="525" srcset="https://blogsaverroes.juntadeandalucia.es/colemediterraneo/files/2019/10/20190913_110521.jpg 700w, https://blogsaverroes.juntadeandalucia.es/colemediterraneo/files/2019/10/20190913_110521-300x225.jpg 300w, https://blogsaverroes.juntadeandalucia.es/colemediterraneo/files/2019/10/20190913_110521-24x18.jpg 24w, https://blogsaverroes.juntadeandalucia.es/colemediterraneo/files/2019/10/20190913_110521-36x27.jpg 36w, https://blogsaverroes.juntadeandalucia.es/colemediterraneo/files/2019/10/20190913_110521-48x36.jpg 48w" sizes="(max-width: 700px) 100vw, 700px" /></a></p>

<p>&nbsp; El pasado día 13 de septiembre, visitaron nuestro colegio varias autoridades de nuestra ciudad.&nbsp; El alcalde, José M. Bellido, la&nbsp; Delegada de Educación de la Junta de Andalucía, Inmaculada Troncoso y el delegado del gobierno andaluz en Córdoba, Antonio Repullo, con el objetivo de informar a la comunidad escolar que en breve comenzarán las &hellip; </p>
<p><a class="more-link btn" href="https://blogsaverroes.juntadeandalucia.es/colemediterraneo/cursos-anteriores/curso-2019-2020/a-nivel-de-centro-2/primer-trimestre/climatizacion-del-colegio/">Seguir leyendo</a></p>
