{"id":26092,"date":"2019-11-11T11:07:47","date_gmt":"2019-11-11T11:07:47","guid":{"rendered":"https:\/\/blogsaverroes.juntadeandalucia.es\/colemediterraneo\/?page_id=26092"},"modified":"2020-01-27T16:42:31","modified_gmt":"2020-01-27T16:42:31","slug":"descubrimos-la-placa-de-nuestro-50-aniversario","status":"publish","type":"page","link":"https:\/\/blogsaverroes.juntadeandalucia.es\/colemediterraneo\/cursos-anteriores\/curso-2019-2020\/a-nivel-de-centro-2\/primer-trimestre\/descubrimos-la-placa-de-nuestro-50-aniversario\/","title":{"rendered":"Descubrimos la Placa de nuestro 50 aniversario"},"content":{"rendered":"<p>El pasado d\u00eda 8 de noviembre una peque\u00f1a representaci\u00f3n de nuestro colegio descubri\u00f3 el cartel de la entrada que refleja el 50 Aniversario de nuestro centro.&nbsp; El director, Juan M. hizo un breve resumen a los asistentes de c\u00f3mo comenz\u00f3 la vida de los colegios Lope de Vega y Califato, los cuales al unirse, dieron lugar al actual Mediterr\u00e1neo.&nbsp; Con este gesto simb\u00f3lico se comienza la conmemoraci\u00f3n de nuestros 50 a\u00f1os de existencia. Aqu\u00ed os dejamos unas im\u00e1genes de este momento.<\/p>\n<p style=\"text-align: center\"><a href=\"https:\/\/blogsaverroes.juntadeandalucia.es\/colemediterraneo\/files\/2019\/11\/20191108_121957.jpg\"><img loading=\"lazy\" decoding=\"async\" class=\"alignnone size-full wp-image-26095\" src=\"https:\/\/blogsaverroes.juntadeandalucia.es\/colemediterraneo\/files\/2019\/11\/20191108_121957.jpg\" alt=\"\" width=\"700\" height=\"394\" srcset=\"https:\/\/blogsaverroes.juntadeandalucia.es\/colemediterraneo\/files\/2019\/11\/20191108_121957.jpg 700w, https:\/\/blogsaverroes.juntadeandalucia.es\/colemediterraneo\/files\/2019\/11\/20191108_121957-300x169.jpg 300w, https:\/\/blogsaverroes.juntadeandalucia.es\/colemediterraneo\/files\/2019\/11\/20191108_121957-24x14.jpg 24w, https:\/\/blogsaverroes.juntadeandalucia.es\/colemediterraneo\/files\/2019\/11\/20191108_121957-36x20.jpg 36w, https:\/\/blogsaverroes.juntadeandalucia.es\/colemediterraneo\/files\/2019\/11\/20191108_121957-48x27.jpg 48w\" sizes=\"(max-width: 700px) 100vw, 700px\" \/><\/a> <a href=\"https:\/\/blogsaverroes.juntadeandalucia.es\/colemediterraneo\/files\/2019\/11\/20191108_122016.jpg\"><img loading=\"lazy\" decoding=\"async\" class=\"alignnone size-large wp-image-26096\" src=\"https:\/\/blogsaverroes.juntadeandalucia.es\/colemediterraneo\/files\/2019\/11\/20191108_122016.jpg\" alt=\"\" width=\"700\" height=\"394\" srcset=\"https:\/\/blogsaverroes.juntadeandalucia.es\/colemediterraneo\/files\/2019\/11\/20191108_122016.jpg 700w, https:\/\/blogsaverroes.juntadeandalucia.es\/colemediterraneo\/files\/2019\/11\/20191108_122016-300x169.jpg 300w, https:\/\/blogsaverroes.juntadeandalucia.es\/colemediterraneo\/files\/2019\/11\/20191108_122016-24x14.jpg 24w, https:\/\/blogsaverroes.juntadeandalucia.es\/colemediterraneo\/files\/2019\/11\/20191108_122016-36x20.jpg 36w, https:\/\/blogsaverroes.juntadeandalucia.es\/colemediterraneo\/files\/2019\/11\/20191108_122016-48x27.jpg 48w\" sizes=\"(max-width: 700px) 100vw, 700px\" \/><\/a> <a href=\"https:\/\/blogsaverroes.juntadeandalucia.es\/colemediterraneo\/files\/2019\/11\/20191108_122157.jpg\"><img loading=\"lazy\" decoding=\"async\" class=\"alignnone size-large wp-image-26097\" src=\"https:\/\/blogsaverroes.juntadeandalucia.es\/colemediterraneo\/files\/2019\/11\/20191108_122157.jpg\" alt=\"\" width=\"700\" height=\"394\" srcset=\"https:\/\/blogsaverroes.juntadeandalucia.es\/colemediterraneo\/files\/2019\/11\/20191108_122157.jpg 700w, https:\/\/blogsaverroes.juntadeandalucia.es\/colemediterraneo\/files\/2019\/11\/20191108_122157-300x169.jpg 300w, https:\/\/blogsaverroes.juntadeandalucia.es\/colemediterraneo\/files\/2019\/11\/20191108_122157-24x14.jpg 24w, https:\/\/blogsaverroes.juntadeandalucia.es\/colemediterraneo\/files\/2019\/11\/20191108_122157-36x20.jpg 36w, https:\/\/blogsaverroes.juntadeandalucia.es\/colemediterraneo\/files\/2019\/11\/20191108_122157-48x27.jpg 48w\" sizes=\"(max-width: 700px) 100vw, 700px\" \/><\/a> <a href=\"https:\/\/blogsaverroes.juntadeandalucia.es\/colemediterraneo\/files\/2019\/11\/20191108_122207.jpg\"><img loading=\"lazy\" decoding=\"async\" class=\"alignnone size-large wp-image-26098\" src=\"https:\/\/blogsaverroes.juntadeandalucia.es\/colemediterraneo\/files\/2019\/11\/20191108_122207.jpg\" alt=\"\" width=\"700\" height=\"394\" srcset=\"https:\/\/blogsaverroes.juntadeandalucia.es\/colemediterraneo\/files\/2019\/11\/20191108_122207.jpg 700w, https:\/\/blogsaverroes.juntadeandalucia.es\/colemediterraneo\/files\/2019\/11\/20191108_122207-300x169.jpg 300w, https:\/\/blogsaverroes.juntadeandalucia.es\/colemediterraneo\/files\/2019\/11\/20191108_122207-24x14.jpg 24w, https:\/\/blogsaverroes.juntadeandalucia.es\/colemediterraneo\/files\/2019\/11\/20191108_122207-36x20.jpg 36w, https:\/\/blogsaverroes.juntadeandalucia.es\/colemediterraneo\/files\/2019\/11\/20191108_122207-48x27.jpg 48w\" sizes=\"(max-width: 700px) 100vw, 700px\" \/><\/a> <a href=\"https:\/\/blogsaverroes.juntadeandalucia.es\/colemediterraneo\/files\/2019\/11\/20191108_122210.jpg\"><img loading=\"lazy\" decoding=\"async\" class=\"alignnone size-large wp-image-26099\" src=\"https:\/\/blogsaverroes.juntadeandalucia.es\/colemediterraneo\/files\/2019\/11\/20191108_122210.jpg\" alt=\"\" width=\"700\" height=\"394\" srcset=\"https:\/\/blogsaverroes.juntadeandalucia.es\/colemediterraneo\/files\/2019\/11\/20191108_122210.jpg 700w, https:\/\/blogsaverroes.juntadeandalucia.es\/colemediterraneo\/files\/2019\/11\/20191108_122210-300x169.jpg 300w, https:\/\/blogsaverroes.juntadeandalucia.es\/colemediterraneo\/files\/2019\/11\/20191108_122210-24x14.jpg 24w, https:\/\/blogsaverroes.juntadeandalucia.es\/colemediterraneo\/files\/2019\/11\/20191108_122210-36x20.jpg 36w, https:\/\/blogsaverroes.juntadeandalucia.es\/colemediterraneo\/files\/2019\/11\/20191108_122210-48x27.jpg 48w\" sizes=\"(max-width: 700px) 100vw, 700px\" \/><\/a> <a href=\"https:\/\/blogsaverroes.juntadeandalucia.es\/colemediterraneo\/files\/2019\/11\/20191108_122227.jpg\"><img loading=\"lazy\" decoding=\"async\" class=\"alignnone size-large wp-image-26100\" src=\"https:\/\/blogsaverroes.juntadeandalucia.es\/colemediterraneo\/files\/2019\/11\/20191108_122227.jpg\" alt=\"\" width=\"700\" height=\"394\" srcset=\"https:\/\/blogsaverroes.juntadeandalucia.es\/colemediterraneo\/files\/2019\/11\/20191108_122227.jpg 700w, https:\/\/blogsaverroes.juntadeandalucia.es\/colemediterraneo\/files\/2019\/11\/20191108_122227-300x169.jpg 300w, https:\/\/blogsaverroes.juntadeandalucia.es\/colemediterraneo\/files\/2019\/11\/20191108_122227-24x14.jpg 24w, https:\/\/blogsaverroes.juntadeandalucia.es\/colemediterraneo\/files\/2019\/11\/20191108_122227-36x20.jpg 36w, https:\/\/blogsaverroes.juntadeandalucia.es\/colemediterraneo\/files\/2019\/11\/20191108_122227-48x27.jpg 48w\" sizes=\"(max-width: 700px) 100vw, 700px\" \/><\/a> <a href=\"https:\/\/blogsaverroes.juntadeandalucia.es\/colemediterraneo\/files\/2019\/11\/20191108_122421.jpg\"><img loading=\"lazy\" decoding=\"async\" class=\"alignnone size-large wp-image-26101\" src=\"https:\/\/blogsaverroes.juntadeandalucia.es\/colemediterraneo\/files\/2019\/11\/20191108_122421.jpg\" alt=\"\" width=\"700\" height=\"525\" srcset=\"https:\/\/blogsaverroes.juntadeandalucia.es\/colemediterraneo\/files\/2019\/11\/20191108_122421.jpg 700w, https:\/\/blogsaverroes.juntadeandalucia.es\/colemediterraneo\/files\/2019\/11\/20191108_122421-300x225.jpg 300w, https:\/\/blogsaverroes.juntadeandalucia.es\/colemediterraneo\/files\/2019\/11\/20191108_122421-24x18.jpg 24w, https:\/\/blogsaverroes.juntadeandalucia.es\/colemediterraneo\/files\/2019\/11\/20191108_122421-36x27.jpg 36w, https:\/\/blogsaverroes.juntadeandalucia.es\/colemediterraneo\/files\/2019\/11\/20191108_122421-48x36.jpg 48w\" sizes=\"(max-width: 700px) 100vw, 700px\" \/><\/a><\/p>\n<p>&nbsp;<\/p>\n<p>&nbsp;<\/p>\n","protected":false},"excerpt":{"rendered":"<p>El pasado d\u00eda 8 de noviembre una peque\u00f1a representaci\u00f3n de nuestro colegio descubri\u00f3 el cartel de la entrada que refleja el 50 Aniversario de nuestro centro.&nbsp; El director, Juan M. hizo un breve resumen a los asistentes de c\u00f3mo comenz\u00f3 la vida de los colegios Lope de Vega y Califato, los cuales al unirse, dieron &hellip; <\/p>\n<p><a class=\"more-link btn\" href=\"https:\/\/blogsaverroes.juntadeandalucia.es\/colemediterraneo\/cursos-anteriores\/curso-2019-2020\/a-nivel-de-centro-2\/primer-trimestre\/descubrimos-la-placa-de-nuestro-50-aniversario\/\">Seguir leyendo<\/a><\/p>\n","protected":false},"author":5888,"featured_media":0,"parent":26544,"menu_order":0,"comment_status":"closed","ping_status":"closed","template":"","meta":{"ngg_post_thumbnail":0,"footnotes":"","_mc_calendar":[]},"aioseo_notices":[],"post_mailing_queue_ids":[],"_links":{"self":[{"href":"https:\/\/blogsaverroes.juntadeandalucia.es\/colemediterraneo\/wp-json\/wp\/v2\/pages\/26092"}],"collection":[{"href":"https:\/\/blogsaverroes.juntadeandalucia.es\/colemediterraneo\/wp-json\/wp\/v2\/pages"}],"about":[{"href":"https:\/\/blogsaverroes.juntadeandalucia.es\/colemediterraneo\/wp-json\/wp\/v2\/types\/page"}],"author":[{"embeddable":true,"href":"https:\/\/blogsaverroes.juntadeandalucia.es\/colemediterraneo\/wp-json\/wp\/v2\/users\/5888"}],"replies":[{"embeddable":true,"href":"https:\/\/blogsaverroes.juntadeandalucia.es\/colemediterraneo\/wp-json\/wp\/v2\/comments?post=26092"}],"version-history":[{"count":3,"href":"https:\/\/blogsaverroes.juntadeandalucia.es\/colemediterraneo\/wp-json\/wp\/v2\/pages\/26092\/revisions"}],"predecessor-version":[{"id":26102,"href":"https:\/\/blogsaverroes.juntadeandalucia.es\/colemediterraneo\/wp-json\/wp\/v2\/pages\/26092\/revisions\/26102"}],"up":[{"embeddable":true,"href":"https:\/\/blogsaverroes.juntadeandalucia.es\/colemediterraneo\/wp-json\/wp\/v2\/pages\/26544"}],"wp:attachment":[{"href":"https:\/\/blogsaverroes.juntadeandalucia.es\/colemediterraneo\/wp-json\/wp\/v2\/media?parent=26092"}],"curies":[{"name":"wp","href":"https:\/\/api.w.org\/{rel}","templated":true}]}}

<p>El pasado día 8 de noviembre una pequeña representación de nuestro colegio descubrió el cartel de la entrada que refleja el 50 Aniversario de nuestro centro.&nbsp; El director, Juan M. hizo un breve resumen a los asistentes de cómo comenzó la vida de los colegios Lope de Vega y Califato, los cuales al unirse, dieron lugar al actual Mediterráneo.&nbsp; Con este gesto simbólico se comienza la conmemoración de nuestros 50 años de existencia. Aquí os dejamos unas imágenes de este momento.</p>
<p style="text-align: center"><a href="https://blogsaverroes.juntadeandalucia.es/colemediterraneo/files/2019/11/20191108_121957.jpg"><img loading="lazy" decoding="async" class="alignnone size-full wp-image-26095" src="https://blogsaverroes.juntadeandalucia.es/colemediterraneo/files/2019/11/20191108_121957.jpg" alt="" width="700" height="394" srcset="https://blogsaverroes.juntadeandalucia.es/colemediterraneo/files/2019/11/20191108_121957.jpg 700w, https://blogsaverroes.juntadeandalucia.es/colemediterraneo/files/2019/11/20191108_121957-300x169.jpg 300w, https://blogsaverroes.juntadeandalucia.es/colemediterraneo/files/2019/11/20191108_121957-24x14.jpg 24w, https://blogsaverroes.juntadeandalucia.es/colemediterraneo/files/2019/11/20191108_121957-36x20.jpg 36w, https://blogsaverroes.juntadeandalucia.es/colemediterraneo/files/2019/11/20191108_121957-48x27.jpg 48w" sizes="(max-width: 700px) 100vw, 700px" /></a> <a href="https://blogsaverroes.juntadeandalucia.es/colemediterraneo/files/2019/11/20191108_122016.jpg"><img loading="lazy" decoding="async" class="alignnone size-large wp-image-26096" src="https://blogsaverroes.juntadeandalucia.es/colemediterraneo/files/2019/11/20191108_122016.jpg" alt="" width="700" height="394" srcset="https://blogsaverroes.juntadeandalucia.es/colemediterraneo/files/2019/11/20191108_122016.jpg 700w, https://blogsaverroes.juntadeandalucia.es/colemediterraneo/files/2019/11/20191108_122016-300x169.jpg 300w, https://blogsaverroes.juntadeandalucia.es/colemediterraneo/files/2019/11/20191108_122016-24x14.jpg 24w, https://blogsaverroes.juntadeandalucia.es/colemediterraneo/files/2019/11/20191108_122016-36x20.jpg 36w, https://blogsaverroes.juntadeandalucia.es/colemediterraneo/files/2019/11/20191108_122016-48x27.jpg 48w" sizes="(max-width: 700px) 100vw, 700px" /></a> <a href="https://blogsaverroes.juntadeandalucia.es/colemediterraneo/files/2019/11/20191108_122157.jpg"><img loading="lazy" decoding="async" class="alignnone size-large wp-image-26097" src="https://blogsaverroes.juntadeandalucia.es/colemediterraneo/files/2019/11/20191108_122157.jpg" alt="" width="700" height="394" srcset="https://blogsaverroes.juntadeandalucia.es/colemediterraneo/files/2019/11/20191108_122157.jpg 700w, https://blogsaverroes.juntadeandalucia.es/colemediterraneo/files/2019/11/20191108_122157-300x169.jpg 300w, https://blogsaverroes.juntadeandalucia.es/colemediterraneo/files/2019/11/20191108_122157-24x14.jpg 24w, https://blogsaverroes.juntadeandalucia.es/colemediterraneo/files/2019/11/20191108_122157-36x20.jpg 36w, https://blogsaverroes.juntadeandalucia.es/colemediterraneo/files/2019/11/20191108_122157-48x27.jpg 48w" sizes="(max-width: 700px) 100vw, 700px" /></a> <a href="https://blogsaverroes.juntadeandalucia.es/colemediterraneo/files/2019/11/20191108_122207.jpg"><img loading="lazy" decoding="async" class="alignnone size-large wp-image-26098" src="https://blogsaverroes.juntadeandalucia.es/colemediterraneo/files/2019/11/20191108_122207.jpg" alt="" width="700" height="394" srcset="https://blogsaverroes.juntadeandalucia.es/colemediterraneo/files/2019/11/20191108_122207.jpg 700w, https://blogsaverroes.juntadeandalucia.es/colemediterraneo/files/2019/11/20191108_122207-300x169.jpg 300w, https://blogsaverroes.juntadeandalucia.es/colemediterraneo/files/2019/11/20191108_122207-24x14.jpg 24w, https://blogsaverroes.juntadeandalucia.es/colemediterraneo/files/2019/11/20191108_122207-36x20.jpg 36w, https://blogsaverroes.juntadeandalucia.es/colemediterraneo/files/2019/11/20191108_122207-48x27.jpg 48w" sizes="(max-width: 700px) 100vw, 700px" /></a> <a href="https://blogsaverroes.juntadeandalucia.es/colemediterraneo/files/2019/11/20191108_122210.jpg"><img loading="lazy" decoding="async" class="alignnone size-large wp-image-26099" src="https://blogsaverroes.juntadeandalucia.es/colemediterraneo/files/2019/11/20191108_122210.jpg" alt="" width="700" height="394" srcset="https://blogsaverroes.juntadeandalucia.es/colemediterraneo/files/2019/11/20191108_122210.jpg 700w, https://blogsaverroes.juntadeandalucia.es/colemediterraneo/files/2019/11/20191108_122210-300x169.jpg 300w, https://blogsaverroes.juntadeandalucia.es/colemediterraneo/files/2019/11/20191108_122210-24x14.jpg 24w, https://blogsaverroes.juntadeandalucia.es/colemediterraneo/files/2019/11/20191108_122210-36x20.jpg 36w, https://blogsaverroes.juntadeandalucia.es/colemediterraneo/files/2019/11/20191108_122210-48x27.jpg 48w" sizes="(max-width: 700px) 100vw, 700px" /></a> <a href="https://blogsaverroes.juntadeandalucia.es/colemediterraneo/files/2019/11/20191108_122227.jpg"><img loading="lazy" decoding="async" class="alignnone size-large wp-image-26100" src="https://blogsaverroes.juntadeandalucia.es/colemediterraneo/files/2019/11/20191108_122227.jpg" alt="" width="700" height="394" srcset="https://blogsaverroes.juntadeandalucia.es/colemediterraneo/files/2019/11/20191108_122227.jpg 700w, https://blogsaverroes.juntadeandalucia.es/colemediterraneo/files/2019/11/20191108_122227-300x169.jpg 300w, https://blogsaverroes.juntadeandalucia.es/colemediterraneo/files/2019/11/20191108_122227-24x14.jpg 24w, https://blogsaverroes.juntadeandalucia.es/colemediterraneo/files/2019/11/20191108_122227-36x20.jpg 36w, https://blogsaverroes.juntadeandalucia.es/colemediterraneo/files/2019/11/20191108_122227-48x27.jpg 48w" sizes="(max-width: 700px) 100vw, 700px" /></a> <a href="https://blogsaverroes.juntadeandalucia.es/colemediterraneo/files/2019/11/20191108_122421.jpg"><img loading="lazy" decoding="async" class="alignnone size-large wp-image-26101" src="https://blogsaverroes.juntadeandalucia.es/colemediterraneo/files/2019/11/20191108_122421.jpg" alt="" width="700" height="525" srcset="https://blogsaverroes.juntadeandalucia.es/colemediterraneo/files/2019/11/20191108_122421.jpg 700w, https://blogsaverroes.juntadeandalucia.es/colemediterraneo/files/2019/11/20191108_122421-300x225.jpg 300w, https://blogsaverroes.juntadeandalucia.es/colemediterraneo/files/2019/11/20191108_122421-24x18.jpg 24w, https://blogsaverroes.juntadeandalucia.es/colemediterraneo/files/2019/11/20191108_122421-36x27.jpg 36w, https://blogsaverroes.juntadeandalucia.es/colemediterraneo/files/2019/11/20191108_122421-48x36.jpg 48w" sizes="(max-width: 700px) 100vw, 700px" /></a></p>
<p>&nbsp;</p>
<p>&nbsp;</p>

<p>El pasado día 8 de noviembre una pequeña representación de nuestro colegio descubrió el cartel de la entrada que refleja el 50 Aniversario de nuestro centro.&nbsp; El director, Juan M. hizo un breve resumen a los asistentes de cómo comenzó la vida de los colegios Lope de Vega y Califato, los cuales al unirse, dieron &hellip; </p>
<p><a class="more-link btn" href="https://blogsaverroes.juntadeandalucia.es/colemediterraneo/cursos-anteriores/curso-2019-2020/a-nivel-de-centro-2/primer-trimestre/descubrimos-la-placa-de-nuestro-50-aniversario/">Seguir leyendo</a></p>
