{"id":28901,"date":"2021-05-25T07:03:40","date_gmt":"2021-05-25T07:03:40","guid":{"rendered":"https:\/\/blogsaverroes.juntadeandalucia.es\/colemediterraneo\/?page_id=28901"},"modified":"2021-05-25T07:03:50","modified_gmt":"2021-05-25T07:03:50","slug":"sesiones-conred","status":"publish","type":"page","link":"https:\/\/blogsaverroes.juntadeandalucia.es\/colemediterraneo\/cursos-anteriores\/curso-2020-2021\/tercer-ciclo\/sesiones-conred\/","title":{"rendered":"Sesiones CONRED"},"content":{"rendered":"<p>Este curso, se pone en marcha el Programa CONRED. Se trata de un programa de prevenci\u00f3n del acoso escolar dirigido a tercer ciclo de primaria y secundaria. En 6 sesiones se abordan diferentes situaciones y conceptos relacionados con acoso y ciberacoso desde la perspectiva de los diferentes agentes implicados: v\u00edctima, acosador, c\u00f3mplices, defensor y espectadores. Se pretende reflexionar y dar instrumentos al alumnado que se pueda encontrar en alg\u00fan momento envuelto en alguna de estas situaciones de acoso.&nbsp; Despu\u00e9s de cada sesi\u00f3n, el equipo impulsor del programa en el centro analiza y pone en com\u00fan las conclusiones.&nbsp; &nbsp;Aqu\u00ed os mostramos un par de momentos de una de estas sesiones.<\/p>\n<p style=\"text-align: center\"><a href=\"https:\/\/blogsaverroes.juntadeandalucia.es\/colemediterraneo\/tercer-ciclo\/sesiones-conred\/img-20210423-wa0091\/\" rel=\"attachment wp-att-29150\"><img loading=\"lazy\" decoding=\"async\" class=\"alignnone size-large wp-image-29150\" src=\"https:\/\/blogsaverroes.juntadeandalucia.es\/colemediterraneo\/files\/2021\/05\/IMG-20210423-WA0091-1024x576.jpg\" alt=\"\" width=\"782\" height=\"440\" srcset=\"https:\/\/blogsaverroes.juntadeandalucia.es\/colemediterraneo\/files\/2021\/05\/IMG-20210423-WA0091-1024x576.jpg 1024w, https:\/\/blogsaverroes.juntadeandalucia.es\/colemediterraneo\/files\/2021\/05\/IMG-20210423-WA0091-300x169.jpg 300w, https:\/\/blogsaverroes.juntadeandalucia.es\/colemediterraneo\/files\/2021\/05\/IMG-20210423-WA0091-768x432.jpg 768w, https:\/\/blogsaverroes.juntadeandalucia.es\/colemediterraneo\/files\/2021\/05\/IMG-20210423-WA0091-1536x864.jpg 1536w, https:\/\/blogsaverroes.juntadeandalucia.es\/colemediterraneo\/files\/2021\/05\/IMG-20210423-WA0091.jpg 1600w\" sizes=\"(max-width: 782px) 100vw, 782px\" \/><\/a> <a href=\"https:\/\/blogsaverroes.juntadeandalucia.es\/colemediterraneo\/tercer-ciclo\/sesiones-conred\/img-20210423-wa0092\/\" rel=\"attachment wp-att-29151\"><img loading=\"lazy\" decoding=\"async\" class=\"alignnone size-large wp-image-29151\" src=\"https:\/\/blogsaverroes.juntadeandalucia.es\/colemediterraneo\/files\/2021\/05\/IMG-20210423-WA0092-1024x576.jpg\" alt=\"\" width=\"782\" height=\"440\" srcset=\"https:\/\/blogsaverroes.juntadeandalucia.es\/colemediterraneo\/files\/2021\/05\/IMG-20210423-WA0092-1024x576.jpg 1024w, https:\/\/blogsaverroes.juntadeandalucia.es\/colemediterraneo\/files\/2021\/05\/IMG-20210423-WA0092-300x169.jpg 300w, https:\/\/blogsaverroes.juntadeandalucia.es\/colemediterraneo\/files\/2021\/05\/IMG-20210423-WA0092-768x432.jpg 768w, https:\/\/blogsaverroes.juntadeandalucia.es\/colemediterraneo\/files\/2021\/05\/IMG-20210423-WA0092-1536x864.jpg 1536w, https:\/\/blogsaverroes.juntadeandalucia.es\/colemediterraneo\/files\/2021\/05\/IMG-20210423-WA0092.jpg 1600w\" sizes=\"(max-width: 782px) 100vw, 782px\" \/><\/a> <a href=\"https:\/\/blogsaverroes.juntadeandalucia.es\/colemediterraneo\/tercer-ciclo\/sesiones-conred\/img-20210423-wa0094-2\/\" rel=\"attachment wp-att-29152\"><img loading=\"lazy\" decoding=\"async\" class=\"alignnone size-large wp-image-29152\" src=\"https:\/\/blogsaverroes.juntadeandalucia.es\/colemediterraneo\/files\/2021\/05\/IMG-20210423-WA0094-576x1024.jpg\" alt=\"\" width=\"576\" height=\"1024\" srcset=\"https:\/\/blogsaverroes.juntadeandalucia.es\/colemediterraneo\/files\/2021\/05\/IMG-20210423-WA0094-576x1024.jpg 576w, https:\/\/blogsaverroes.juntadeandalucia.es\/colemediterraneo\/files\/2021\/05\/IMG-20210423-WA0094-169x300.jpg 169w, https:\/\/blogsaverroes.juntadeandalucia.es\/colemediterraneo\/files\/2021\/05\/IMG-20210423-WA0094-768x1365.jpg 768w, https:\/\/blogsaverroes.juntadeandalucia.es\/colemediterraneo\/files\/2021\/05\/IMG-20210423-WA0094-864x1536.jpg 864w, https:\/\/blogsaverroes.juntadeandalucia.es\/colemediterraneo\/files\/2021\/05\/IMG-20210423-WA0094.jpg 900w\" sizes=\"(max-width: 576px) 100vw, 576px\" \/><\/a><\/p>\n<p>&nbsp;<\/p>\n<p>&nbsp;<\/p>\n","protected":false},"excerpt":{"rendered":"<p>Este curso, se pone en marcha el Programa CONRED. Se trata de un programa de prevenci\u00f3n del acoso escolar dirigido a tercer ciclo de primaria y secundaria. En 6 sesiones se abordan diferentes situaciones y conceptos relacionados con acoso y ciberacoso desde la perspectiva de los diferentes agentes implicados: v\u00edctima, acosador, c\u00f3mplices, defensor y espectadores. &hellip; <\/p>\n<p><a class=\"more-link btn\" href=\"https:\/\/blogsaverroes.juntadeandalucia.es\/colemediterraneo\/cursos-anteriores\/curso-2020-2021\/tercer-ciclo\/sesiones-conred\/\">Seguir leyendo<\/a><\/p>\n","protected":false},"author":5888,"featured_media":0,"parent":27527,"menu_order":0,"comment_status":"closed","ping_status":"closed","template":"","meta":{"ngg_post_thumbnail":0,"footnotes":"","_mc_calendar":[]},"aioseo_notices":[],"post_mailing_queue_ids":[],"_links":{"self":[{"href":"https:\/\/blogsaverroes.juntadeandalucia.es\/colemediterraneo\/wp-json\/wp\/v2\/pages\/28901"}],"collection":[{"href":"https:\/\/blogsaverroes.juntadeandalucia.es\/colemediterraneo\/wp-json\/wp\/v2\/pages"}],"about":[{"href":"https:\/\/blogsaverroes.juntadeandalucia.es\/colemediterraneo\/wp-json\/wp\/v2\/types\/page"}],"author":[{"embeddable":true,"href":"https:\/\/blogsaverroes.juntadeandalucia.es\/colemediterraneo\/wp-json\/wp\/v2\/users\/5888"}],"replies":[{"embeddable":true,"href":"https:\/\/blogsaverroes.juntadeandalucia.es\/colemediterraneo\/wp-json\/wp\/v2\/comments?post=28901"}],"version-history":[{"count":8,"href":"https:\/\/blogsaverroes.juntadeandalucia.es\/colemediterraneo\/wp-json\/wp\/v2\/pages\/28901\/revisions"}],"predecessor-version":[{"id":29154,"href":"https:\/\/blogsaverroes.juntadeandalucia.es\/colemediterraneo\/wp-json\/wp\/v2\/pages\/28901\/revisions\/29154"}],"up":[{"embeddable":true,"href":"https:\/\/blogsaverroes.juntadeandalucia.es\/colemediterraneo\/wp-json\/wp\/v2\/pages\/27527"}],"wp:attachment":[{"href":"https:\/\/blogsaverroes.juntadeandalucia.es\/colemediterraneo\/wp-json\/wp\/v2\/media?parent=28901"}],"curies":[{"name":"wp","href":"https:\/\/api.w.org\/{rel}","templated":true}]}}

<p>Este curso, se pone en marcha el Programa CONRED. Se trata de un programa de prevención del acoso escolar dirigido a tercer ciclo de primaria y secundaria. En 6 sesiones se abordan diferentes situaciones y conceptos relacionados con acoso y ciberacoso desde la perspectiva de los diferentes agentes implicados: víctima, acosador, cómplices, defensor y espectadores. Se pretende reflexionar y dar instrumentos al alumnado que se pueda encontrar en algún momento envuelto en alguna de estas situaciones de acoso.&nbsp; Después de cada sesión, el equipo impulsor del programa en el centro analiza y pone en común las conclusiones.&nbsp; &nbsp;Aquí os mostramos un par de momentos de una de estas sesiones.</p>
<p style="text-align: center"><a href="https://blogsaverroes.juntadeandalucia.es/colemediterraneo/tercer-ciclo/sesiones-conred/img-20210423-wa0091/" rel="attachment wp-att-29150"><img loading="lazy" decoding="async" class="alignnone size-large wp-image-29150" src="https://blogsaverroes.juntadeandalucia.es/colemediterraneo/files/2021/05/IMG-20210423-WA0091-1024x576.jpg" alt="" width="782" height="440" srcset="https://blogsaverroes.juntadeandalucia.es/colemediterraneo/files/2021/05/IMG-20210423-WA0091-1024x576.jpg 1024w, https://blogsaverroes.juntadeandalucia.es/colemediterraneo/files/2021/05/IMG-20210423-WA0091-300x169.jpg 300w, https://blogsaverroes.juntadeandalucia.es/colemediterraneo/files/2021/05/IMG-20210423-WA0091-768x432.jpg 768w, https://blogsaverroes.juntadeandalucia.es/colemediterraneo/files/2021/05/IMG-20210423-WA0091-1536x864.jpg 1536w, https://blogsaverroes.juntadeandalucia.es/colemediterraneo/files/2021/05/IMG-20210423-WA0091.jpg 1600w" sizes="(max-width: 782px) 100vw, 782px" /></a> <a href="https://blogsaverroes.juntadeandalucia.es/colemediterraneo/tercer-ciclo/sesiones-conred/img-20210423-wa0092/" rel="attachment wp-att-29151"><img loading="lazy" decoding="async" class="alignnone size-large wp-image-29151" src="https://blogsaverroes.juntadeandalucia.es/colemediterraneo/files/2021/05/IMG-20210423-WA0092-1024x576.jpg" alt="" width="782" height="440" srcset="https://blogsaverroes.juntadeandalucia.es/colemediterraneo/files/2021/05/IMG-20210423-WA0092-1024x576.jpg 1024w, https://blogsaverroes.juntadeandalucia.es/colemediterraneo/files/2021/05/IMG-20210423-WA0092-300x169.jpg 300w, https://blogsaverroes.juntadeandalucia.es/colemediterraneo/files/2021/05/IMG-20210423-WA0092-768x432.jpg 768w, https://blogsaverroes.juntadeandalucia.es/colemediterraneo/files/2021/05/IMG-20210423-WA0092-1536x864.jpg 1536w, https://blogsaverroes.juntadeandalucia.es/colemediterraneo/files/2021/05/IMG-20210423-WA0092.jpg 1600w" sizes="(max-width: 782px) 100vw, 782px" /></a> <a href="https://blogsaverroes.juntadeandalucia.es/colemediterraneo/tercer-ciclo/sesiones-conred/img-20210423-wa0094-2/" rel="attachment wp-att-29152"><img loading="lazy" decoding="async" class="alignnone size-large wp-image-29152" src="https://blogsaverroes.juntadeandalucia.es/colemediterraneo/files/2021/05/IMG-20210423-WA0094-576x1024.jpg" alt="" width="576" height="1024" srcset="https://blogsaverroes.juntadeandalucia.es/colemediterraneo/files/2021/05/IMG-20210423-WA0094-576x1024.jpg 576w, https://blogsaverroes.juntadeandalucia.es/colemediterraneo/files/2021/05/IMG-20210423-WA0094-169x300.jpg 169w, https://blogsaverroes.juntadeandalucia.es/colemediterraneo/files/2021/05/IMG-20210423-WA0094-768x1365.jpg 768w, https://blogsaverroes.juntadeandalucia.es/colemediterraneo/files/2021/05/IMG-20210423-WA0094-864x1536.jpg 864w, https://blogsaverroes.juntadeandalucia.es/colemediterraneo/files/2021/05/IMG-20210423-WA0094.jpg 900w" sizes="(max-width: 576px) 100vw, 576px" /></a></p>
<p>&nbsp;</p>
<p>&nbsp;</p>

<p>Este curso, se pone en marcha el Programa CONRED. Se trata de un programa de prevención del acoso escolar dirigido a tercer ciclo de primaria y secundaria. En 6 sesiones se abordan diferentes situaciones y conceptos relacionados con acoso y ciberacoso desde la perspectiva de los diferentes agentes implicados: víctima, acosador, cómplices, defensor y espectadores. &hellip; </p>
<p><a class="more-link btn" href="https://blogsaverroes.juntadeandalucia.es/colemediterraneo/cursos-anteriores/curso-2020-2021/tercer-ciclo/sesiones-conred/">Seguir leyendo</a></p>
