{"id":29998,"date":"2021-11-18T09:48:57","date_gmt":"2021-11-18T09:48:57","guid":{"rendered":"https:\/\/blogsaverroes.juntadeandalucia.es\/colemediterraneo\/?page_id=29998"},"modified":"2022-01-28T15:55:24","modified_gmt":"2022-01-28T15:55:24","slug":"premio-a-las-buenas-practicas","status":"publish","type":"page","link":"https:\/\/blogsaverroes.juntadeandalucia.es\/colemediterraneo\/cursos-anteriores\/curso-2021-2022\/a-nivel-de-centro-2\/primer-trimestre\/premio-a-las-buenas-practicas\/","title":{"rendered":"Premio a las Buenas Pr\u00e1cticas"},"content":{"rendered":"<p>Nuestro colegio recibi\u00f3 ayer, 17 de diciembre de 2021 un premio a las Buenas Pr\u00e1cticas educativas por su destacada participaci\u00f3n en el Programa Aula D-Jaque.&nbsp; Gracias a la magn\u00edfica labor de nuestro compa\u00f1ero y maestro Carlos P\u00e9rez, nuestro centro desarrolla este proyecto de manera muy efectiva.&nbsp; &nbsp;Acompa\u00f1ado por el maestro Paco Cresp\u00edn, representaron al cole en este bonito Acto de Entrega de Premios.&nbsp; Desde aqu\u00ed queremos felicitarles y a todos los ni\u00f1os y ni\u00f1as que participan en el Proyecto.<\/p>\n<p style=\"text-align: center\"><a href=\"https:\/\/blogsaverroes.juntadeandalucia.es\/colemediterraneo\/a-nivel-de-centro-2\/premio-a-las-buenas-practicas\/img-20211116-wa0032\/\" rel=\"attachment wp-att-30053\"><img loading=\"lazy\" decoding=\"async\" class=\"alignnone size-full wp-image-30053\" src=\"https:\/\/blogsaverroes.juntadeandalucia.es\/colemediterraneo\/files\/2021\/11\/IMG-20211116-WA0032.jpg\" alt=\"\" width=\"700\" height=\"525\" srcset=\"https:\/\/blogsaverroes.juntadeandalucia.es\/colemediterraneo\/files\/2021\/11\/IMG-20211116-WA0032.jpg 700w, https:\/\/blogsaverroes.juntadeandalucia.es\/colemediterraneo\/files\/2021\/11\/IMG-20211116-WA0032-300x225.jpg 300w\" sizes=\"(max-width: 700px) 100vw, 700px\" \/><\/a> <a href=\"https:\/\/blogsaverroes.juntadeandalucia.es\/colemediterraneo\/a-nivel-de-centro-2\/premio-a-las-buenas-practicas\/img-20211116-wa0033\/\" rel=\"attachment wp-att-30054\"><img loading=\"lazy\" decoding=\"async\" class=\"alignnone size-large wp-image-30054\" src=\"https:\/\/blogsaverroes.juntadeandalucia.es\/colemediterraneo\/files\/2021\/11\/IMG-20211116-WA0033.jpg\" alt=\"\" width=\"700\" height=\"525\" srcset=\"https:\/\/blogsaverroes.juntadeandalucia.es\/colemediterraneo\/files\/2021\/11\/IMG-20211116-WA0033.jpg 700w, https:\/\/blogsaverroes.juntadeandalucia.es\/colemediterraneo\/files\/2021\/11\/IMG-20211116-WA0033-300x225.jpg 300w\" sizes=\"(max-width: 700px) 100vw, 700px\" \/><\/a> <a href=\"https:\/\/blogsaverroes.juntadeandalucia.es\/colemediterraneo\/a-nivel-de-centro-2\/premio-a-las-buenas-practicas\/img-20211117-wa0002\/\" rel=\"attachment wp-att-30055\"><img loading=\"lazy\" decoding=\"async\" class=\"alignnone size-large wp-image-30055\" src=\"https:\/\/blogsaverroes.juntadeandalucia.es\/colemediterraneo\/files\/2021\/11\/IMG-20211117-WA0002.jpg\" alt=\"\" width=\"700\" height=\"525\" srcset=\"https:\/\/blogsaverroes.juntadeandalucia.es\/colemediterraneo\/files\/2021\/11\/IMG-20211117-WA0002.jpg 700w, https:\/\/blogsaverroes.juntadeandalucia.es\/colemediterraneo\/files\/2021\/11\/IMG-20211117-WA0002-300x225.jpg 300w\" sizes=\"(max-width: 700px) 100vw, 700px\" \/><\/a> <a href=\"https:\/\/blogsaverroes.juntadeandalucia.es\/colemediterraneo\/a-nivel-de-centro-2\/premio-a-las-buenas-practicas\/img-20211117-wa0003\/\" rel=\"attachment wp-att-30056\"><img loading=\"lazy\" decoding=\"async\" class=\"alignnone size-large wp-image-30056\" src=\"https:\/\/blogsaverroes.juntadeandalucia.es\/colemediterraneo\/files\/2021\/11\/IMG-20211117-WA0003.jpg\" alt=\"\" width=\"700\" height=\"525\" srcset=\"https:\/\/blogsaverroes.juntadeandalucia.es\/colemediterraneo\/files\/2021\/11\/IMG-20211117-WA0003.jpg 700w, https:\/\/blogsaverroes.juntadeandalucia.es\/colemediterraneo\/files\/2021\/11\/IMG-20211117-WA0003-300x225.jpg 300w\" sizes=\"(max-width: 700px) 100vw, 700px\" \/><\/a> <a href=\"https:\/\/blogsaverroes.juntadeandalucia.es\/colemediterraneo\/a-nivel-de-centro-2\/premio-a-las-buenas-practicas\/img-20211117-wa0004\/\" rel=\"attachment wp-att-30057\"><img loading=\"lazy\" decoding=\"async\" class=\"alignnone size-large wp-image-30057\" src=\"https:\/\/blogsaverroes.juntadeandalucia.es\/colemediterraneo\/files\/2021\/11\/IMG-20211117-WA0004.jpg\" alt=\"\" width=\"700\" height=\"525\" srcset=\"https:\/\/blogsaverroes.juntadeandalucia.es\/colemediterraneo\/files\/2021\/11\/IMG-20211117-WA0004.jpg 700w, https:\/\/blogsaverroes.juntadeandalucia.es\/colemediterraneo\/files\/2021\/11\/IMG-20211117-WA0004-300x225.jpg 300w\" sizes=\"(max-width: 700px) 100vw, 700px\" \/><\/a><\/p>\n<p>Posteriormente, hemos recibido la visita de nuestra Delegada de Educaci\u00f3n, do\u00f1a Inmaculada Troncoso, que ha querido conocer de primera mano c\u00f3mo se desarrolla este proyecto dentro del colegio.<\/p>\n<p style=\"text-align: center\"><a href=\"https:\/\/blogsaverroes.juntadeandalucia.es\/colemediterraneo\/a-nivel-de-centro-2\/premio-a-las-buenas-practicas\/20211118_124540\/\" rel=\"attachment wp-att-30082\"><img loading=\"lazy\" decoding=\"async\" class=\"alignnone size-full wp-image-30082\" src=\"https:\/\/blogsaverroes.juntadeandalucia.es\/colemediterraneo\/files\/2021\/11\/20211118_124540.jpg\" alt=\"\" width=\"700\" height=\"341\" srcset=\"https:\/\/blogsaverroes.juntadeandalucia.es\/colemediterraneo\/files\/2021\/11\/20211118_124540.jpg 700w, https:\/\/blogsaverroes.juntadeandalucia.es\/colemediterraneo\/files\/2021\/11\/20211118_124540-300x146.jpg 300w\" sizes=\"(max-width: 700px) 100vw, 700px\" \/><\/a> <a href=\"https:\/\/blogsaverroes.juntadeandalucia.es\/colemediterraneo\/a-nivel-de-centro-2\/premio-a-las-buenas-practicas\/20211118_124548\/\" rel=\"attachment wp-att-30083\"><img loading=\"lazy\" decoding=\"async\" class=\"alignnone size-large wp-image-30083\" src=\"https:\/\/blogsaverroes.juntadeandalucia.es\/colemediterraneo\/files\/2021\/11\/20211118_124548.jpg\" alt=\"\" width=\"700\" height=\"341\" srcset=\"https:\/\/blogsaverroes.juntadeandalucia.es\/colemediterraneo\/files\/2021\/11\/20211118_124548.jpg 700w, https:\/\/blogsaverroes.juntadeandalucia.es\/colemediterraneo\/files\/2021\/11\/20211118_124548-300x146.jpg 300w\" sizes=\"(max-width: 700px) 100vw, 700px\" \/><\/a><\/p>\n<p>&nbsp;<\/p>\n","protected":false},"excerpt":{"rendered":"<p>Nuestro colegio recibi\u00f3 ayer, 17 de diciembre de 2021 un premio a las Buenas Pr\u00e1cticas educativas por su destacada participaci\u00f3n en el Programa Aula D-Jaque.&nbsp; Gracias a la magn\u00edfica labor de nuestro compa\u00f1ero y maestro Carlos P\u00e9rez, nuestro centro desarrolla este proyecto de manera muy efectiva.&nbsp; &nbsp;Acompa\u00f1ado por el maestro Paco Cresp\u00edn, representaron al cole &hellip; <\/p>\n<p><a class=\"more-link btn\" href=\"https:\/\/blogsaverroes.juntadeandalucia.es\/colemediterraneo\/cursos-anteriores\/curso-2021-2022\/a-nivel-de-centro-2\/primer-trimestre\/premio-a-las-buenas-practicas\/\">Seguir leyendo<\/a><\/p>\n","protected":false},"author":5888,"featured_media":0,"parent":30611,"menu_order":0,"comment_status":"closed","ping_status":"closed","template":"","meta":{"ngg_post_thumbnail":0,"footnotes":"","_mc_calendar":[]},"aioseo_notices":[],"post_mailing_queue_ids":[],"_links":{"self":[{"href":"https:\/\/blogsaverroes.juntadeandalucia.es\/colemediterraneo\/wp-json\/wp\/v2\/pages\/29998"}],"collection":[{"href":"https:\/\/blogsaverroes.juntadeandalucia.es\/colemediterraneo\/wp-json\/wp\/v2\/pages"}],"about":[{"href":"https:\/\/blogsaverroes.juntadeandalucia.es\/colemediterraneo\/wp-json\/wp\/v2\/types\/page"}],"author":[{"embeddable":true,"href":"https:\/\/blogsaverroes.juntadeandalucia.es\/colemediterraneo\/wp-json\/wp\/v2\/users\/5888"}],"replies":[{"embeddable":true,"href":"https:\/\/blogsaverroes.juntadeandalucia.es\/colemediterraneo\/wp-json\/wp\/v2\/comments?post=29998"}],"version-history":[{"count":8,"href":"https:\/\/blogsaverroes.juntadeandalucia.es\/colemediterraneo\/wp-json\/wp\/v2\/pages\/29998\/revisions"}],"predecessor-version":[{"id":30616,"href":"https:\/\/blogsaverroes.juntadeandalucia.es\/colemediterraneo\/wp-json\/wp\/v2\/pages\/29998\/revisions\/30616"}],"up":[{"embeddable":true,"href":"https:\/\/blogsaverroes.juntadeandalucia.es\/colemediterraneo\/wp-json\/wp\/v2\/pages\/30611"}],"wp:attachment":[{"href":"https:\/\/blogsaverroes.juntadeandalucia.es\/colemediterraneo\/wp-json\/wp\/v2\/media?parent=29998"}],"curies":[{"name":"wp","href":"https:\/\/api.w.org\/{rel}","templated":true}]}}