{"id":32686,"date":"2022-12-14T19:41:58","date_gmt":"2022-12-14T19:41:58","guid":{"rendered":"https:\/\/blogsaverroes.juntadeandalucia.es\/colemediterraneo\/?page_id=32686"},"modified":"2022-12-14T19:41:59","modified_gmt":"2022-12-14T19:41:59","slug":"visita-a-la-mezquita-del-alumnado-de-6o","status":"publish","type":"page","link":"https:\/\/blogsaverroes.juntadeandalucia.es\/colemediterraneo\/cursos-anteriores\/curso-2023-2024\/tercer-ciclo\/visita-a-la-mezquita-del-alumnado-de-6o\/","title":{"rendered":"Visita a la Mezquita del alumnado de 6\u00ba"},"content":{"rendered":"<p>&nbsp; El alumnado de los tres grupos de sexto ha visitado la Mezquita-catedral de nuestra ciudad en la ma\u00f1ana de hoy, mi\u00e9rcoles 14 de diciembre.&nbsp; Por grupos y acompa\u00f1ados por sus tutores han recorrido todas sus zonas mientras que unos gu\u00edas les explicaban las curiosidades y detalles m\u00e1s importantes de este precioso y majestuoso monumento emblema de nuestra ciudad.<\/p>\n<p>Nuestra auxiliar de conversaci\u00f3n les ha acompa\u00f1ado en la visita. Aqu\u00ed os dejamos unas im\u00e1genes de esta cultural ma\u00f1ana que seguro ha resultado muy provechosa.<\/p>\n<p><a href=\"https:\/\/blogsaverroes.juntadeandalucia.es\/colemediterraneo\/tercer-ciclo\/visita-a-la-mezquita-del-alumnado-de-6o\/img-20221214-wa0045-1\/\" rel=\"attachment wp-att-32698\"><img loading=\"lazy\" decoding=\"async\" class=\"alignnone size-large wp-image-32698\" src=\"https:\/\/blogsaverroes.juntadeandalucia.es\/colemediterraneo\/files\/2022\/12\/IMG-20221214-WA0045-1-1024x768.jpg\" alt=\"\" width=\"782\" height=\"587\" srcset=\"https:\/\/blogsaverroes.juntadeandalucia.es\/colemediterraneo\/files\/2022\/12\/IMG-20221214-WA0045-1-1024x768.jpg 1024w, https:\/\/blogsaverroes.juntadeandalucia.es\/colemediterraneo\/files\/2022\/12\/IMG-20221214-WA0045-1-300x225.jpg 300w, https:\/\/blogsaverroes.juntadeandalucia.es\/colemediterraneo\/files\/2022\/12\/IMG-20221214-WA0045-1-768x576.jpg 768w, https:\/\/blogsaverroes.juntadeandalucia.es\/colemediterraneo\/files\/2022\/12\/IMG-20221214-WA0045-1.jpg 1504w\" sizes=\"(max-width: 782px) 100vw, 782px\" \/><\/a> <a href=\"https:\/\/blogsaverroes.juntadeandalucia.es\/colemediterraneo\/tercer-ciclo\/visita-a-la-mezquita-del-alumnado-de-6o\/img-20221214-wa0043-1\/\" rel=\"attachment wp-att-32697\"><img loading=\"lazy\" decoding=\"async\" class=\"alignnone size-large wp-image-32697\" src=\"https:\/\/blogsaverroes.juntadeandalucia.es\/colemediterraneo\/files\/2022\/12\/IMG-20221214-WA0043-1-1024x768.jpg\" alt=\"\" width=\"782\" height=\"587\" srcset=\"https:\/\/blogsaverroes.juntadeandalucia.es\/colemediterraneo\/files\/2022\/12\/IMG-20221214-WA0043-1-1024x768.jpg 1024w, https:\/\/blogsaverroes.juntadeandalucia.es\/colemediterraneo\/files\/2022\/12\/IMG-20221214-WA0043-1-300x225.jpg 300w, https:\/\/blogsaverroes.juntadeandalucia.es\/colemediterraneo\/files\/2022\/12\/IMG-20221214-WA0043-1-768x576.jpg 768w, https:\/\/blogsaverroes.juntadeandalucia.es\/colemediterraneo\/files\/2022\/12\/IMG-20221214-WA0043-1.jpg 1504w\" sizes=\"(max-width: 782px) 100vw, 782px\" \/><\/a> <a href=\"https:\/\/blogsaverroes.juntadeandalucia.es\/colemediterraneo\/tercer-ciclo\/visita-a-la-mezquita-del-alumnado-de-6o\/img-20221214-wa0042-1\/\" rel=\"attachment wp-att-32696\"><img loading=\"lazy\" decoding=\"async\" class=\"alignnone size-large wp-image-32696\" src=\"https:\/\/blogsaverroes.juntadeandalucia.es\/colemediterraneo\/files\/2022\/12\/IMG-20221214-WA0042-1-1024x768.jpg\" alt=\"\" width=\"782\" height=\"587\" srcset=\"https:\/\/blogsaverroes.juntadeandalucia.es\/colemediterraneo\/files\/2022\/12\/IMG-20221214-WA0042-1-1024x768.jpg 1024w, https:\/\/blogsaverroes.juntadeandalucia.es\/colemediterraneo\/files\/2022\/12\/IMG-20221214-WA0042-1-300x225.jpg 300w, https:\/\/blogsaverroes.juntadeandalucia.es\/colemediterraneo\/files\/2022\/12\/IMG-20221214-WA0042-1-768x576.jpg 768w, https:\/\/blogsaverroes.juntadeandalucia.es\/colemediterraneo\/files\/2022\/12\/IMG-20221214-WA0042-1.jpg 1504w\" sizes=\"(max-width: 782px) 100vw, 782px\" \/><\/a> <a href=\"https:\/\/blogsaverroes.juntadeandalucia.es\/colemediterraneo\/tercer-ciclo\/visita-a-la-mezquita-del-alumnado-de-6o\/img-20221214-wa0041-1\/\" rel=\"attachment wp-att-32695\"><img loading=\"lazy\" decoding=\"async\" class=\"alignnone size-large wp-image-32695\" src=\"https:\/\/blogsaverroes.juntadeandalucia.es\/colemediterraneo\/files\/2022\/12\/IMG-20221214-WA0041-1-1024x768.jpg\" alt=\"\" width=\"782\" height=\"587\" srcset=\"https:\/\/blogsaverroes.juntadeandalucia.es\/colemediterraneo\/files\/2022\/12\/IMG-20221214-WA0041-1-1024x768.jpg 1024w, https:\/\/blogsaverroes.juntadeandalucia.es\/colemediterraneo\/files\/2022\/12\/IMG-20221214-WA0041-1-300x225.jpg 300w, https:\/\/blogsaverroes.juntadeandalucia.es\/colemediterraneo\/files\/2022\/12\/IMG-20221214-WA0041-1-768x576.jpg 768w, https:\/\/blogsaverroes.juntadeandalucia.es\/colemediterraneo\/files\/2022\/12\/IMG-20221214-WA0041-1.jpg 1504w\" sizes=\"(max-width: 782px) 100vw, 782px\" \/><\/a> <a href=\"https:\/\/blogsaverroes.juntadeandalucia.es\/colemediterraneo\/tercer-ciclo\/visita-a-la-mezquita-del-alumnado-de-6o\/img-20221214-wa0040-1\/\" rel=\"attachment wp-att-32694\"><img loading=\"lazy\" decoding=\"async\" class=\"alignnone size-large wp-image-32694\" src=\"https:\/\/blogsaverroes.juntadeandalucia.es\/colemediterraneo\/files\/2022\/12\/IMG-20221214-WA0040-1-768x1024.jpg\" alt=\"\" width=\"768\" height=\"1024\" srcset=\"https:\/\/blogsaverroes.juntadeandalucia.es\/colemediterraneo\/files\/2022\/12\/IMG-20221214-WA0040-1-768x1024.jpg 768w, https:\/\/blogsaverroes.juntadeandalucia.es\/colemediterraneo\/files\/2022\/12\/IMG-20221214-WA0040-1-225x300.jpg 225w, https:\/\/blogsaverroes.juntadeandalucia.es\/colemediterraneo\/files\/2022\/12\/IMG-20221214-WA0040-1.jpg 1128w\" sizes=\"(max-width: 768px) 100vw, 768px\" \/><\/a> <a href=\"https:\/\/blogsaverroes.juntadeandalucia.es\/colemediterraneo\/tercer-ciclo\/visita-a-la-mezquita-del-alumnado-de-6o\/img-20221214-wa0036-1\/\" rel=\"attachment wp-att-32693\"><img loading=\"lazy\" decoding=\"async\" class=\"alignnone size-large wp-image-32693\" src=\"https:\/\/blogsaverroes.juntadeandalucia.es\/colemediterraneo\/files\/2022\/12\/IMG-20221214-WA0036-1-1024x576.jpg\" alt=\"\" width=\"782\" height=\"440\" srcset=\"https:\/\/blogsaverroes.juntadeandalucia.es\/colemediterraneo\/files\/2022\/12\/IMG-20221214-WA0036-1-1024x576.jpg 1024w, https:\/\/blogsaverroes.juntadeandalucia.es\/colemediterraneo\/files\/2022\/12\/IMG-20221214-WA0036-1-300x169.jpg 300w, https:\/\/blogsaverroes.juntadeandalucia.es\/colemediterraneo\/files\/2022\/12\/IMG-20221214-WA0036-1-768x432.jpg 768w, https:\/\/blogsaverroes.juntadeandalucia.es\/colemediterraneo\/files\/2022\/12\/IMG-20221214-WA0036-1-1536x864.jpg 1536w, https:\/\/blogsaverroes.juntadeandalucia.es\/colemediterraneo\/files\/2022\/12\/IMG-20221214-WA0036-1.jpg 1599w\" sizes=\"(max-width: 782px) 100vw, 782px\" \/><\/a> <a href=\"https:\/\/blogsaverroes.juntadeandalucia.es\/colemediterraneo\/tercer-ciclo\/visita-a-la-mezquita-del-alumnado-de-6o\/img-20221214-wa0032-1\/\" rel=\"attachment wp-att-32692\"><img loading=\"lazy\" decoding=\"async\" class=\"alignnone size-large wp-image-32692\" src=\"https:\/\/blogsaverroes.juntadeandalucia.es\/colemediterraneo\/files\/2022\/12\/IMG-20221214-WA0032-1-1024x768.jpg\" alt=\"\" width=\"782\" height=\"587\" srcset=\"https:\/\/blogsaverroes.juntadeandalucia.es\/colemediterraneo\/files\/2022\/12\/IMG-20221214-WA0032-1-1024x768.jpg 1024w, https:\/\/blogsaverroes.juntadeandalucia.es\/colemediterraneo\/files\/2022\/12\/IMG-20221214-WA0032-1-300x225.jpg 300w, https:\/\/blogsaverroes.juntadeandalucia.es\/colemediterraneo\/files\/2022\/12\/IMG-20221214-WA0032-1-768x576.jpg 768w, https:\/\/blogsaverroes.juntadeandalucia.es\/colemediterraneo\/files\/2022\/12\/IMG-20221214-WA0032-1.jpg 1504w\" sizes=\"(max-width: 782px) 100vw, 782px\" \/><\/a> <a href=\"https:\/\/blogsaverroes.juntadeandalucia.es\/colemediterraneo\/tercer-ciclo\/visita-a-la-mezquita-del-alumnado-de-6o\/img-20221214-wa0030-1\/\" rel=\"attachment wp-att-32691\"><img loading=\"lazy\" decoding=\"async\" class=\"alignnone size-large wp-image-32691\" src=\"https:\/\/blogsaverroes.juntadeandalucia.es\/colemediterraneo\/files\/2022\/12\/IMG-20221214-WA0030-1-1024x768.jpg\" alt=\"\" width=\"782\" height=\"587\" srcset=\"https:\/\/blogsaverroes.juntadeandalucia.es\/colemediterraneo\/files\/2022\/12\/IMG-20221214-WA0030-1-1024x768.jpg 1024w, https:\/\/blogsaverroes.juntadeandalucia.es\/colemediterraneo\/files\/2022\/12\/IMG-20221214-WA0030-1-300x225.jpg 300w, https:\/\/blogsaverroes.juntadeandalucia.es\/colemediterraneo\/files\/2022\/12\/IMG-20221214-WA0030-1-768x576.jpg 768w, https:\/\/blogsaverroes.juntadeandalucia.es\/colemediterraneo\/files\/2022\/12\/IMG-20221214-WA0030-1.jpg 1504w\" sizes=\"(max-width: 782px) 100vw, 782px\" \/><\/a> <a href=\"https:\/\/blogsaverroes.juntadeandalucia.es\/colemediterraneo\/tercer-ciclo\/visita-a-la-mezquita-del-alumnado-de-6o\/img-20221214-wa0028-1\/\" rel=\"attachment wp-att-32690\"><img loading=\"lazy\" decoding=\"async\" class=\"alignnone size-large wp-image-32690\" src=\"https:\/\/blogsaverroes.juntadeandalucia.es\/colemediterraneo\/files\/2022\/12\/IMG-20221214-WA0028-1-1024x768.jpg\" alt=\"\" width=\"782\" height=\"587\" srcset=\"https:\/\/blogsaverroes.juntadeandalucia.es\/colemediterraneo\/files\/2022\/12\/IMG-20221214-WA0028-1-1024x768.jpg 1024w, https:\/\/blogsaverroes.juntadeandalucia.es\/colemediterraneo\/files\/2022\/12\/IMG-20221214-WA0028-1-300x225.jpg 300w, https:\/\/blogsaverroes.juntadeandalucia.es\/colemediterraneo\/files\/2022\/12\/IMG-20221214-WA0028-1-768x576.jpg 768w, https:\/\/blogsaverroes.juntadeandalucia.es\/colemediterraneo\/files\/2022\/12\/IMG-20221214-WA0028-1.jpg 1504w\" sizes=\"(max-width: 782px) 100vw, 782px\" \/><\/a> <a href=\"https:\/\/blogsaverroes.juntadeandalucia.es\/colemediterraneo\/tercer-ciclo\/visita-a-la-mezquita-del-alumnado-de-6o\/img-20221214-wa0019\/\" rel=\"attachment wp-att-32689\"><img loading=\"lazy\" decoding=\"async\" class=\"alignnone size-large wp-image-32689\" src=\"https:\/\/blogsaverroes.juntadeandalucia.es\/colemediterraneo\/files\/2022\/12\/IMG-20221214-WA0019-1024x461.jpg\" alt=\"\" width=\"782\" height=\"352\" srcset=\"https:\/\/blogsaverroes.juntadeandalucia.es\/colemediterraneo\/files\/2022\/12\/IMG-20221214-WA0019-1024x461.jpg 1024w, https:\/\/blogsaverroes.juntadeandalucia.es\/colemediterraneo\/files\/2022\/12\/IMG-20221214-WA0019-300x135.jpg 300w, https:\/\/blogsaverroes.juntadeandalucia.es\/colemediterraneo\/files\/2022\/12\/IMG-20221214-WA0019-768x346.jpg 768w, https:\/\/blogsaverroes.juntadeandalucia.es\/colemediterraneo\/files\/2022\/12\/IMG-20221214-WA0019-1536x691.jpg 1536w, https:\/\/blogsaverroes.juntadeandalucia.es\/colemediterraneo\/files\/2022\/12\/IMG-20221214-WA0019.jpg 1600w\" sizes=\"(max-width: 782px) 100vw, 782px\" \/><\/a> <a href=\"https:\/\/blogsaverroes.juntadeandalucia.es\/colemediterraneo\/tercer-ciclo\/visita-a-la-mezquita-del-alumnado-de-6o\/img-20221214-wa0014\/\" rel=\"attachment wp-att-32688\"><img loading=\"lazy\" decoding=\"async\" class=\"alignnone size-large wp-image-32688\" src=\"https:\/\/blogsaverroes.juntadeandalucia.es\/colemediterraneo\/files\/2022\/12\/IMG-20221214-WA0014-1024x461.jpg\" alt=\"\" width=\"782\" height=\"352\" srcset=\"https:\/\/blogsaverroes.juntadeandalucia.es\/colemediterraneo\/files\/2022\/12\/IMG-20221214-WA0014-1024x461.jpg 1024w, https:\/\/blogsaverroes.juntadeandalucia.es\/colemediterraneo\/files\/2022\/12\/IMG-20221214-WA0014-300x135.jpg 300w, https:\/\/blogsaverroes.juntadeandalucia.es\/colemediterraneo\/files\/2022\/12\/IMG-20221214-WA0014-768x346.jpg 768w, https:\/\/blogsaverroes.juntadeandalucia.es\/colemediterraneo\/files\/2022\/12\/IMG-20221214-WA0014-1536x691.jpg 1536w, https:\/\/blogsaverroes.juntadeandalucia.es\/colemediterraneo\/files\/2022\/12\/IMG-20221214-WA0014.jpg 1600w\" sizes=\"(max-width: 782px) 100vw, 782px\" \/><\/a> <a href=\"https:\/\/blogsaverroes.juntadeandalucia.es\/colemediterraneo\/tercer-ciclo\/visita-a-la-mezquita-del-alumnado-de-6o\/20221214_161044\/\" rel=\"attachment wp-att-32687\"><img loading=\"lazy\" decoding=\"async\" class=\"alignnone size-large wp-image-32687\" src=\"https:\/\/blogsaverroes.juntadeandalucia.es\/colemediterraneo\/files\/2022\/12\/20221214_161044-1024x589.jpg\" alt=\"\" width=\"782\" height=\"450\" srcset=\"https:\/\/blogsaverroes.juntadeandalucia.es\/colemediterraneo\/files\/2022\/12\/20221214_161044-1024x589.jpg 1024w, https:\/\/blogsaverroes.juntadeandalucia.es\/colemediterraneo\/files\/2022\/12\/20221214_161044-300x172.jpg 300w, https:\/\/blogsaverroes.juntadeandalucia.es\/colemediterraneo\/files\/2022\/12\/20221214_161044-768x442.jpg 768w, https:\/\/blogsaverroes.juntadeandalucia.es\/colemediterraneo\/files\/2022\/12\/20221214_161044.jpg 1395w\" sizes=\"(max-width: 782px) 100vw, 782px\" \/><\/a> <a href=\"https:\/\/blogsaverroes.juntadeandalucia.es\/colemediterraneo\/tercer-ciclo\/visita-a-la-mezquita-del-alumnado-de-6o\/img-20221214-wa0058-1\/\" rel=\"attachment wp-att-32704\"><img loading=\"lazy\" decoding=\"async\" class=\"alignnone size-large wp-image-32704\" src=\"https:\/\/blogsaverroes.juntadeandalucia.es\/colemediterraneo\/files\/2022\/12\/IMG-20221214-WA0058-1-768x1024.jpg\" alt=\"\" width=\"768\" height=\"1024\" srcset=\"https:\/\/blogsaverroes.juntadeandalucia.es\/colemediterraneo\/files\/2022\/12\/IMG-20221214-WA0058-1-768x1024.jpg 768w, https:\/\/blogsaverroes.juntadeandalucia.es\/colemediterraneo\/files\/2022\/12\/IMG-20221214-WA0058-1-225x300.jpg 225w, https:\/\/blogsaverroes.juntadeandalucia.es\/colemediterraneo\/files\/2022\/12\/IMG-20221214-WA0058-1.jpg 1128w\" sizes=\"(max-width: 768px) 100vw, 768px\" \/><\/a> <a href=\"https:\/\/blogsaverroes.juntadeandalucia.es\/colemediterraneo\/tercer-ciclo\/visita-a-la-mezquita-del-alumnado-de-6o\/img-20221214-wa0057-1\/\" rel=\"attachment wp-att-32703\"><img loading=\"lazy\" decoding=\"async\" class=\"alignnone size-large wp-image-32703\" src=\"https:\/\/blogsaverroes.juntadeandalucia.es\/colemediterraneo\/files\/2022\/12\/IMG-20221214-WA0057-1-768x1024.jpg\" alt=\"\" width=\"768\" height=\"1024\" srcset=\"https:\/\/blogsaverroes.juntadeandalucia.es\/colemediterraneo\/files\/2022\/12\/IMG-20221214-WA0057-1-768x1024.jpg 768w, https:\/\/blogsaverroes.juntadeandalucia.es\/colemediterraneo\/files\/2022\/12\/IMG-20221214-WA0057-1-225x300.jpg 225w, https:\/\/blogsaverroes.juntadeandalucia.es\/colemediterraneo\/files\/2022\/12\/IMG-20221214-WA0057-1.jpg 1128w\" sizes=\"(max-width: 768px) 100vw, 768px\" \/><\/a> <a href=\"https:\/\/blogsaverroes.juntadeandalucia.es\/colemediterraneo\/tercer-ciclo\/visita-a-la-mezquita-del-alumnado-de-6o\/img-20221214-wa0056-1\/\" rel=\"attachment wp-att-32702\"><img loading=\"lazy\" decoding=\"async\" class=\"alignnone size-large wp-image-32702\" src=\"https:\/\/blogsaverroes.juntadeandalucia.es\/colemediterraneo\/files\/2022\/12\/IMG-20221214-WA0056-1-768x1024.jpg\" alt=\"\" width=\"768\" height=\"1024\" srcset=\"https:\/\/blogsaverroes.juntadeandalucia.es\/colemediterraneo\/files\/2022\/12\/IMG-20221214-WA0056-1-768x1024.jpg 768w, https:\/\/blogsaverroes.juntadeandalucia.es\/colemediterraneo\/files\/2022\/12\/IMG-20221214-WA0056-1-225x300.jpg 225w, https:\/\/blogsaverroes.juntadeandalucia.es\/colemediterraneo\/files\/2022\/12\/IMG-20221214-WA0056-1.jpg 1128w\" sizes=\"(max-width: 768px) 100vw, 768px\" \/><\/a> <a href=\"https:\/\/blogsaverroes.juntadeandalucia.es\/colemediterraneo\/tercer-ciclo\/visita-a-la-mezquita-del-alumnado-de-6o\/img-20221214-wa0050-1\/\" rel=\"attachment wp-att-32701\"><img loading=\"lazy\" decoding=\"async\" class=\"alignnone size-large wp-image-32701\" src=\"https:\/\/blogsaverroes.juntadeandalucia.es\/colemediterraneo\/files\/2022\/12\/IMG-20221214-WA0050-1-1024x768.jpg\" alt=\"\" width=\"782\" height=\"587\" srcset=\"https:\/\/blogsaverroes.juntadeandalucia.es\/colemediterraneo\/files\/2022\/12\/IMG-20221214-WA0050-1-1024x768.jpg 1024w, https:\/\/blogsaverroes.juntadeandalucia.es\/colemediterraneo\/files\/2022\/12\/IMG-20221214-WA0050-1-300x225.jpg 300w, https:\/\/blogsaverroes.juntadeandalucia.es\/colemediterraneo\/files\/2022\/12\/IMG-20221214-WA0050-1-768x576.jpg 768w, https:\/\/blogsaverroes.juntadeandalucia.es\/colemediterraneo\/files\/2022\/12\/IMG-20221214-WA0050-1.jpg 1504w\" sizes=\"(max-width: 782px) 100vw, 782px\" \/><\/a> <a href=\"https:\/\/blogsaverroes.juntadeandalucia.es\/colemediterraneo\/tercer-ciclo\/visita-a-la-mezquita-del-alumnado-de-6o\/img-20221214-wa0049-1\/\" rel=\"attachment wp-att-32700\"><img loading=\"lazy\" decoding=\"async\" class=\"alignnone size-large wp-image-32700\" src=\"https:\/\/blogsaverroes.juntadeandalucia.es\/colemediterraneo\/files\/2022\/12\/IMG-20221214-WA0049-1-1024x768.jpg\" alt=\"\" width=\"782\" height=\"587\" srcset=\"https:\/\/blogsaverroes.juntadeandalucia.es\/colemediterraneo\/files\/2022\/12\/IMG-20221214-WA0049-1-1024x768.jpg 1024w, https:\/\/blogsaverroes.juntadeandalucia.es\/colemediterraneo\/files\/2022\/12\/IMG-20221214-WA0049-1-300x225.jpg 300w, https:\/\/blogsaverroes.juntadeandalucia.es\/colemediterraneo\/files\/2022\/12\/IMG-20221214-WA0049-1-768x576.jpg 768w, https:\/\/blogsaverroes.juntadeandalucia.es\/colemediterraneo\/files\/2022\/12\/IMG-20221214-WA0049-1.jpg 1504w\" sizes=\"(max-width: 782px) 100vw, 782px\" \/><\/a> <a href=\"https:\/\/blogsaverroes.juntadeandalucia.es\/colemediterraneo\/tercer-ciclo\/visita-a-la-mezquita-del-alumnado-de-6o\/img-20221214-wa0046-1\/\" rel=\"attachment wp-att-32699\"><img loading=\"lazy\" decoding=\"async\" class=\"alignnone size-large wp-image-32699\" src=\"https:\/\/blogsaverroes.juntadeandalucia.es\/colemediterraneo\/files\/2022\/12\/IMG-20221214-WA0046-1-1024x369.jpg\" alt=\"\" width=\"782\" height=\"282\" srcset=\"https:\/\/blogsaverroes.juntadeandalucia.es\/colemediterraneo\/files\/2022\/12\/IMG-20221214-WA0046-1-1024x369.jpg 1024w, https:\/\/blogsaverroes.juntadeandalucia.es\/colemediterraneo\/files\/2022\/12\/IMG-20221214-WA0046-1-300x108.jpg 300w, https:\/\/blogsaverroes.juntadeandalucia.es\/colemediterraneo\/files\/2022\/12\/IMG-20221214-WA0046-1-768x276.jpg 768w, https:\/\/blogsaverroes.juntadeandalucia.es\/colemediterraneo\/files\/2022\/12\/IMG-20221214-WA0046-1-1536x553.jpg 1536w, https:\/\/blogsaverroes.juntadeandalucia.es\/colemediterraneo\/files\/2022\/12\/IMG-20221214-WA0046-1.jpg 1600w\" sizes=\"(max-width: 782px) 100vw, 782px\" \/><\/a><\/p>\n<p>&nbsp;<\/p>\n","protected":false},"excerpt":{"rendered":"<p>&nbsp; El alumnado de los tres grupos de sexto ha visitado la Mezquita-catedral de nuestra ciudad en la ma\u00f1ana de hoy, mi\u00e9rcoles 14 de diciembre.&nbsp; Por grupos y acompa\u00f1ados por sus tutores han recorrido todas sus zonas mientras que unos gu\u00edas les explicaban las curiosidades y detalles m\u00e1s importantes de este precioso y majestuoso monumento &hellip; <\/p>\n<p><a class=\"more-link btn\" href=\"https:\/\/blogsaverroes.juntadeandalucia.es\/colemediterraneo\/cursos-anteriores\/curso-2023-2024\/tercer-ciclo\/visita-a-la-mezquita-del-alumnado-de-6o\/\">Seguir leyendo<\/a><\/p>\n","protected":false},"author":5888,"featured_media":0,"parent":32164,"menu_order":0,"comment_status":"closed","ping_status":"closed","template":"","meta":{"ngg_post_thumbnail":0,"footnotes":"","_mc_calendar":[]},"aioseo_notices":[],"post_mailing_queue_ids":[],"_links":{"self":[{"href":"https:\/\/blogsaverroes.juntadeandalucia.es\/colemediterraneo\/wp-json\/wp\/v2\/pages\/32686"}],"collection":[{"href":"https:\/\/blogsaverroes.juntadeandalucia.es\/colemediterraneo\/wp-json\/wp\/v2\/pages"}],"about":[{"href":"https:\/\/blogsaverroes.juntadeandalucia.es\/colemediterraneo\/wp-json\/wp\/v2\/types\/page"}],"author":[{"embeddable":true,"href":"https:\/\/blogsaverroes.juntadeandalucia.es\/colemediterraneo\/wp-json\/wp\/v2\/users\/5888"}],"replies":[{"embeddable":true,"href":"https:\/\/blogsaverroes.juntadeandalucia.es\/colemediterraneo\/wp-json\/wp\/v2\/comments?post=32686"}],"version-history":[{"count":3,"href":"https:\/\/blogsaverroes.juntadeandalucia.es\/colemediterraneo\/wp-json\/wp\/v2\/pages\/32686\/revisions"}],"predecessor-version":[{"id":32707,"href":"https:\/\/blogsaverroes.juntadeandalucia.es\/colemediterraneo\/wp-json\/wp\/v2\/pages\/32686\/revisions\/32707"}],"up":[{"embeddable":true,"href":"https:\/\/blogsaverroes.juntadeandalucia.es\/colemediterraneo\/wp-json\/wp\/v2\/pages\/32164"}],"wp:attachment":[{"href":"https:\/\/blogsaverroes.juntadeandalucia.es\/colemediterraneo\/wp-json\/wp\/v2\/media?parent=32686"}],"curies":[{"name":"wp","href":"https:\/\/api.w.org\/{rel}","templated":true}]}}