{"id":33796,"date":"2023-03-20T11:07:07","date_gmt":"2023-03-20T11:07:07","guid":{"rendered":"https:\/\/blogsaverroes.juntadeandalucia.es\/colemediterraneo\/?page_id=33796"},"modified":"2023-03-20T11:11:27","modified_gmt":"2023-03-20T11:11:27","slug":"charla-de-ed-vial","status":"publish","type":"page","link":"https:\/\/blogsaverroes.juntadeandalucia.es\/colemediterraneo\/cursos-anteriores\/curso-2023-2024\/primer-ciclo\/charla-de-ed-vial\/","title":{"rendered":"Charla de Ed. V\u00edal"},"content":{"rendered":"<p>El alumnado de&nbsp; los cursos de primero ha asistido a una charla ofrecida por la polic\u00eda local de nuestra ciudad. En esta actividad, la polic\u00eda le ha explicado las normas b\u00e1sicas de seguridad vial que deben seguir tanto siendo peatones como conductores de bicis, patines, etc.&nbsp; Aqu\u00ed os dejamos unas im\u00e1genes de esta actividad.<\/p>\n<p><a href=\"https:\/\/blogsaverroes.juntadeandalucia.es\/colemediterraneo\/primer-ciclo\/charla-de-ed-vial\/20230320_094911-2\/\" rel=\"attachment wp-att-33853\"><img loading=\"lazy\" decoding=\"async\" class=\"alignnone size-large wp-image-33853\" src=\"https:\/\/blogsaverroes.juntadeandalucia.es\/colemediterraneo\/files\/2023\/03\/20230320_094911-1-1024x498.jpg\" alt=\"\" width=\"782\" height=\"380\" srcset=\"https:\/\/blogsaverroes.juntadeandalucia.es\/colemediterraneo\/files\/2023\/03\/20230320_094911-1-1024x498.jpg 1024w, https:\/\/blogsaverroes.juntadeandalucia.es\/colemediterraneo\/files\/2023\/03\/20230320_094911-1-300x146.jpg 300w, https:\/\/blogsaverroes.juntadeandalucia.es\/colemediterraneo\/files\/2023\/03\/20230320_094911-1-768x373.jpg 768w, https:\/\/blogsaverroes.juntadeandalucia.es\/colemediterraneo\/files\/2023\/03\/20230320_094911-1-1536x747.jpg 1536w, https:\/\/blogsaverroes.juntadeandalucia.es\/colemediterraneo\/files\/2023\/03\/20230320_094911-1-2048x996.jpg 2048w, https:\/\/blogsaverroes.juntadeandalucia.es\/colemediterraneo\/files\/2023\/03\/20230320_094911-1-scaled.jpg 1600w\" sizes=\"(max-width: 782px) 100vw, 782px\" \/><\/a> <a href=\"https:\/\/blogsaverroes.juntadeandalucia.es\/colemediterraneo\/primer-ciclo\/charla-de-ed-vial\/20230320_094930-2\/\" rel=\"attachment wp-att-33854\"><img loading=\"lazy\" decoding=\"async\" class=\"alignnone size-large wp-image-33854\" src=\"https:\/\/blogsaverroes.juntadeandalucia.es\/colemediterraneo\/files\/2023\/03\/20230320_094930-1-1024x498.jpg\" alt=\"\" width=\"782\" height=\"380\" srcset=\"https:\/\/blogsaverroes.juntadeandalucia.es\/colemediterraneo\/files\/2023\/03\/20230320_094930-1-1024x498.jpg 1024w, https:\/\/blogsaverroes.juntadeandalucia.es\/colemediterraneo\/files\/2023\/03\/20230320_094930-1-300x146.jpg 300w, https:\/\/blogsaverroes.juntadeandalucia.es\/colemediterraneo\/files\/2023\/03\/20230320_094930-1-768x373.jpg 768w, https:\/\/blogsaverroes.juntadeandalucia.es\/colemediterraneo\/files\/2023\/03\/20230320_094930-1-1536x747.jpg 1536w, https:\/\/blogsaverroes.juntadeandalucia.es\/colemediterraneo\/files\/2023\/03\/20230320_094930-1-2048x996.jpg 2048w, https:\/\/blogsaverroes.juntadeandalucia.es\/colemediterraneo\/files\/2023\/03\/20230320_094930-1-scaled.jpg 1600w\" sizes=\"(max-width: 782px) 100vw, 782px\" \/><\/a> <a href=\"https:\/\/blogsaverroes.juntadeandalucia.es\/colemediterraneo\/primer-ciclo\/charla-de-ed-vial\/20230320_095017\/\" rel=\"attachment wp-att-33855\"><img loading=\"lazy\" decoding=\"async\" class=\"alignnone size-large wp-image-33855\" src=\"https:\/\/blogsaverroes.juntadeandalucia.es\/colemediterraneo\/files\/2023\/03\/20230320_095017-1024x498.jpg\" alt=\"\" width=\"782\" height=\"380\" srcset=\"https:\/\/blogsaverroes.juntadeandalucia.es\/colemediterraneo\/files\/2023\/03\/20230320_095017-1024x498.jpg 1024w, https:\/\/blogsaverroes.juntadeandalucia.es\/colemediterraneo\/files\/2023\/03\/20230320_095017-300x146.jpg 300w, https:\/\/blogsaverroes.juntadeandalucia.es\/colemediterraneo\/files\/2023\/03\/20230320_095017-768x373.jpg 768w, https:\/\/blogsaverroes.juntadeandalucia.es\/colemediterraneo\/files\/2023\/03\/20230320_095017-1536x747.jpg 1536w, https:\/\/blogsaverroes.juntadeandalucia.es\/colemediterraneo\/files\/2023\/03\/20230320_095017-2048x996.jpg 2048w, https:\/\/blogsaverroes.juntadeandalucia.es\/colemediterraneo\/files\/2023\/03\/20230320_095017-scaled.jpg 1600w\" sizes=\"(max-width: 782px) 100vw, 782px\" \/><\/a> <a href=\"https:\/\/blogsaverroes.juntadeandalucia.es\/colemediterraneo\/primer-ciclo\/charla-de-ed-vial\/20230320_095029-2\/\" rel=\"attachment wp-att-33856\"><img loading=\"lazy\" decoding=\"async\" class=\"alignnone size-large wp-image-33856\" src=\"https:\/\/blogsaverroes.juntadeandalucia.es\/colemediterraneo\/files\/2023\/03\/20230320_095029-1-1024x498.jpg\" alt=\"\" width=\"782\" height=\"380\" srcset=\"https:\/\/blogsaverroes.juntadeandalucia.es\/colemediterraneo\/files\/2023\/03\/20230320_095029-1-1024x498.jpg 1024w, https:\/\/blogsaverroes.juntadeandalucia.es\/colemediterraneo\/files\/2023\/03\/20230320_095029-1-300x146.jpg 300w, https:\/\/blogsaverroes.juntadeandalucia.es\/colemediterraneo\/files\/2023\/03\/20230320_095029-1-768x373.jpg 768w, https:\/\/blogsaverroes.juntadeandalucia.es\/colemediterraneo\/files\/2023\/03\/20230320_095029-1-1536x747.jpg 1536w, https:\/\/blogsaverroes.juntadeandalucia.es\/colemediterraneo\/files\/2023\/03\/20230320_095029-1-2048x996.jpg 2048w, https:\/\/blogsaverroes.juntadeandalucia.es\/colemediterraneo\/files\/2023\/03\/20230320_095029-1-scaled.jpg 1600w\" sizes=\"(max-width: 782px) 100vw, 782px\" \/><\/a> <a href=\"https:\/\/blogsaverroes.juntadeandalucia.es\/colemediterraneo\/primer-ciclo\/charla-de-ed-vial\/20230320_095309-2\/\" rel=\"attachment wp-att-33857\"><img loading=\"lazy\" decoding=\"async\" class=\"alignnone size-large wp-image-33857\" src=\"https:\/\/blogsaverroes.juntadeandalucia.es\/colemediterraneo\/files\/2023\/03\/20230320_095309-1-1024x498.jpg\" alt=\"\" width=\"782\" height=\"380\" srcset=\"https:\/\/blogsaverroes.juntadeandalucia.es\/colemediterraneo\/files\/2023\/03\/20230320_095309-1-1024x498.jpg 1024w, https:\/\/blogsaverroes.juntadeandalucia.es\/colemediterraneo\/files\/2023\/03\/20230320_095309-1-300x146.jpg 300w, https:\/\/blogsaverroes.juntadeandalucia.es\/colemediterraneo\/files\/2023\/03\/20230320_095309-1-768x373.jpg 768w, https:\/\/blogsaverroes.juntadeandalucia.es\/colemediterraneo\/files\/2023\/03\/20230320_095309-1-1536x747.jpg 1536w, https:\/\/blogsaverroes.juntadeandalucia.es\/colemediterraneo\/files\/2023\/03\/20230320_095309-1-2048x996.jpg 2048w, https:\/\/blogsaverroes.juntadeandalucia.es\/colemediterraneo\/files\/2023\/03\/20230320_095309-1-scaled.jpg 1600w\" sizes=\"(max-width: 782px) 100vw, 782px\" \/><\/a> <a href=\"https:\/\/blogsaverroes.juntadeandalucia.es\/colemediterraneo\/primer-ciclo\/charla-de-ed-vial\/20230320_100851\/\" rel=\"attachment wp-att-33858\"><img loading=\"lazy\" decoding=\"async\" class=\"alignnone size-large wp-image-33858\" src=\"https:\/\/blogsaverroes.juntadeandalucia.es\/colemediterraneo\/files\/2023\/03\/20230320_100851-1024x498.jpg\" alt=\"\" width=\"782\" height=\"380\" srcset=\"https:\/\/blogsaverroes.juntadeandalucia.es\/colemediterraneo\/files\/2023\/03\/20230320_100851-1024x498.jpg 1024w, https:\/\/blogsaverroes.juntadeandalucia.es\/colemediterraneo\/files\/2023\/03\/20230320_100851-300x146.jpg 300w, https:\/\/blogsaverroes.juntadeandalucia.es\/colemediterraneo\/files\/2023\/03\/20230320_100851-768x373.jpg 768w, https:\/\/blogsaverroes.juntadeandalucia.es\/colemediterraneo\/files\/2023\/03\/20230320_100851-1536x747.jpg 1536w, https:\/\/blogsaverroes.juntadeandalucia.es\/colemediterraneo\/files\/2023\/03\/20230320_100851-2048x996.jpg 2048w, https:\/\/blogsaverroes.juntadeandalucia.es\/colemediterraneo\/files\/2023\/03\/20230320_100851-scaled.jpg 1600w\" sizes=\"(max-width: 782px) 100vw, 782px\" \/><\/a> <a href=\"https:\/\/blogsaverroes.juntadeandalucia.es\/colemediterraneo\/primer-ciclo\/charla-de-ed-vial\/20230320_100931-2\/\" rel=\"attachment wp-att-33859\"><img loading=\"lazy\" decoding=\"async\" class=\"alignnone size-large wp-image-33859\" src=\"https:\/\/blogsaverroes.juntadeandalucia.es\/colemediterraneo\/files\/2023\/03\/20230320_100931-1-1024x498.jpg\" alt=\"\" width=\"782\" height=\"380\" srcset=\"https:\/\/blogsaverroes.juntadeandalucia.es\/colemediterraneo\/files\/2023\/03\/20230320_100931-1-1024x498.jpg 1024w, https:\/\/blogsaverroes.juntadeandalucia.es\/colemediterraneo\/files\/2023\/03\/20230320_100931-1-300x146.jpg 300w, https:\/\/blogsaverroes.juntadeandalucia.es\/colemediterraneo\/files\/2023\/03\/20230320_100931-1-768x373.jpg 768w, https:\/\/blogsaverroes.juntadeandalucia.es\/colemediterraneo\/files\/2023\/03\/20230320_100931-1-1536x747.jpg 1536w, https:\/\/blogsaverroes.juntadeandalucia.es\/colemediterraneo\/files\/2023\/03\/20230320_100931-1-2048x996.jpg 2048w, https:\/\/blogsaverroes.juntadeandalucia.es\/colemediterraneo\/files\/2023\/03\/20230320_100931-1-scaled.jpg 1600w\" sizes=\"(max-width: 782px) 100vw, 782px\" \/><\/a> <a href=\"https:\/\/blogsaverroes.juntadeandalucia.es\/colemediterraneo\/primer-ciclo\/charla-de-ed-vial\/20230320_101129\/\" rel=\"attachment wp-att-33860\"><img loading=\"lazy\" decoding=\"async\" class=\"alignnone size-large wp-image-33860\" src=\"https:\/\/blogsaverroes.juntadeandalucia.es\/colemediterraneo\/files\/2023\/03\/20230320_101129-1024x498.jpg\" alt=\"\" width=\"782\" height=\"380\" srcset=\"https:\/\/blogsaverroes.juntadeandalucia.es\/colemediterraneo\/files\/2023\/03\/20230320_101129-1024x498.jpg 1024w, https:\/\/blogsaverroes.juntadeandalucia.es\/colemediterraneo\/files\/2023\/03\/20230320_101129-300x146.jpg 300w, https:\/\/blogsaverroes.juntadeandalucia.es\/colemediterraneo\/files\/2023\/03\/20230320_101129-768x373.jpg 768w, https:\/\/blogsaverroes.juntadeandalucia.es\/colemediterraneo\/files\/2023\/03\/20230320_101129-1536x747.jpg 1536w, https:\/\/blogsaverroes.juntadeandalucia.es\/colemediterraneo\/files\/2023\/03\/20230320_101129-2048x996.jpg 2048w, https:\/\/blogsaverroes.juntadeandalucia.es\/colemediterraneo\/files\/2023\/03\/20230320_101129-scaled.jpg 1600w\" sizes=\"(max-width: 782px) 100vw, 782px\" \/><\/a> <a href=\"https:\/\/blogsaverroes.juntadeandalucia.es\/colemediterraneo\/primer-ciclo\/charla-de-ed-vial\/20230320_101528-2\/\" rel=\"attachment wp-att-33861\"><img loading=\"lazy\" decoding=\"async\" class=\"alignnone size-large wp-image-33861\" src=\"https:\/\/blogsaverroes.juntadeandalucia.es\/colemediterraneo\/files\/2023\/03\/20230320_101528-1-1024x498.jpg\" alt=\"\" width=\"782\" height=\"380\" srcset=\"https:\/\/blogsaverroes.juntadeandalucia.es\/colemediterraneo\/files\/2023\/03\/20230320_101528-1-1024x498.jpg 1024w, https:\/\/blogsaverroes.juntadeandalucia.es\/colemediterraneo\/files\/2023\/03\/20230320_101528-1-300x146.jpg 300w, https:\/\/blogsaverroes.juntadeandalucia.es\/colemediterraneo\/files\/2023\/03\/20230320_101528-1-768x373.jpg 768w, https:\/\/blogsaverroes.juntadeandalucia.es\/colemediterraneo\/files\/2023\/03\/20230320_101528-1-1536x747.jpg 1536w, https:\/\/blogsaverroes.juntadeandalucia.es\/colemediterraneo\/files\/2023\/03\/20230320_101528-1-2048x996.jpg 2048w, https:\/\/blogsaverroes.juntadeandalucia.es\/colemediterraneo\/files\/2023\/03\/20230320_101528-1-scaled.jpg 1600w\" sizes=\"(max-width: 782px) 100vw, 782px\" \/><\/a> <a href=\"https:\/\/blogsaverroes.juntadeandalucia.es\/colemediterraneo\/primer-ciclo\/charla-de-ed-vial\/20230320_102251-2\/\" rel=\"attachment wp-att-33862\"><img loading=\"lazy\" decoding=\"async\" class=\"alignnone size-large wp-image-33862\" src=\"https:\/\/blogsaverroes.juntadeandalucia.es\/colemediterraneo\/files\/2023\/03\/20230320_102251-1-1024x498.jpg\" alt=\"\" width=\"782\" height=\"380\" srcset=\"https:\/\/blogsaverroes.juntadeandalucia.es\/colemediterraneo\/files\/2023\/03\/20230320_102251-1-1024x498.jpg 1024w, https:\/\/blogsaverroes.juntadeandalucia.es\/colemediterraneo\/files\/2023\/03\/20230320_102251-1-300x146.jpg 300w, https:\/\/blogsaverroes.juntadeandalucia.es\/colemediterraneo\/files\/2023\/03\/20230320_102251-1-768x373.jpg 768w, https:\/\/blogsaverroes.juntadeandalucia.es\/colemediterraneo\/files\/2023\/03\/20230320_102251-1-1536x747.jpg 1536w, https:\/\/blogsaverroes.juntadeandalucia.es\/colemediterraneo\/files\/2023\/03\/20230320_102251-1-2048x996.jpg 2048w, https:\/\/blogsaverroes.juntadeandalucia.es\/colemediterraneo\/files\/2023\/03\/20230320_102251-1-scaled.jpg 1600w\" sizes=\"(max-width: 782px) 100vw, 782px\" \/><\/a> <a href=\"https:\/\/blogsaverroes.juntadeandalucia.es\/colemediterraneo\/primer-ciclo\/charla-de-ed-vial\/20230320_103334\/\" rel=\"attachment wp-att-33863\"><img loading=\"lazy\" decoding=\"async\" class=\"alignnone size-large wp-image-33863\" src=\"https:\/\/blogsaverroes.juntadeandalucia.es\/colemediterraneo\/files\/2023\/03\/20230320_103334-1024x498.jpg\" alt=\"\" width=\"782\" height=\"380\" srcset=\"https:\/\/blogsaverroes.juntadeandalucia.es\/colemediterraneo\/files\/2023\/03\/20230320_103334-1024x498.jpg 1024w, https:\/\/blogsaverroes.juntadeandalucia.es\/colemediterraneo\/files\/2023\/03\/20230320_103334-300x146.jpg 300w, https:\/\/blogsaverroes.juntadeandalucia.es\/colemediterraneo\/files\/2023\/03\/20230320_103334-768x373.jpg 768w, https:\/\/blogsaverroes.juntadeandalucia.es\/colemediterraneo\/files\/2023\/03\/20230320_103334-1536x747.jpg 1536w, https:\/\/blogsaverroes.juntadeandalucia.es\/colemediterraneo\/files\/2023\/03\/20230320_103334-2048x996.jpg 2048w, https:\/\/blogsaverroes.juntadeandalucia.es\/colemediterraneo\/files\/2023\/03\/20230320_103334-scaled.jpg 1600w\" sizes=\"(max-width: 782px) 100vw, 782px\" \/><\/a> <a href=\"https:\/\/blogsaverroes.juntadeandalucia.es\/colemediterraneo\/primer-ciclo\/charla-de-ed-vial\/20230320_104101\/\" rel=\"attachment wp-att-33864\"><img loading=\"lazy\" decoding=\"async\" class=\"alignnone size-large wp-image-33864\" src=\"https:\/\/blogsaverroes.juntadeandalucia.es\/colemediterraneo\/files\/2023\/03\/20230320_104101-1024x498.jpg\" alt=\"\" width=\"782\" height=\"380\" srcset=\"https:\/\/blogsaverroes.juntadeandalucia.es\/colemediterraneo\/files\/2023\/03\/20230320_104101-1024x498.jpg 1024w, https:\/\/blogsaverroes.juntadeandalucia.es\/colemediterraneo\/files\/2023\/03\/20230320_104101-300x146.jpg 300w, https:\/\/blogsaverroes.juntadeandalucia.es\/colemediterraneo\/files\/2023\/03\/20230320_104101-768x373.jpg 768w, https:\/\/blogsaverroes.juntadeandalucia.es\/colemediterraneo\/files\/2023\/03\/20230320_104101-1536x747.jpg 1536w, https:\/\/blogsaverroes.juntadeandalucia.es\/colemediterraneo\/files\/2023\/03\/20230320_104101-2048x996.jpg 2048w, https:\/\/blogsaverroes.juntadeandalucia.es\/colemediterraneo\/files\/2023\/03\/20230320_104101-scaled.jpg 1600w\" sizes=\"(max-width: 782px) 100vw, 782px\" \/><\/a> <a href=\"https:\/\/blogsaverroes.juntadeandalucia.es\/colemediterraneo\/primer-ciclo\/charla-de-ed-vial\/20230320_104129\/\" rel=\"attachment wp-att-33865\"><img loading=\"lazy\" decoding=\"async\" class=\"alignnone size-large wp-image-33865\" src=\"https:\/\/blogsaverroes.juntadeandalucia.es\/colemediterraneo\/files\/2023\/03\/20230320_104129-1024x498.jpg\" alt=\"\" width=\"782\" height=\"380\" srcset=\"https:\/\/blogsaverroes.juntadeandalucia.es\/colemediterraneo\/files\/2023\/03\/20230320_104129-1024x498.jpg 1024w, https:\/\/blogsaverroes.juntadeandalucia.es\/colemediterraneo\/files\/2023\/03\/20230320_104129-300x146.jpg 300w, https:\/\/blogsaverroes.juntadeandalucia.es\/colemediterraneo\/files\/2023\/03\/20230320_104129-768x373.jpg 768w, https:\/\/blogsaverroes.juntadeandalucia.es\/colemediterraneo\/files\/2023\/03\/20230320_104129-1536x747.jpg 1536w, https:\/\/blogsaverroes.juntadeandalucia.es\/colemediterraneo\/files\/2023\/03\/20230320_104129-2048x996.jpg 2048w, https:\/\/blogsaverroes.juntadeandalucia.es\/colemediterraneo\/files\/2023\/03\/20230320_104129-scaled.jpg 1600w\" sizes=\"(max-width: 782px) 100vw, 782px\" \/><\/a><\/p>\n","protected":false},"excerpt":{"rendered":"<p>El alumnado de&nbsp; los cursos de primero ha asistido a una charla ofrecida por la polic\u00eda local de nuestra ciudad. En esta actividad, la polic\u00eda le ha explicado las normas b\u00e1sicas de seguridad vial que deben seguir tanto siendo peatones como conductores de bicis, patines, etc.&nbsp; Aqu\u00ed os dejamos unas im\u00e1genes de esta actividad.<\/p>\n","protected":false},"author":5888,"featured_media":0,"parent":32160,"menu_order":0,"comment_status":"closed","ping_status":"closed","template":"","meta":{"ngg_post_thumbnail":0,"footnotes":"","_mc_calendar":[]},"aioseo_notices":[],"post_mailing_queue_ids":[],"_links":{"self":[{"href":"https:\/\/blogsaverroes.juntadeandalucia.es\/colemediterraneo\/wp-json\/wp\/v2\/pages\/33796"}],"collection":[{"href":"https:\/\/blogsaverroes.juntadeandalucia.es\/colemediterraneo\/wp-json\/wp\/v2\/pages"}],"about":[{"href":"https:\/\/blogsaverroes.juntadeandalucia.es\/colemediterraneo\/wp-json\/wp\/v2\/types\/page"}],"author":[{"embeddable":true,"href":"https:\/\/blogsaverroes.juntadeandalucia.es\/colemediterraneo\/wp-json\/wp\/v2\/users\/5888"}],"replies":[{"embeddable":true,"href":"https:\/\/blogsaverroes.juntadeandalucia.es\/colemediterraneo\/wp-json\/wp\/v2\/comments?post=33796"}],"version-history":[{"count":3,"href":"https:\/\/blogsaverroes.juntadeandalucia.es\/colemediterraneo\/wp-json\/wp\/v2\/pages\/33796\/revisions"}],"predecessor-version":[{"id":33866,"href":"https:\/\/blogsaverroes.juntadeandalucia.es\/colemediterraneo\/wp-json\/wp\/v2\/pages\/33796\/revisions\/33866"}],"up":[{"embeddable":true,"href":"https:\/\/blogsaverroes.juntadeandalucia.es\/colemediterraneo\/wp-json\/wp\/v2\/pages\/32160"}],"wp:attachment":[{"href":"https:\/\/blogsaverroes.juntadeandalucia.es\/colemediterraneo\/wp-json\/wp\/v2\/media?parent=33796"}],"curies":[{"name":"wp","href":"https:\/\/api.w.org\/{rel}","templated":true}]}}