{"id":34177,"date":"2023-03-30T16:06:38","date_gmt":"2023-03-30T16:06:38","guid":{"rendered":"https:\/\/blogsaverroes.juntadeandalucia.es\/colemediterraneo\/?page_id=34177"},"modified":"2023-03-30T16:06:38","modified_gmt":"2023-03-30T16:06:38","slug":"nos-vamos-de-compras-2","status":"publish","type":"page","link":"https:\/\/blogsaverroes.juntadeandalucia.es\/colemediterraneo\/cursos-anteriores\/curso-2021-2022\/educacion-especial\/nos-vamos-de-compras-2\/","title":{"rendered":"Nos vamos de compras"},"content":{"rendered":"<p>El alumnado de nuestra aula TEA ha salido por las tiendas del barrio a poner en pr\u00e1ctica todos sus aprendizajes en relaci\u00f3n a las compras.&nbsp; &nbsp;Una vez trabajado en clase,&nbsp; estos ni\u00f1os y ni\u00f1as han realizado la compra en supermercados cercanos al cole. Aqu\u00ed les podemos ver&nbsp; y les felicitamos por ser unos campeones y campeonas.<\/p>\n<p><a href=\"https:\/\/blogsaverroes.juntadeandalucia.es\/colemediterraneo\/cursos-anteriores\/curso-2021-2022\/educacion-especial\/nos-vamos-de-compras-2\/img-20230316-wa0026-2\/\" rel=\"attachment wp-att-34178\"><img loading=\"lazy\" decoding=\"async\" class=\"alignnone size-large wp-image-34178\" src=\"https:\/\/blogsaverroes.juntadeandalucia.es\/colemediterraneo\/files\/2023\/03\/IMG-20230316-WA0026-1-765x1024.jpg\" alt=\"\" width=\"765\" height=\"1024\" srcset=\"https:\/\/blogsaverroes.juntadeandalucia.es\/colemediterraneo\/files\/2023\/03\/IMG-20230316-WA0026-1-765x1024.jpg 765w, https:\/\/blogsaverroes.juntadeandalucia.es\/colemediterraneo\/files\/2023\/03\/IMG-20230316-WA0026-1-224x300.jpg 224w, https:\/\/blogsaverroes.juntadeandalucia.es\/colemediterraneo\/files\/2023\/03\/IMG-20230316-WA0026-1-768x1027.jpg 768w, https:\/\/blogsaverroes.juntadeandalucia.es\/colemediterraneo\/files\/2023\/03\/IMG-20230316-WA0026-1-1148x1536.jpg 1148w, https:\/\/blogsaverroes.juntadeandalucia.es\/colemediterraneo\/files\/2023\/03\/IMG-20230316-WA0026-1.jpg 1196w\" sizes=\"(max-width: 765px) 100vw, 765px\" \/><\/a> <a href=\"https:\/\/blogsaverroes.juntadeandalucia.es\/colemediterraneo\/cursos-anteriores\/curso-2021-2022\/educacion-especial\/nos-vamos-de-compras-2\/img-20230316-wa0027-2\/\" rel=\"attachment wp-att-34179\"><img loading=\"lazy\" decoding=\"async\" class=\"alignnone size-large wp-image-34179\" src=\"https:\/\/blogsaverroes.juntadeandalucia.es\/colemediterraneo\/files\/2023\/03\/IMG-20230316-WA0027-1-765x1024.jpg\" alt=\"\" width=\"765\" height=\"1024\" srcset=\"https:\/\/blogsaverroes.juntadeandalucia.es\/colemediterraneo\/files\/2023\/03\/IMG-20230316-WA0027-1-765x1024.jpg 765w, https:\/\/blogsaverroes.juntadeandalucia.es\/colemediterraneo\/files\/2023\/03\/IMG-20230316-WA0027-1-224x300.jpg 224w, https:\/\/blogsaverroes.juntadeandalucia.es\/colemediterraneo\/files\/2023\/03\/IMG-20230316-WA0027-1-768x1027.jpg 768w, https:\/\/blogsaverroes.juntadeandalucia.es\/colemediterraneo\/files\/2023\/03\/IMG-20230316-WA0027-1-1148x1536.jpg 1148w, https:\/\/blogsaverroes.juntadeandalucia.es\/colemediterraneo\/files\/2023\/03\/IMG-20230316-WA0027-1.jpg 1196w\" sizes=\"(max-width: 765px) 100vw, 765px\" \/><\/a> <a href=\"https:\/\/blogsaverroes.juntadeandalucia.es\/colemediterraneo\/cursos-anteriores\/curso-2021-2022\/educacion-especial\/nos-vamos-de-compras-2\/img-20230316-wa0028-2\/\" rel=\"attachment wp-att-34180\"><img loading=\"lazy\" decoding=\"async\" class=\"alignnone size-large wp-image-34180\" src=\"https:\/\/blogsaverroes.juntadeandalucia.es\/colemediterraneo\/files\/2023\/03\/IMG-20230316-WA0028-1-765x1024.jpg\" alt=\"\" width=\"765\" height=\"1024\" srcset=\"https:\/\/blogsaverroes.juntadeandalucia.es\/colemediterraneo\/files\/2023\/03\/IMG-20230316-WA0028-1-765x1024.jpg 765w, https:\/\/blogsaverroes.juntadeandalucia.es\/colemediterraneo\/files\/2023\/03\/IMG-20230316-WA0028-1-224x300.jpg 224w, https:\/\/blogsaverroes.juntadeandalucia.es\/colemediterraneo\/files\/2023\/03\/IMG-20230316-WA0028-1-768x1027.jpg 768w, https:\/\/blogsaverroes.juntadeandalucia.es\/colemediterraneo\/files\/2023\/03\/IMG-20230316-WA0028-1-1148x1536.jpg 1148w, https:\/\/blogsaverroes.juntadeandalucia.es\/colemediterraneo\/files\/2023\/03\/IMG-20230316-WA0028-1.jpg 1196w\" sizes=\"(max-width: 765px) 100vw, 765px\" \/><\/a> <a href=\"https:\/\/blogsaverroes.juntadeandalucia.es\/colemediterraneo\/cursos-anteriores\/curso-2021-2022\/educacion-especial\/nos-vamos-de-compras-2\/img-20230316-wa0029-2\/\" rel=\"attachment wp-att-34181\"><img loading=\"lazy\" decoding=\"async\" class=\"alignnone size-large wp-image-34181\" src=\"https:\/\/blogsaverroes.juntadeandalucia.es\/colemediterraneo\/files\/2023\/03\/IMG-20230316-WA0029-1-765x1024.jpg\" alt=\"\" width=\"765\" height=\"1024\" srcset=\"https:\/\/blogsaverroes.juntadeandalucia.es\/colemediterraneo\/files\/2023\/03\/IMG-20230316-WA0029-1-765x1024.jpg 765w, https:\/\/blogsaverroes.juntadeandalucia.es\/colemediterraneo\/files\/2023\/03\/IMG-20230316-WA0029-1-224x300.jpg 224w, https:\/\/blogsaverroes.juntadeandalucia.es\/colemediterraneo\/files\/2023\/03\/IMG-20230316-WA0029-1-768x1027.jpg 768w, https:\/\/blogsaverroes.juntadeandalucia.es\/colemediterraneo\/files\/2023\/03\/IMG-20230316-WA0029-1-1148x1536.jpg 1148w, https:\/\/blogsaverroes.juntadeandalucia.es\/colemediterraneo\/files\/2023\/03\/IMG-20230316-WA0029-1.jpg 1196w\" sizes=\"(max-width: 765px) 100vw, 765px\" \/><\/a> <a href=\"https:\/\/blogsaverroes.juntadeandalucia.es\/colemediterraneo\/cursos-anteriores\/curso-2021-2022\/educacion-especial\/nos-vamos-de-compras-2\/img-20230316-wa0030-2\/\" rel=\"attachment wp-att-34182\"><img loading=\"lazy\" decoding=\"async\" class=\"alignnone size-large wp-image-34182\" src=\"https:\/\/blogsaverroes.juntadeandalucia.es\/colemediterraneo\/files\/2023\/03\/IMG-20230316-WA0030-1-765x1024.jpg\" alt=\"\" width=\"765\" height=\"1024\" srcset=\"https:\/\/blogsaverroes.juntadeandalucia.es\/colemediterraneo\/files\/2023\/03\/IMG-20230316-WA0030-1-765x1024.jpg 765w, https:\/\/blogsaverroes.juntadeandalucia.es\/colemediterraneo\/files\/2023\/03\/IMG-20230316-WA0030-1-224x300.jpg 224w, https:\/\/blogsaverroes.juntadeandalucia.es\/colemediterraneo\/files\/2023\/03\/IMG-20230316-WA0030-1-768x1027.jpg 768w, https:\/\/blogsaverroes.juntadeandalucia.es\/colemediterraneo\/files\/2023\/03\/IMG-20230316-WA0030-1-1148x1536.jpg 1148w, https:\/\/blogsaverroes.juntadeandalucia.es\/colemediterraneo\/files\/2023\/03\/IMG-20230316-WA0030-1.jpg 1196w\" sizes=\"(max-width: 765px) 100vw, 765px\" \/><\/a> <a href=\"https:\/\/blogsaverroes.juntadeandalucia.es\/colemediterraneo\/cursos-anteriores\/curso-2021-2022\/educacion-especial\/nos-vamos-de-compras-2\/img-20230316-wa0031-2\/\" rel=\"attachment wp-att-34183\"><img loading=\"lazy\" decoding=\"async\" class=\"alignnone size-large wp-image-34183\" src=\"https:\/\/blogsaverroes.juntadeandalucia.es\/colemediterraneo\/files\/2023\/03\/IMG-20230316-WA0031-1-765x1024.jpg\" alt=\"\" width=\"765\" height=\"1024\" srcset=\"https:\/\/blogsaverroes.juntadeandalucia.es\/colemediterraneo\/files\/2023\/03\/IMG-20230316-WA0031-1-765x1024.jpg 765w, https:\/\/blogsaverroes.juntadeandalucia.es\/colemediterraneo\/files\/2023\/03\/IMG-20230316-WA0031-1-224x300.jpg 224w, https:\/\/blogsaverroes.juntadeandalucia.es\/colemediterraneo\/files\/2023\/03\/IMG-20230316-WA0031-1-768x1027.jpg 768w, https:\/\/blogsaverroes.juntadeandalucia.es\/colemediterraneo\/files\/2023\/03\/IMG-20230316-WA0031-1-1148x1536.jpg 1148w, https:\/\/blogsaverroes.juntadeandalucia.es\/colemediterraneo\/files\/2023\/03\/IMG-20230316-WA0031-1.jpg 1196w\" sizes=\"(max-width: 765px) 100vw, 765px\" \/><\/a><\/p>\n","protected":false},"excerpt":{"rendered":"<p>El alumnado de nuestra aula TEA ha salido por las tiendas del barrio a poner en pr\u00e1ctica todos sus aprendizajes en relaci\u00f3n a las compras.&nbsp; &nbsp;Una vez trabajado en clase,&nbsp; estos ni\u00f1os y ni\u00f1as han realizado la compra en supermercados cercanos al cole. Aqu\u00ed les podemos ver&nbsp; y les felicitamos por ser unos campeones y &hellip; <\/p>\n<p><a class=\"more-link btn\" href=\"https:\/\/blogsaverroes.juntadeandalucia.es\/colemediterraneo\/cursos-anteriores\/curso-2021-2022\/educacion-especial\/nos-vamos-de-compras-2\/\">Seguir leyendo<\/a><\/p>\n","protected":false},"author":5888,"featured_media":0,"parent":29529,"menu_order":0,"comment_status":"closed","ping_status":"closed","template":"","meta":{"ngg_post_thumbnail":0,"footnotes":"","_mc_calendar":[]},"aioseo_notices":[],"post_mailing_queue_ids":[],"_links":{"self":[{"href":"https:\/\/blogsaverroes.juntadeandalucia.es\/colemediterraneo\/wp-json\/wp\/v2\/pages\/34177"}],"collection":[{"href":"https:\/\/blogsaverroes.juntadeandalucia.es\/colemediterraneo\/wp-json\/wp\/v2\/pages"}],"about":[{"href":"https:\/\/blogsaverroes.juntadeandalucia.es\/colemediterraneo\/wp-json\/wp\/v2\/types\/page"}],"author":[{"embeddable":true,"href":"https:\/\/blogsaverroes.juntadeandalucia.es\/colemediterraneo\/wp-json\/wp\/v2\/users\/5888"}],"replies":[{"embeddable":true,"href":"https:\/\/blogsaverroes.juntadeandalucia.es\/colemediterraneo\/wp-json\/wp\/v2\/comments?post=34177"}],"version-history":[{"count":2,"href":"https:\/\/blogsaverroes.juntadeandalucia.es\/colemediterraneo\/wp-json\/wp\/v2\/pages\/34177\/revisions"}],"predecessor-version":[{"id":34185,"href":"https:\/\/blogsaverroes.juntadeandalucia.es\/colemediterraneo\/wp-json\/wp\/v2\/pages\/34177\/revisions\/34185"}],"up":[{"embeddable":true,"href":"https:\/\/blogsaverroes.juntadeandalucia.es\/colemediterraneo\/wp-json\/wp\/v2\/pages\/29529"}],"wp:attachment":[{"href":"https:\/\/blogsaverroes.juntadeandalucia.es\/colemediterraneo\/wp-json\/wp\/v2\/media?parent=34177"}],"curies":[{"name":"wp","href":"https:\/\/api.w.org\/{rel}","templated":true}]}}