{"id":34863,"date":"2023-05-12T07:49:42","date_gmt":"2023-05-12T07:49:42","guid":{"rendered":"https:\/\/blogsaverroes.juntadeandalucia.es\/colemediterraneo\/?page_id=34863"},"modified":"2023-05-12T07:50:25","modified_gmt":"2023-05-12T07:50:25","slug":"visita-de-los-abuelos-de-la-residencia","status":"publish","type":"page","link":"https:\/\/blogsaverroes.juntadeandalucia.es\/colemediterraneo\/cursos-anteriores\/curso-2023-2024\/a-nivel-de-centro\/visita-de-los-abuelos-de-la-residencia\/","title":{"rendered":"Visita de los abuelos de la residencia"},"content":{"rendered":"<p>Deciros que en la ma\u00f1ana de hoy, 11 de mayo,&nbsp; el alumnado de 6\u00baC y de 3 a\u00f1os, ha sido nombrado embajador para recibir de la mejor manera posible, con cari\u00f1o, simpat\u00eda y generosidad, a los usuarios\/as de la residencia de mayores del barrio. Se han ido prendados por la estupenda acogida que han tenido por parte del centro y vuestros\/as hijos\/as en particular, con Jos\u00e9 Carlos a la guitarra a la cabeza pero tambi\u00e9n con el acompa\u00f1amiento y di\u00e1logo establecido con todos\/as ellos\/as en el Sal\u00f3n de Usos m\u00faltiples, en el que tambi\u00e9n se nos ha unido el alumnado de 3 a\u00f1os, haciendo las delicias de los abuelos\/as presentes. Ha sido un estupendo momento de intercambio vivencial generacional en gran parte por la buena predisposici\u00f3n de las personas visitantes (incluidos los monitores\/as, la enfermera de referencia) y las interesantes cuestiones que el alumnado ha preguntado a tan sabias, por ancianas, personas. Ha habido lugar para an\u00e9cdotas, humor, cante, recuerdos impagables&#8230;Por resumirlo en una palabra: memorable. Sus caras a la partida lo dec\u00edan todo.<\/p>\n<p style=\"text-align: center\"><a href=\"https:\/\/blogsaverroes.juntadeandalucia.es\/colemediterraneo\/a-nivel-de-centro\/visita-de-los-abuelos-de-la-residencia\/img-20230511-wa0020\/\" rel=\"attachment wp-att-34864\"><img loading=\"lazy\" decoding=\"async\" class=\"alignnone size-full wp-image-34864\" src=\"https:\/\/blogsaverroes.juntadeandalucia.es\/colemediterraneo\/files\/2023\/05\/IMG-20230511-WA0020.jpg\" alt=\"\" width=\"700\" height=\"394\" srcset=\"https:\/\/blogsaverroes.juntadeandalucia.es\/colemediterraneo\/files\/2023\/05\/IMG-20230511-WA0020.jpg 700w, https:\/\/blogsaverroes.juntadeandalucia.es\/colemediterraneo\/files\/2023\/05\/IMG-20230511-WA0020-300x169.jpg 300w\" sizes=\"(max-width: 700px) 100vw, 700px\" \/><\/a> <a href=\"https:\/\/blogsaverroes.juntadeandalucia.es\/colemediterraneo\/a-nivel-de-centro\/visita-de-los-abuelos-de-la-residencia\/img-20230511-wa0021\/\" rel=\"attachment wp-att-34865\"><img loading=\"lazy\" decoding=\"async\" class=\"alignnone size-large wp-image-34865\" src=\"https:\/\/blogsaverroes.juntadeandalucia.es\/colemediterraneo\/files\/2023\/05\/IMG-20230511-WA0021.jpg\" alt=\"\" width=\"700\" height=\"394\" srcset=\"https:\/\/blogsaverroes.juntadeandalucia.es\/colemediterraneo\/files\/2023\/05\/IMG-20230511-WA0021.jpg 700w, https:\/\/blogsaverroes.juntadeandalucia.es\/colemediterraneo\/files\/2023\/05\/IMG-20230511-WA0021-300x169.jpg 300w\" sizes=\"(max-width: 700px) 100vw, 700px\" \/><\/a> <a href=\"https:\/\/blogsaverroes.juntadeandalucia.es\/colemediterraneo\/a-nivel-de-centro\/visita-de-los-abuelos-de-la-residencia\/img-20230511-wa0022\/\" rel=\"attachment wp-att-34866\"><img loading=\"lazy\" decoding=\"async\" class=\"alignnone size-large wp-image-34866\" src=\"https:\/\/blogsaverroes.juntadeandalucia.es\/colemediterraneo\/files\/2023\/05\/IMG-20230511-WA0022.jpg\" alt=\"\" width=\"700\" height=\"394\" srcset=\"https:\/\/blogsaverroes.juntadeandalucia.es\/colemediterraneo\/files\/2023\/05\/IMG-20230511-WA0022.jpg 700w, https:\/\/blogsaverroes.juntadeandalucia.es\/colemediterraneo\/files\/2023\/05\/IMG-20230511-WA0022-300x169.jpg 300w\" sizes=\"(max-width: 700px) 100vw, 700px\" \/><\/a> <a href=\"https:\/\/blogsaverroes.juntadeandalucia.es\/colemediterraneo\/a-nivel-de-centro\/visita-de-los-abuelos-de-la-residencia\/img-20230511-wa0031\/\" rel=\"attachment wp-att-34867\"><img loading=\"lazy\" decoding=\"async\" class=\"alignnone size-large wp-image-34867\" src=\"https:\/\/blogsaverroes.juntadeandalucia.es\/colemediterraneo\/files\/2023\/05\/IMG-20230511-WA0031.jpg\" alt=\"\" width=\"700\" height=\"394\" srcset=\"https:\/\/blogsaverroes.juntadeandalucia.es\/colemediterraneo\/files\/2023\/05\/IMG-20230511-WA0031.jpg 700w, https:\/\/blogsaverroes.juntadeandalucia.es\/colemediterraneo\/files\/2023\/05\/IMG-20230511-WA0031-300x169.jpg 300w\" sizes=\"(max-width: 700px) 100vw, 700px\" \/><\/a> <a href=\"https:\/\/blogsaverroes.juntadeandalucia.es\/colemediterraneo\/a-nivel-de-centro\/visita-de-los-abuelos-de-la-residencia\/img-20230511-wa0032\/\" rel=\"attachment wp-att-34868\"><img loading=\"lazy\" decoding=\"async\" class=\"alignnone size-large wp-image-34868\" src=\"https:\/\/blogsaverroes.juntadeandalucia.es\/colemediterraneo\/files\/2023\/05\/IMG-20230511-WA0032.jpg\" alt=\"\" width=\"700\" height=\"394\" srcset=\"https:\/\/blogsaverroes.juntadeandalucia.es\/colemediterraneo\/files\/2023\/05\/IMG-20230511-WA0032.jpg 700w, https:\/\/blogsaverroes.juntadeandalucia.es\/colemediterraneo\/files\/2023\/05\/IMG-20230511-WA0032-300x169.jpg 300w\" sizes=\"(max-width: 700px) 100vw, 700px\" \/><\/a> <a href=\"https:\/\/blogsaverroes.juntadeandalucia.es\/colemediterraneo\/a-nivel-de-centro\/visita-de-los-abuelos-de-la-residencia\/img-20230511-wa0033\/\" rel=\"attachment wp-att-34869\"><img loading=\"lazy\" decoding=\"async\" class=\"alignnone size-large wp-image-34869\" src=\"https:\/\/blogsaverroes.juntadeandalucia.es\/colemediterraneo\/files\/2023\/05\/IMG-20230511-WA0033.jpg\" alt=\"\" width=\"700\" height=\"394\" srcset=\"https:\/\/blogsaverroes.juntadeandalucia.es\/colemediterraneo\/files\/2023\/05\/IMG-20230511-WA0033.jpg 700w, https:\/\/blogsaverroes.juntadeandalucia.es\/colemediterraneo\/files\/2023\/05\/IMG-20230511-WA0033-300x169.jpg 300w\" sizes=\"(max-width: 700px) 100vw, 700px\" \/><\/a> <a href=\"https:\/\/blogsaverroes.juntadeandalucia.es\/colemediterraneo\/a-nivel-de-centro\/visita-de-los-abuelos-de-la-residencia\/img-20230511-wa0034\/\" rel=\"attachment wp-att-34870\"><img loading=\"lazy\" decoding=\"async\" class=\"alignnone size-large wp-image-34870\" src=\"https:\/\/blogsaverroes.juntadeandalucia.es\/colemediterraneo\/files\/2023\/05\/IMG-20230511-WA0034.jpg\" alt=\"\" width=\"700\" height=\"394\" srcset=\"https:\/\/blogsaverroes.juntadeandalucia.es\/colemediterraneo\/files\/2023\/05\/IMG-20230511-WA0034.jpg 700w, https:\/\/blogsaverroes.juntadeandalucia.es\/colemediterraneo\/files\/2023\/05\/IMG-20230511-WA0034-300x169.jpg 300w\" sizes=\"(max-width: 700px) 100vw, 700px\" \/><\/a> <a href=\"https:\/\/blogsaverroes.juntadeandalucia.es\/colemediterraneo\/a-nivel-de-centro\/visita-de-los-abuelos-de-la-residencia\/img-20230511-wa0035\/\" rel=\"attachment wp-att-34871\"><img loading=\"lazy\" decoding=\"async\" class=\"alignnone size-large wp-image-34871\" src=\"https:\/\/blogsaverroes.juntadeandalucia.es\/colemediterraneo\/files\/2023\/05\/IMG-20230511-WA0035.jpg\" alt=\"\" width=\"394\" height=\"700\" srcset=\"https:\/\/blogsaverroes.juntadeandalucia.es\/colemediterraneo\/files\/2023\/05\/IMG-20230511-WA0035.jpg 394w, https:\/\/blogsaverroes.juntadeandalucia.es\/colemediterraneo\/files\/2023\/05\/IMG-20230511-WA0035-169x300.jpg 169w\" sizes=\"(max-width: 394px) 100vw, 394px\" \/><\/a> <a href=\"https:\/\/blogsaverroes.juntadeandalucia.es\/colemediterraneo\/a-nivel-de-centro\/visita-de-los-abuelos-de-la-residencia\/img-20230511-wa0036\/\" rel=\"attachment wp-att-34872\"><img loading=\"lazy\" decoding=\"async\" class=\"alignnone size-large wp-image-34872\" src=\"https:\/\/blogsaverroes.juntadeandalucia.es\/colemediterraneo\/files\/2023\/05\/IMG-20230511-WA0036.jpg\" alt=\"\" width=\"394\" height=\"700\" srcset=\"https:\/\/blogsaverroes.juntadeandalucia.es\/colemediterraneo\/files\/2023\/05\/IMG-20230511-WA0036.jpg 394w, https:\/\/blogsaverroes.juntadeandalucia.es\/colemediterraneo\/files\/2023\/05\/IMG-20230511-WA0036-169x300.jpg 169w\" sizes=\"(max-width: 394px) 100vw, 394px\" \/><\/a> <a href=\"https:\/\/blogsaverroes.juntadeandalucia.es\/colemediterraneo\/a-nivel-de-centro\/visita-de-los-abuelos-de-la-residencia\/img-20230511-wa0037\/\" rel=\"attachment wp-att-34873\"><img loading=\"lazy\" decoding=\"async\" class=\"alignnone size-large wp-image-34873\" src=\"https:\/\/blogsaverroes.juntadeandalucia.es\/colemediterraneo\/files\/2023\/05\/IMG-20230511-WA0037.jpg\" alt=\"\" width=\"700\" height=\"394\" srcset=\"https:\/\/blogsaverroes.juntadeandalucia.es\/colemediterraneo\/files\/2023\/05\/IMG-20230511-WA0037.jpg 700w, https:\/\/blogsaverroes.juntadeandalucia.es\/colemediterraneo\/files\/2023\/05\/IMG-20230511-WA0037-300x169.jpg 300w\" sizes=\"(max-width: 700px) 100vw, 700px\" \/><\/a> <a href=\"https:\/\/blogsaverroes.juntadeandalucia.es\/colemediterraneo\/a-nivel-de-centro\/visita-de-los-abuelos-de-la-residencia\/img-20230511-wa0038\/\" rel=\"attachment wp-att-34874\"><img loading=\"lazy\" decoding=\"async\" class=\"alignnone size-large wp-image-34874\" src=\"https:\/\/blogsaverroes.juntadeandalucia.es\/colemediterraneo\/files\/2023\/05\/IMG-20230511-WA0038.jpg\" alt=\"\" width=\"700\" height=\"394\" srcset=\"https:\/\/blogsaverroes.juntadeandalucia.es\/colemediterraneo\/files\/2023\/05\/IMG-20230511-WA0038.jpg 700w, https:\/\/blogsaverroes.juntadeandalucia.es\/colemediterraneo\/files\/2023\/05\/IMG-20230511-WA0038-300x169.jpg 300w\" sizes=\"(max-width: 700px) 100vw, 700px\" \/><\/a> <a href=\"https:\/\/blogsaverroes.juntadeandalucia.es\/colemediterraneo\/a-nivel-de-centro\/visita-de-los-abuelos-de-la-residencia\/img-20230511-wa0039\/\" rel=\"attachment wp-att-34875\"><img loading=\"lazy\" decoding=\"async\" class=\"alignnone size-large wp-image-34875\" src=\"https:\/\/blogsaverroes.juntadeandalucia.es\/colemediterraneo\/files\/2023\/05\/IMG-20230511-WA0039.jpg\" alt=\"\" width=\"700\" height=\"394\" srcset=\"https:\/\/blogsaverroes.juntadeandalucia.es\/colemediterraneo\/files\/2023\/05\/IMG-20230511-WA0039.jpg 700w, https:\/\/blogsaverroes.juntadeandalucia.es\/colemediterraneo\/files\/2023\/05\/IMG-20230511-WA0039-300x169.jpg 300w\" sizes=\"(max-width: 700px) 100vw, 700px\" \/><\/a> <a href=\"https:\/\/blogsaverroes.juntadeandalucia.es\/colemediterraneo\/a-nivel-de-centro\/visita-de-los-abuelos-de-la-residencia\/img-20230511-wa0040\/\" rel=\"attachment wp-att-34876\"><img loading=\"lazy\" decoding=\"async\" class=\"alignnone size-large wp-image-34876\" src=\"https:\/\/blogsaverroes.juntadeandalucia.es\/colemediterraneo\/files\/2023\/05\/IMG-20230511-WA0040.jpg\" alt=\"\" width=\"700\" height=\"525\" srcset=\"https:\/\/blogsaverroes.juntadeandalucia.es\/colemediterraneo\/files\/2023\/05\/IMG-20230511-WA0040.jpg 700w, https:\/\/blogsaverroes.juntadeandalucia.es\/colemediterraneo\/files\/2023\/05\/IMG-20230511-WA0040-300x225.jpg 300w\" sizes=\"(max-width: 700px) 100vw, 700px\" \/><\/a> <a href=\"https:\/\/blogsaverroes.juntadeandalucia.es\/colemediterraneo\/a-nivel-de-centro\/visita-de-los-abuelos-de-la-residencia\/img-20230511-wa0041\/\" rel=\"attachment wp-att-34877\"><img loading=\"lazy\" decoding=\"async\" class=\"alignnone size-large wp-image-34877\" src=\"https:\/\/blogsaverroes.juntadeandalucia.es\/colemediterraneo\/files\/2023\/05\/IMG-20230511-WA0041.jpg\" alt=\"\" width=\"700\" height=\"525\" srcset=\"https:\/\/blogsaverroes.juntadeandalucia.es\/colemediterraneo\/files\/2023\/05\/IMG-20230511-WA0041.jpg 700w, https:\/\/blogsaverroes.juntadeandalucia.es\/colemediterraneo\/files\/2023\/05\/IMG-20230511-WA0041-300x225.jpg 300w\" sizes=\"(max-width: 700px) 100vw, 700px\" \/><\/a> <a href=\"https:\/\/blogsaverroes.juntadeandalucia.es\/colemediterraneo\/a-nivel-de-centro\/visita-de-los-abuelos-de-la-residencia\/img-20230511-wa0042\/\" rel=\"attachment wp-att-34878\"><img loading=\"lazy\" decoding=\"async\" class=\"alignnone size-large wp-image-34878\" src=\"https:\/\/blogsaverroes.juntadeandalucia.es\/colemediterraneo\/files\/2023\/05\/IMG-20230511-WA0042.jpg\" alt=\"\" width=\"700\" height=\"525\" srcset=\"https:\/\/blogsaverroes.juntadeandalucia.es\/colemediterraneo\/files\/2023\/05\/IMG-20230511-WA0042.jpg 700w, https:\/\/blogsaverroes.juntadeandalucia.es\/colemediterraneo\/files\/2023\/05\/IMG-20230511-WA0042-300x225.jpg 300w\" sizes=\"(max-width: 700px) 100vw, 700px\" \/><\/a> <a href=\"https:\/\/blogsaverroes.juntadeandalucia.es\/colemediterraneo\/a-nivel-de-centro\/visita-de-los-abuelos-de-la-residencia\/img-20230511-wa0043\/\" rel=\"attachment wp-att-34879\"><img loading=\"lazy\" decoding=\"async\" class=\"alignnone size-large wp-image-34879\" src=\"https:\/\/blogsaverroes.juntadeandalucia.es\/colemediterraneo\/files\/2023\/05\/IMG-20230511-WA0043.jpg\" alt=\"\" width=\"700\" height=\"394\" srcset=\"https:\/\/blogsaverroes.juntadeandalucia.es\/colemediterraneo\/files\/2023\/05\/IMG-20230511-WA0043.jpg 700w, https:\/\/blogsaverroes.juntadeandalucia.es\/colemediterraneo\/files\/2023\/05\/IMG-20230511-WA0043-300x169.jpg 300w\" sizes=\"(max-width: 700px) 100vw, 700px\" \/><\/a> <a href=\"https:\/\/blogsaverroes.juntadeandalucia.es\/colemediterraneo\/a-nivel-de-centro\/visita-de-los-abuelos-de-la-residencia\/img-20230511-wa0044\/\" rel=\"attachment wp-att-34880\"><img loading=\"lazy\" decoding=\"async\" class=\"alignnone size-large wp-image-34880\" src=\"https:\/\/blogsaverroes.juntadeandalucia.es\/colemediterraneo\/files\/2023\/05\/IMG-20230511-WA0044.jpg\" alt=\"\" width=\"700\" height=\"525\" srcset=\"https:\/\/blogsaverroes.juntadeandalucia.es\/colemediterraneo\/files\/2023\/05\/IMG-20230511-WA0044.jpg 700w, https:\/\/blogsaverroes.juntadeandalucia.es\/colemediterraneo\/files\/2023\/05\/IMG-20230511-WA0044-300x225.jpg 300w\" sizes=\"(max-width: 700px) 100vw, 700px\" \/><\/a> <a href=\"https:\/\/blogsaverroes.juntadeandalucia.es\/colemediterraneo\/a-nivel-de-centro\/visita-de-los-abuelos-de-la-residencia\/img-20230511-wa0045\/\" rel=\"attachment wp-att-34881\"><img loading=\"lazy\" decoding=\"async\" class=\"alignnone size-large wp-image-34881\" src=\"https:\/\/blogsaverroes.juntadeandalucia.es\/colemediterraneo\/files\/2023\/05\/IMG-20230511-WA0045.jpg\" alt=\"\" width=\"700\" height=\"525\" srcset=\"https:\/\/blogsaverroes.juntadeandalucia.es\/colemediterraneo\/files\/2023\/05\/IMG-20230511-WA0045.jpg 700w, https:\/\/blogsaverroes.juntadeandalucia.es\/colemediterraneo\/files\/2023\/05\/IMG-20230511-WA0045-300x225.jpg 300w\" sizes=\"(max-width: 700px) 100vw, 700px\" \/><\/a> <a href=\"https:\/\/blogsaverroes.juntadeandalucia.es\/colemediterraneo\/a-nivel-de-centro\/visita-de-los-abuelos-de-la-residencia\/img-20230511-wa0046\/\" rel=\"attachment wp-att-34882\"><img loading=\"lazy\" decoding=\"async\" class=\"alignnone size-large wp-image-34882\" src=\"https:\/\/blogsaverroes.juntadeandalucia.es\/colemediterraneo\/files\/2023\/05\/IMG-20230511-WA0046.jpg\" alt=\"\" width=\"700\" height=\"394\" srcset=\"https:\/\/blogsaverroes.juntadeandalucia.es\/colemediterraneo\/files\/2023\/05\/IMG-20230511-WA0046.jpg 700w, https:\/\/blogsaverroes.juntadeandalucia.es\/colemediterraneo\/files\/2023\/05\/IMG-20230511-WA0046-300x169.jpg 300w\" sizes=\"(max-width: 700px) 100vw, 700px\" \/><\/a> <a href=\"https:\/\/blogsaverroes.juntadeandalucia.es\/colemediterraneo\/a-nivel-de-centro\/visita-de-los-abuelos-de-la-residencia\/img-20230511-wa0047\/\" rel=\"attachment wp-att-34883\"><img loading=\"lazy\" decoding=\"async\" class=\"alignnone size-large wp-image-34883\" src=\"https:\/\/blogsaverroes.juntadeandalucia.es\/colemediterraneo\/files\/2023\/05\/IMG-20230511-WA0047.jpg\" alt=\"\" width=\"700\" height=\"394\" srcset=\"https:\/\/blogsaverroes.juntadeandalucia.es\/colemediterraneo\/files\/2023\/05\/IMG-20230511-WA0047.jpg 700w, https:\/\/blogsaverroes.juntadeandalucia.es\/colemediterraneo\/files\/2023\/05\/IMG-20230511-WA0047-300x169.jpg 300w\" sizes=\"(max-width: 700px) 100vw, 700px\" \/><\/a> <a href=\"https:\/\/blogsaverroes.juntadeandalucia.es\/colemediterraneo\/a-nivel-de-centro\/visita-de-los-abuelos-de-la-residencia\/img-20230511-wa0048\/\" rel=\"attachment wp-att-34884\"><img loading=\"lazy\" decoding=\"async\" class=\"alignnone size-large wp-image-34884\" src=\"https:\/\/blogsaverroes.juntadeandalucia.es\/colemediterraneo\/files\/2023\/05\/IMG-20230511-WA0048.jpg\" alt=\"\" width=\"700\" height=\"525\" srcset=\"https:\/\/blogsaverroes.juntadeandalucia.es\/colemediterraneo\/files\/2023\/05\/IMG-20230511-WA0048.jpg 700w, https:\/\/blogsaverroes.juntadeandalucia.es\/colemediterraneo\/files\/2023\/05\/IMG-20230511-WA0048-300x225.jpg 300w\" sizes=\"(max-width: 700px) 100vw, 700px\" \/><\/a> <a href=\"https:\/\/blogsaverroes.juntadeandalucia.es\/colemediterraneo\/a-nivel-de-centro\/visita-de-los-abuelos-de-la-residencia\/img-20230511-wa0049\/\" rel=\"attachment wp-att-34885\"><img loading=\"lazy\" decoding=\"async\" class=\"alignnone size-large wp-image-34885\" src=\"https:\/\/blogsaverroes.juntadeandalucia.es\/colemediterraneo\/files\/2023\/05\/IMG-20230511-WA0049.jpg\" alt=\"\" width=\"700\" height=\"525\" srcset=\"https:\/\/blogsaverroes.juntadeandalucia.es\/colemediterraneo\/files\/2023\/05\/IMG-20230511-WA0049.jpg 700w, https:\/\/blogsaverroes.juntadeandalucia.es\/colemediterraneo\/files\/2023\/05\/IMG-20230511-WA0049-300x225.jpg 300w\" sizes=\"(max-width: 700px) 100vw, 700px\" \/><\/a> <a href=\"https:\/\/blogsaverroes.juntadeandalucia.es\/colemediterraneo\/a-nivel-de-centro\/visita-de-los-abuelos-de-la-residencia\/img-20230511-wa0050\/\" rel=\"attachment wp-att-34886\"><img loading=\"lazy\" decoding=\"async\" class=\"alignnone size-large wp-image-34886\" src=\"https:\/\/blogsaverroes.juntadeandalucia.es\/colemediterraneo\/files\/2023\/05\/IMG-20230511-WA0050.jpg\" alt=\"\" width=\"525\" height=\"700\" srcset=\"https:\/\/blogsaverroes.juntadeandalucia.es\/colemediterraneo\/files\/2023\/05\/IMG-20230511-WA0050.jpg 525w, https:\/\/blogsaverroes.juntadeandalucia.es\/colemediterraneo\/files\/2023\/05\/IMG-20230511-WA0050-225x300.jpg 225w\" sizes=\"(max-width: 525px) 100vw, 525px\" \/><\/a><\/p>\n","protected":false},"excerpt":{"rendered":"<p>Deciros que en la ma\u00f1ana de hoy, 11 de mayo,&nbsp; el alumnado de 6\u00baC y de 3 a\u00f1os, ha sido nombrado embajador para recibir de la mejor manera posible, con cari\u00f1o, simpat\u00eda y generosidad, a los usuarios\/as de la residencia de mayores del barrio. Se han ido prendados por la estupenda acogida que han tenido &hellip; <\/p>\n<p><a class=\"more-link btn\" href=\"https:\/\/blogsaverroes.juntadeandalucia.es\/colemediterraneo\/cursos-anteriores\/curso-2023-2024\/a-nivel-de-centro\/visita-de-los-abuelos-de-la-residencia\/\">Seguir leyendo<\/a><\/p>\n","protected":false},"author":5888,"featured_media":0,"parent":32166,"menu_order":0,"comment_status":"closed","ping_status":"closed","template":"","meta":{"ngg_post_thumbnail":0,"footnotes":"","_mc_calendar":[]},"aioseo_notices":[],"post_mailing_queue_ids":[],"_links":{"self":[{"href":"https:\/\/blogsaverroes.juntadeandalucia.es\/colemediterraneo\/wp-json\/wp\/v2\/pages\/34863"}],"collection":[{"href":"https:\/\/blogsaverroes.juntadeandalucia.es\/colemediterraneo\/wp-json\/wp\/v2\/pages"}],"about":[{"href":"https:\/\/blogsaverroes.juntadeandalucia.es\/colemediterraneo\/wp-json\/wp\/v2\/types\/page"}],"author":[{"embeddable":true,"href":"https:\/\/blogsaverroes.juntadeandalucia.es\/colemediterraneo\/wp-json\/wp\/v2\/users\/5888"}],"replies":[{"embeddable":true,"href":"https:\/\/blogsaverroes.juntadeandalucia.es\/colemediterraneo\/wp-json\/wp\/v2\/comments?post=34863"}],"version-history":[{"count":2,"href":"https:\/\/blogsaverroes.juntadeandalucia.es\/colemediterraneo\/wp-json\/wp\/v2\/pages\/34863\/revisions"}],"predecessor-version":[{"id":34888,"href":"https:\/\/blogsaverroes.juntadeandalucia.es\/colemediterraneo\/wp-json\/wp\/v2\/pages\/34863\/revisions\/34888"}],"up":[{"embeddable":true,"href":"https:\/\/blogsaverroes.juntadeandalucia.es\/colemediterraneo\/wp-json\/wp\/v2\/pages\/32166"}],"wp:attachment":[{"href":"https:\/\/blogsaverroes.juntadeandalucia.es\/colemediterraneo\/wp-json\/wp\/v2\/media?parent=34863"}],"curies":[{"name":"wp","href":"https:\/\/api.w.org\/{rel}","templated":true}]}}