{"id":34979,"date":"2023-05-16T09:22:02","date_gmt":"2023-05-16T09:22:02","guid":{"rendered":"https:\/\/blogsaverroes.juntadeandalucia.es\/colemediterraneo\/?page_id=34979"},"modified":"2023-05-16T09:22:28","modified_gmt":"2023-05-16T09:22:28","slug":"taller-a-que-huelen-los-patios","status":"publish","type":"page","link":"https:\/\/blogsaverroes.juntadeandalucia.es\/colemediterraneo\/cursos-anteriores\/curso-2023-2024\/ed-infantil\/taller-a-que-huelen-los-patios\/","title":{"rendered":"Taller:  \u00bfA qu\u00e9 huelen los patios?"},"content":{"rendered":"<p>&nbsp; El alumnado de infantil de 5 a\u00f1os ha realizado un Taller ofrecido por nuestro Ayuntamiento que se titula \u00ab\u00bfA qu\u00e9 huelen los patios?\u00bb.&nbsp; &nbsp;Con este taller se pretende un acercamiento a esta tradici\u00f3n&nbsp; tan importante en nuestra ciudad.&nbsp; Los ni\u00f1os y ni\u00f1as han podido valorar&nbsp; y elaborar su propio patio en las aulas.<\/p>\n<p>Aqu\u00ed os mostramos unas im\u00e1genes de estos talleres:<\/p>\n<p style=\"text-align: center\"><a href=\"https:\/\/blogsaverroes.juntadeandalucia.es\/colemediterraneo\/ed-infantil\/taller-a-que-huelen-los-patios\/img-20230515-wa0034\/\" rel=\"attachment wp-att-34983\"><img loading=\"lazy\" decoding=\"async\" class=\"alignnone size-full wp-image-34983\" src=\"https:\/\/blogsaverroes.juntadeandalucia.es\/colemediterraneo\/files\/2023\/05\/IMG-20230515-WA0034.jpg\" alt=\"\" width=\"700\" height=\"526\" srcset=\"https:\/\/blogsaverroes.juntadeandalucia.es\/colemediterraneo\/files\/2023\/05\/IMG-20230515-WA0034.jpg 700w, https:\/\/blogsaverroes.juntadeandalucia.es\/colemediterraneo\/files\/2023\/05\/IMG-20230515-WA0034-300x225.jpg 300w\" sizes=\"(max-width: 700px) 100vw, 700px\" \/><\/a> <a href=\"https:\/\/blogsaverroes.juntadeandalucia.es\/colemediterraneo\/ed-infantil\/taller-a-que-huelen-los-patios\/img-20230515-wa0035\/\" rel=\"attachment wp-att-34984\"><img loading=\"lazy\" decoding=\"async\" class=\"alignnone size-large wp-image-34984\" src=\"https:\/\/blogsaverroes.juntadeandalucia.es\/colemediterraneo\/files\/2023\/05\/IMG-20230515-WA0035.jpg\" alt=\"\" width=\"700\" height=\"526\" srcset=\"https:\/\/blogsaverroes.juntadeandalucia.es\/colemediterraneo\/files\/2023\/05\/IMG-20230515-WA0035.jpg 700w, https:\/\/blogsaverroes.juntadeandalucia.es\/colemediterraneo\/files\/2023\/05\/IMG-20230515-WA0035-300x225.jpg 300w\" sizes=\"(max-width: 700px) 100vw, 700px\" \/><\/a> <a href=\"https:\/\/blogsaverroes.juntadeandalucia.es\/colemediterraneo\/ed-infantil\/taller-a-que-huelen-los-patios\/img-20230515-wa0036\/\" rel=\"attachment wp-att-34985\"><img loading=\"lazy\" decoding=\"async\" class=\"alignnone size-large wp-image-34985\" src=\"https:\/\/blogsaverroes.juntadeandalucia.es\/colemediterraneo\/files\/2023\/05\/IMG-20230515-WA0036.jpg\" alt=\"\" width=\"700\" height=\"526\" srcset=\"https:\/\/blogsaverroes.juntadeandalucia.es\/colemediterraneo\/files\/2023\/05\/IMG-20230515-WA0036.jpg 700w, https:\/\/blogsaverroes.juntadeandalucia.es\/colemediterraneo\/files\/2023\/05\/IMG-20230515-WA0036-300x225.jpg 300w\" sizes=\"(max-width: 700px) 100vw, 700px\" \/><\/a> <a href=\"https:\/\/blogsaverroes.juntadeandalucia.es\/colemediterraneo\/ed-infantil\/taller-a-que-huelen-los-patios\/img-20230515-wa0037\/\" rel=\"attachment wp-att-34986\"><img loading=\"lazy\" decoding=\"async\" class=\"alignnone size-large wp-image-34986\" src=\"https:\/\/blogsaverroes.juntadeandalucia.es\/colemediterraneo\/files\/2023\/05\/IMG-20230515-WA0037.jpg\" alt=\"\" width=\"526\" height=\"700\" srcset=\"https:\/\/blogsaverroes.juntadeandalucia.es\/colemediterraneo\/files\/2023\/05\/IMG-20230515-WA0037.jpg 526w, https:\/\/blogsaverroes.juntadeandalucia.es\/colemediterraneo\/files\/2023\/05\/IMG-20230515-WA0037-225x300.jpg 225w\" sizes=\"(max-width: 526px) 100vw, 526px\" \/><\/a> <a href=\"https:\/\/blogsaverroes.juntadeandalucia.es\/colemediterraneo\/ed-infantil\/taller-a-que-huelen-los-patios\/img-20230515-wa0038\/\" rel=\"attachment wp-att-34987\"><img loading=\"lazy\" decoding=\"async\" class=\"alignnone size-large wp-image-34987\" src=\"https:\/\/blogsaverroes.juntadeandalucia.es\/colemediterraneo\/files\/2023\/05\/IMG-20230515-WA0038.jpg\" alt=\"\" width=\"700\" height=\"526\" srcset=\"https:\/\/blogsaverroes.juntadeandalucia.es\/colemediterraneo\/files\/2023\/05\/IMG-20230515-WA0038.jpg 700w, https:\/\/blogsaverroes.juntadeandalucia.es\/colemediterraneo\/files\/2023\/05\/IMG-20230515-WA0038-300x225.jpg 300w\" sizes=\"(max-width: 700px) 100vw, 700px\" \/><\/a> <a href=\"https:\/\/blogsaverroes.juntadeandalucia.es\/colemediterraneo\/ed-infantil\/taller-a-que-huelen-los-patios\/img-20230515-wa0039\/\" rel=\"attachment wp-att-34988\"><img loading=\"lazy\" decoding=\"async\" class=\"alignnone size-large wp-image-34988\" src=\"https:\/\/blogsaverroes.juntadeandalucia.es\/colemediterraneo\/files\/2023\/05\/IMG-20230515-WA0039.jpg\" alt=\"\" width=\"700\" height=\"526\" srcset=\"https:\/\/blogsaverroes.juntadeandalucia.es\/colemediterraneo\/files\/2023\/05\/IMG-20230515-WA0039.jpg 700w, https:\/\/blogsaverroes.juntadeandalucia.es\/colemediterraneo\/files\/2023\/05\/IMG-20230515-WA0039-300x225.jpg 300w\" sizes=\"(max-width: 700px) 100vw, 700px\" \/><\/a> <a href=\"https:\/\/blogsaverroes.juntadeandalucia.es\/colemediterraneo\/ed-infantil\/taller-a-que-huelen-los-patios\/img-20230515-wa0040\/\" rel=\"attachment wp-att-34989\"><img loading=\"lazy\" decoding=\"async\" class=\"alignnone size-large wp-image-34989\" src=\"https:\/\/blogsaverroes.juntadeandalucia.es\/colemediterraneo\/files\/2023\/05\/IMG-20230515-WA0040.jpg\" alt=\"\" width=\"526\" height=\"700\" srcset=\"https:\/\/blogsaverroes.juntadeandalucia.es\/colemediterraneo\/files\/2023\/05\/IMG-20230515-WA0040.jpg 526w, https:\/\/blogsaverroes.juntadeandalucia.es\/colemediterraneo\/files\/2023\/05\/IMG-20230515-WA0040-225x300.jpg 225w\" sizes=\"(max-width: 526px) 100vw, 526px\" \/><\/a> <a href=\"https:\/\/blogsaverroes.juntadeandalucia.es\/colemediterraneo\/ed-infantil\/taller-a-que-huelen-los-patios\/img-20230515-wa0041\/\" rel=\"attachment wp-att-34990\"><img loading=\"lazy\" decoding=\"async\" class=\"alignnone size-large wp-image-34990\" src=\"https:\/\/blogsaverroes.juntadeandalucia.es\/colemediterraneo\/files\/2023\/05\/IMG-20230515-WA0041.jpg\" alt=\"\" width=\"700\" height=\"526\" srcset=\"https:\/\/blogsaverroes.juntadeandalucia.es\/colemediterraneo\/files\/2023\/05\/IMG-20230515-WA0041.jpg 700w, https:\/\/blogsaverroes.juntadeandalucia.es\/colemediterraneo\/files\/2023\/05\/IMG-20230515-WA0041-300x225.jpg 300w\" sizes=\"(max-width: 700px) 100vw, 700px\" \/><\/a> <a href=\"https:\/\/blogsaverroes.juntadeandalucia.es\/colemediterraneo\/ed-infantil\/taller-a-que-huelen-los-patios\/img-20230515-wa0042\/\" rel=\"attachment wp-att-34991\"><img loading=\"lazy\" decoding=\"async\" class=\"alignnone size-large wp-image-34991\" src=\"https:\/\/blogsaverroes.juntadeandalucia.es\/colemediterraneo\/files\/2023\/05\/IMG-20230515-WA0042.jpg\" alt=\"\" width=\"526\" height=\"700\" srcset=\"https:\/\/blogsaverroes.juntadeandalucia.es\/colemediterraneo\/files\/2023\/05\/IMG-20230515-WA0042.jpg 526w, https:\/\/blogsaverroes.juntadeandalucia.es\/colemediterraneo\/files\/2023\/05\/IMG-20230515-WA0042-225x300.jpg 225w\" sizes=\"(max-width: 526px) 100vw, 526px\" \/><\/a> <a href=\"https:\/\/blogsaverroes.juntadeandalucia.es\/colemediterraneo\/ed-infantil\/taller-a-que-huelen-los-patios\/img-20230515-wa0043\/\" rel=\"attachment wp-att-34992\"><img loading=\"lazy\" decoding=\"async\" class=\"alignnone size-large wp-image-34992\" src=\"https:\/\/blogsaverroes.juntadeandalucia.es\/colemediterraneo\/files\/2023\/05\/IMG-20230515-WA0043.jpg\" alt=\"\" width=\"526\" height=\"700\" srcset=\"https:\/\/blogsaverroes.juntadeandalucia.es\/colemediterraneo\/files\/2023\/05\/IMG-20230515-WA0043.jpg 526w, https:\/\/blogsaverroes.juntadeandalucia.es\/colemediterraneo\/files\/2023\/05\/IMG-20230515-WA0043-225x300.jpg 225w\" sizes=\"(max-width: 526px) 100vw, 526px\" \/><\/a> <a href=\"https:\/\/blogsaverroes.juntadeandalucia.es\/colemediterraneo\/ed-infantil\/taller-a-que-huelen-los-patios\/img-20230515-wa0044\/\" rel=\"attachment wp-att-34993\"><img loading=\"lazy\" decoding=\"async\" class=\"alignnone size-large wp-image-34993\" src=\"https:\/\/blogsaverroes.juntadeandalucia.es\/colemediterraneo\/files\/2023\/05\/IMG-20230515-WA0044.jpg\" alt=\"\" width=\"526\" height=\"700\" srcset=\"https:\/\/blogsaverroes.juntadeandalucia.es\/colemediterraneo\/files\/2023\/05\/IMG-20230515-WA0044.jpg 526w, https:\/\/blogsaverroes.juntadeandalucia.es\/colemediterraneo\/files\/2023\/05\/IMG-20230515-WA0044-225x300.jpg 225w\" sizes=\"(max-width: 526px) 100vw, 526px\" \/><\/a> <a href=\"https:\/\/blogsaverroes.juntadeandalucia.es\/colemediterraneo\/ed-infantil\/taller-a-que-huelen-los-patios\/img-20230515-wa0045\/\" rel=\"attachment wp-att-34994\"><img loading=\"lazy\" decoding=\"async\" class=\"alignnone size-large wp-image-34994\" src=\"https:\/\/blogsaverroes.juntadeandalucia.es\/colemediterraneo\/files\/2023\/05\/IMG-20230515-WA0045.jpg\" alt=\"\" width=\"700\" height=\"526\" srcset=\"https:\/\/blogsaverroes.juntadeandalucia.es\/colemediterraneo\/files\/2023\/05\/IMG-20230515-WA0045.jpg 700w, https:\/\/blogsaverroes.juntadeandalucia.es\/colemediterraneo\/files\/2023\/05\/IMG-20230515-WA0045-300x225.jpg 300w\" sizes=\"(max-width: 700px) 100vw, 700px\" \/><\/a> <a href=\"https:\/\/blogsaverroes.juntadeandalucia.es\/colemediterraneo\/ed-infantil\/taller-a-que-huelen-los-patios\/img-20230515-wa0046\/\" rel=\"attachment wp-att-34995\"><img loading=\"lazy\" decoding=\"async\" class=\"alignnone size-large wp-image-34995\" src=\"https:\/\/blogsaverroes.juntadeandalucia.es\/colemediterraneo\/files\/2023\/05\/IMG-20230515-WA0046.jpg\" alt=\"\" width=\"526\" height=\"700\" srcset=\"https:\/\/blogsaverroes.juntadeandalucia.es\/colemediterraneo\/files\/2023\/05\/IMG-20230515-WA0046.jpg 526w, https:\/\/blogsaverroes.juntadeandalucia.es\/colemediterraneo\/files\/2023\/05\/IMG-20230515-WA0046-225x300.jpg 225w\" sizes=\"(max-width: 526px) 100vw, 526px\" \/><\/a><\/p>\n<p>&nbsp;<\/p>\n","protected":false},"excerpt":{"rendered":"<p>&nbsp; El alumnado de infantil de 5 a\u00f1os ha realizado un Taller ofrecido por nuestro Ayuntamiento que se titula \u00ab\u00bfA qu\u00e9 huelen los patios?\u00bb.&nbsp; &nbsp;Con este taller se pretende un acercamiento a esta tradici\u00f3n&nbsp; tan importante en nuestra ciudad.&nbsp; Los ni\u00f1os y ni\u00f1as han podido valorar&nbsp; y elaborar su propio patio en las aulas. Aqu\u00ed &hellip; <\/p>\n<p><a class=\"more-link btn\" href=\"https:\/\/blogsaverroes.juntadeandalucia.es\/colemediterraneo\/cursos-anteriores\/curso-2023-2024\/ed-infantil\/taller-a-que-huelen-los-patios\/\">Seguir leyendo<\/a><\/p>\n","protected":false},"author":5888,"featured_media":0,"parent":32157,"menu_order":0,"comment_status":"closed","ping_status":"closed","template":"","meta":{"ngg_post_thumbnail":0,"footnotes":"","_mc_calendar":[]},"aioseo_notices":[],"post_mailing_queue_ids":[],"_links":{"self":[{"href":"https:\/\/blogsaverroes.juntadeandalucia.es\/colemediterraneo\/wp-json\/wp\/v2\/pages\/34979"}],"collection":[{"href":"https:\/\/blogsaverroes.juntadeandalucia.es\/colemediterraneo\/wp-json\/wp\/v2\/pages"}],"about":[{"href":"https:\/\/blogsaverroes.juntadeandalucia.es\/colemediterraneo\/wp-json\/wp\/v2\/types\/page"}],"author":[{"embeddable":true,"href":"https:\/\/blogsaverroes.juntadeandalucia.es\/colemediterraneo\/wp-json\/wp\/v2\/users\/5888"}],"replies":[{"embeddable":true,"href":"https:\/\/blogsaverroes.juntadeandalucia.es\/colemediterraneo\/wp-json\/wp\/v2\/comments?post=34979"}],"version-history":[{"count":3,"href":"https:\/\/blogsaverroes.juntadeandalucia.es\/colemediterraneo\/wp-json\/wp\/v2\/pages\/34979\/revisions"}],"predecessor-version":[{"id":34997,"href":"https:\/\/blogsaverroes.juntadeandalucia.es\/colemediterraneo\/wp-json\/wp\/v2\/pages\/34979\/revisions\/34997"}],"up":[{"embeddable":true,"href":"https:\/\/blogsaverroes.juntadeandalucia.es\/colemediterraneo\/wp-json\/wp\/v2\/pages\/32157"}],"wp:attachment":[{"href":"https:\/\/blogsaverroes.juntadeandalucia.es\/colemediterraneo\/wp-json\/wp\/v2\/media?parent=34979"}],"curies":[{"name":"wp","href":"https:\/\/api.w.org\/{rel}","templated":true}]}}

Taller:  ¿A qué huelen los patios?

<p>&nbsp; El alumnado de infantil de 5 años ha realizado un Taller ofrecido por nuestro Ayuntamiento que se titula «¿A qué huelen los patios?».&nbsp; &nbsp;Con este taller se pretende un acercamiento a esta tradición&nbsp; tan importante en nuestra ciudad.&nbsp; Los niños y niñas han podido valorar&nbsp; y elaborar su propio patio en las aulas.</p>
<p>Aquí os mostramos unas imágenes de estos talleres:</p>
<p style="text-align: center"><a href="https://blogsaverroes.juntadeandalucia.es/colemediterraneo/ed-infantil/taller-a-que-huelen-los-patios/img-20230515-wa0034/" rel="attachment wp-att-34983"><img loading="lazy" decoding="async" class="alignnone size-full wp-image-34983" src="https://blogsaverroes.juntadeandalucia.es/colemediterraneo/files/2023/05/IMG-20230515-WA0034.jpg" alt="" width="700" height="526" srcset="https://blogsaverroes.juntadeandalucia.es/colemediterraneo/files/2023/05/IMG-20230515-WA0034.jpg 700w, https://blogsaverroes.juntadeandalucia.es/colemediterraneo/files/2023/05/IMG-20230515-WA0034-300x225.jpg 300w" sizes="(max-width: 700px) 100vw, 700px" /></a> <a href="https://blogsaverroes.juntadeandalucia.es/colemediterraneo/ed-infantil/taller-a-que-huelen-los-patios/img-20230515-wa0035/" rel="attachment wp-att-34984"><img loading="lazy" decoding="async" class="alignnone size-large wp-image-34984" src="https://blogsaverroes.juntadeandalucia.es/colemediterraneo/files/2023/05/IMG-20230515-WA0035.jpg" alt="" width="700" height="526" srcset="https://blogsaverroes.juntadeandalucia.es/colemediterraneo/files/2023/05/IMG-20230515-WA0035.jpg 700w, https://blogsaverroes.juntadeandalucia.es/colemediterraneo/files/2023/05/IMG-20230515-WA0035-300x225.jpg 300w" sizes="(max-width: 700px) 100vw, 700px" /></a> <a href="https://blogsaverroes.juntadeandalucia.es/colemediterraneo/ed-infantil/taller-a-que-huelen-los-patios/img-20230515-wa0036/" rel="attachment wp-att-34985"><img loading="lazy" decoding="async" class="alignnone size-large wp-image-34985" src="https://blogsaverroes.juntadeandalucia.es/colemediterraneo/files/2023/05/IMG-20230515-WA0036.jpg" alt="" width="700" height="526" srcset="https://blogsaverroes.juntadeandalucia.es/colemediterraneo/files/2023/05/IMG-20230515-WA0036.jpg 700w, https://blogsaverroes.juntadeandalucia.es/colemediterraneo/files/2023/05/IMG-20230515-WA0036-300x225.jpg 300w" sizes="(max-width: 700px) 100vw, 700px" /></a> <a href="https://blogsaverroes.juntadeandalucia.es/colemediterraneo/ed-infantil/taller-a-que-huelen-los-patios/img-20230515-wa0037/" rel="attachment wp-att-34986"><img loading="lazy" decoding="async" class="alignnone size-large wp-image-34986" src="https://blogsaverroes.juntadeandalucia.es/colemediterraneo/files/2023/05/IMG-20230515-WA0037.jpg" alt="" width="526" height="700" srcset="https://blogsaverroes.juntadeandalucia.es/colemediterraneo/files/2023/05/IMG-20230515-WA0037.jpg 526w, https://blogsaverroes.juntadeandalucia.es/colemediterraneo/files/2023/05/IMG-20230515-WA0037-225x300.jpg 225w" sizes="(max-width: 526px) 100vw, 526px" /></a> <a href="https://blogsaverroes.juntadeandalucia.es/colemediterraneo/ed-infantil/taller-a-que-huelen-los-patios/img-20230515-wa0038/" rel="attachment wp-att-34987"><img loading="lazy" decoding="async" class="alignnone size-large wp-image-34987" src="https://blogsaverroes.juntadeandalucia.es/colemediterraneo/files/2023/05/IMG-20230515-WA0038.jpg" alt="" width="700" height="526" srcset="https://blogsaverroes.juntadeandalucia.es/colemediterraneo/files/2023/05/IMG-20230515-WA0038.jpg 700w, https://blogsaverroes.juntadeandalucia.es/colemediterraneo/files/2023/05/IMG-20230515-WA0038-300x225.jpg 300w" sizes="(max-width: 700px) 100vw, 700px" /></a> <a href="https://blogsaverroes.juntadeandalucia.es/colemediterraneo/ed-infantil/taller-a-que-huelen-los-patios/img-20230515-wa0039/" rel="attachment wp-att-34988"><img loading="lazy" decoding="async" class="alignnone size-large wp-image-34988" src="https://blogsaverroes.juntadeandalucia.es/colemediterraneo/files/2023/05/IMG-20230515-WA0039.jpg" alt="" width="700" height="526" srcset="https://blogsaverroes.juntadeandalucia.es/colemediterraneo/files/2023/05/IMG-20230515-WA0039.jpg 700w, https://blogsaverroes.juntadeandalucia.es/colemediterraneo/files/2023/05/IMG-20230515-WA0039-300x225.jpg 300w" sizes="(max-width: 700px) 100vw, 700px" /></a> <a href="https://blogsaverroes.juntadeandalucia.es/colemediterraneo/ed-infantil/taller-a-que-huelen-los-patios/img-20230515-wa0040/" rel="attachment wp-att-34989"><img loading="lazy" decoding="async" class="alignnone size-large wp-image-34989" src="https://blogsaverroes.juntadeandalucia.es/colemediterraneo/files/2023/05/IMG-20230515-WA0040.jpg" alt="" width="526" height="700" srcset="https://blogsaverroes.juntadeandalucia.es/colemediterraneo/files/2023/05/IMG-20230515-WA0040.jpg 526w, https://blogsaverroes.juntadeandalucia.es/colemediterraneo/files/2023/05/IMG-20230515-WA0040-225x300.jpg 225w" sizes="(max-width: 526px) 100vw, 526px" /></a> <a href="https://blogsaverroes.juntadeandalucia.es/colemediterraneo/ed-infantil/taller-a-que-huelen-los-patios/img-20230515-wa0041/" rel="attachment wp-att-34990"><img loading="lazy" decoding="async" class="alignnone size-large wp-image-34990" src="https://blogsaverroes.juntadeandalucia.es/colemediterraneo/files/2023/05/IMG-20230515-WA0041.jpg" alt="" width="700" height="526" srcset="https://blogsaverroes.juntadeandalucia.es/colemediterraneo/files/2023/05/IMG-20230515-WA0041.jpg 700w, https://blogsaverroes.juntadeandalucia.es/colemediterraneo/files/2023/05/IMG-20230515-WA0041-300x225.jpg 300w" sizes="(max-width: 700px) 100vw, 700px" /></a> <a href="https://blogsaverroes.juntadeandalucia.es/colemediterraneo/ed-infantil/taller-a-que-huelen-los-patios/img-20230515-wa0042/" rel="attachment wp-att-34991"><img loading="lazy" decoding="async" class="alignnone size-large wp-image-34991" src="https://blogsaverroes.juntadeandalucia.es/colemediterraneo/files/2023/05/IMG-20230515-WA0042.jpg" alt="" width="526" height="700" srcset="https://blogsaverroes.juntadeandalucia.es/colemediterraneo/files/2023/05/IMG-20230515-WA0042.jpg 526w, https://blogsaverroes.juntadeandalucia.es/colemediterraneo/files/2023/05/IMG-20230515-WA0042-225x300.jpg 225w" sizes="(max-width: 526px) 100vw, 526px" /></a> <a href="https://blogsaverroes.juntadeandalucia.es/colemediterraneo/ed-infantil/taller-a-que-huelen-los-patios/img-20230515-wa0043/" rel="attachment wp-att-34992"><img loading="lazy" decoding="async" class="alignnone size-large wp-image-34992" src="https://blogsaverroes.juntadeandalucia.es/colemediterraneo/files/2023/05/IMG-20230515-WA0043.jpg" alt="" width="526" height="700" srcset="https://blogsaverroes.juntadeandalucia.es/colemediterraneo/files/2023/05/IMG-20230515-WA0043.jpg 526w, https://blogsaverroes.juntadeandalucia.es/colemediterraneo/files/2023/05/IMG-20230515-WA0043-225x300.jpg 225w" sizes="(max-width: 526px) 100vw, 526px" /></a> <a href="https://blogsaverroes.juntadeandalucia.es/colemediterraneo/ed-infantil/taller-a-que-huelen-los-patios/img-20230515-wa0044/" rel="attachment wp-att-34993"><img loading="lazy" decoding="async" class="alignnone size-large wp-image-34993" src="https://blogsaverroes.juntadeandalucia.es/colemediterraneo/files/2023/05/IMG-20230515-WA0044.jpg" alt="" width="526" height="700" srcset="https://blogsaverroes.juntadeandalucia.es/colemediterraneo/files/2023/05/IMG-20230515-WA0044.jpg 526w, https://blogsaverroes.juntadeandalucia.es/colemediterraneo/files/2023/05/IMG-20230515-WA0044-225x300.jpg 225w" sizes="(max-width: 526px) 100vw, 526px" /></a> <a href="https://blogsaverroes.juntadeandalucia.es/colemediterraneo/ed-infantil/taller-a-que-huelen-los-patios/img-20230515-wa0045/" rel="attachment wp-att-34994"><img loading="lazy" decoding="async" class="alignnone size-large wp-image-34994" src="https://blogsaverroes.juntadeandalucia.es/colemediterraneo/files/2023/05/IMG-20230515-WA0045.jpg" alt="" width="700" height="526" srcset="https://blogsaverroes.juntadeandalucia.es/colemediterraneo/files/2023/05/IMG-20230515-WA0045.jpg 700w, https://blogsaverroes.juntadeandalucia.es/colemediterraneo/files/2023/05/IMG-20230515-WA0045-300x225.jpg 300w" sizes="(max-width: 700px) 100vw, 700px" /></a> <a href="https://blogsaverroes.juntadeandalucia.es/colemediterraneo/ed-infantil/taller-a-que-huelen-los-patios/img-20230515-wa0046/" rel="attachment wp-att-34995"><img loading="lazy" decoding="async" class="alignnone size-large wp-image-34995" src="https://blogsaverroes.juntadeandalucia.es/colemediterraneo/files/2023/05/IMG-20230515-WA0046.jpg" alt="" width="526" height="700" srcset="https://blogsaverroes.juntadeandalucia.es/colemediterraneo/files/2023/05/IMG-20230515-WA0046.jpg 526w, https://blogsaverroes.juntadeandalucia.es/colemediterraneo/files/2023/05/IMG-20230515-WA0046-225x300.jpg 225w" sizes="(max-width: 526px) 100vw, 526px" /></a></p>
<p>&nbsp;</p>

<p>&nbsp; El alumnado de infantil de 5 años ha realizado un Taller ofrecido por nuestro Ayuntamiento que se titula «¿A qué huelen los patios?».&nbsp; &nbsp;Con este taller se pretende un acercamiento a esta tradición&nbsp; tan importante en nuestra ciudad.&nbsp; Los niños y niñas han podido valorar&nbsp; y elaborar su propio patio en las aulas. Aquí &hellip; </p>
<p><a class="more-link btn" href="https://blogsaverroes.juntadeandalucia.es/colemediterraneo/cursos-anteriores/curso-2023-2024/ed-infantil/taller-a-que-huelen-los-patios/">Seguir leyendo</a></p>
