{"id":35561,"date":"2023-06-26T16:09:56","date_gmt":"2023-06-26T16:09:56","guid":{"rendered":"https:\/\/blogsaverroes.juntadeandalucia.es\/colemediterraneo\/?page_id=35561"},"modified":"2025-11-16T18:57:42","modified_gmt":"2025-11-16T18:57:42","slug":"plan-linguistico-de-centro","status":"publish","type":"page","link":"https:\/\/blogsaverroes.juntadeandalucia.es\/colemediterraneo\/proyectos-2\/plan-linguistico-de-centro\/","title":{"rendered":"PLAN LING\u00dc\u00cdSTICO DE CENTRO"},"content":{"rendered":"<p>En esta pesta\u00f1a se podr\u00e1 acceder a toda la informaci\u00f3n relativa al PLC del centro.<\/p>\n<p><a href=\"https:\/\/blogsaverroes.juntadeandalucia.es\/colemediterraneo\/plan-linguistico-de-centro\/acta-comision-plc\/\" rel=\"attachment wp-att-35565\">Acta Comisi\u00f3n PLC<\/a><\/p>\n<p><a href=\"https:\/\/blogsaverroes.juntadeandalucia.es\/colemediterraneo\/plan-linguistico-de-centro\/plan_de_actuacion_plc_primer_ano_22_23\/\" rel=\"attachment wp-att-35567\">Plan_de_Actuaci\u00f3n_PLC_Primer_A\u00f1o_22_23<\/a><\/p>\n<p><a href=\"https:\/\/blogsaverroes.juntadeandalucia.es\/colemediterraneo\/plan-linguistico-de-centro\/plantilla-formulario-solicitud-primer-ano-programa-plc-proyecto-inicial-29_09-20_24\/\" rel=\"attachment wp-att-35568\">Plantilla Formulario Solicitud Primer A\u00f1o Programa PLC. Proyecto inicial 29_09 20_24<\/a><\/p>\n","protected":false},"excerpt":{"rendered":"<p>En esta pesta\u00f1a se podr\u00e1 acceder a toda la informaci\u00f3n relativa al PLC del centro. Acta Comisi\u00f3n PLC Plan_de_Actuaci\u00f3n_PLC_Primer_A\u00f1o_22_23 Plantilla Formulario Solicitud Primer A\u00f1o Programa PLC. Proyecto inicial 29_09 20_24<\/p>\n","protected":false},"author":5888,"featured_media":0,"parent":143,"menu_order":14,"comment_status":"closed","ping_status":"closed","template":"","meta":{"ngg_post_thumbnail":0,"footnotes":"","_mc_calendar":[]},"aioseo_notices":[],"post_mailing_queue_ids":[],"_links":{"self":[{"href":"https:\/\/blogsaverroes.juntadeandalucia.es\/colemediterraneo\/wp-json\/wp\/v2\/pages\/35561"}],"collection":[{"href":"https:\/\/blogsaverroes.juntadeandalucia.es\/colemediterraneo\/wp-json\/wp\/v2\/pages"}],"about":[{"href":"https:\/\/blogsaverroes.juntadeandalucia.es\/colemediterraneo\/wp-json\/wp\/v2\/types\/page"}],"author":[{"embeddable":true,"href":"https:\/\/blogsaverroes.juntadeandalucia.es\/colemediterraneo\/wp-json\/wp\/v2\/users\/5888"}],"replies":[{"embeddable":true,"href":"https:\/\/blogsaverroes.juntadeandalucia.es\/colemediterraneo\/wp-json\/wp\/v2\/comments?post=35561"}],"version-history":[{"count":5,"href":"https:\/\/blogsaverroes.juntadeandalucia.es\/colemediterraneo\/wp-json\/wp\/v2\/pages\/35561\/revisions"}],"predecessor-version":[{"id":35569,"href":"https:\/\/blogsaverroes.juntadeandalucia.es\/colemediterraneo\/wp-json\/wp\/v2\/pages\/35561\/revisions\/35569"}],"up":[{"embeddable":true,"href":"https:\/\/blogsaverroes.juntadeandalucia.es\/colemediterraneo\/wp-json\/wp\/v2\/pages\/143"}],"wp:attachment":[{"href":"https:\/\/blogsaverroes.juntadeandalucia.es\/colemediterraneo\/wp-json\/wp\/v2\/media?parent=35561"}],"curies":[{"name":"wp","href":"https:\/\/api.w.org\/{rel}","templated":true}]}}

PLAN LINGÜÍSTICO DE CENTRO

<p>En esta pestaña se podrá acceder a toda la información relativa al PLC del centro.</p>
<p><a href="https://blogsaverroes.juntadeandalucia.es/colemediterraneo/plan-linguistico-de-centro/acta-comision-plc/" rel="attachment wp-att-35565">Acta Comisión PLC</a></p>
<p><a href="https://blogsaverroes.juntadeandalucia.es/colemediterraneo/plan-linguistico-de-centro/plan_de_actuacion_plc_primer_ano_22_23/" rel="attachment wp-att-35567">Plan_de_Actuación_PLC_Primer_Año_22_23</a></p>
<p><a href="https://blogsaverroes.juntadeandalucia.es/colemediterraneo/plan-linguistico-de-centro/plantilla-formulario-solicitud-primer-ano-programa-plc-proyecto-inicial-29_09-20_24/" rel="attachment wp-att-35568">Plantilla Formulario Solicitud Primer Año Programa PLC. Proyecto inicial 29_09 20_24</a></p>

<p>En esta pestaña se podrá acceder a toda la información relativa al PLC del centro. Acta Comisión PLC Plan_de_Actuación_PLC_Primer_Año_22_23 Plantilla Formulario Solicitud Primer Año Programa PLC. Proyecto inicial 29_09 20_24</p>
