{"id":36733,"date":"2024-01-26T10:35:24","date_gmt":"2024-01-26T10:35:24","guid":{"rendered":"https:\/\/blogsaverroes.juntadeandalucia.es\/colemediterraneo\/?page_id=36733"},"modified":"2024-05-02T09:21:11","modified_gmt":"2024-05-02T09:21:11","slug":"participamos-en-el-concurso-covap","status":"publish","type":"page","link":"https:\/\/blogsaverroes.juntadeandalucia.es\/colemediterraneo\/cursos-anteriores\/curso-2023-2024-2\/a-nivel-de-centro-2\/2o-trimestre\/participamos-en-el-concurso-covap\/","title":{"rendered":"Participamos en el concurso COVAP"},"content":{"rendered":"<p style=\"text-align: left\">Un a\u00f1o m\u00e1s, nuestro Centro participa en el concurso de Reciclaje de COVAP. En este concurso, reciclamos envases de esta marca cordobesa para realizar un trabajo colaborativo que entra en concurso. y que consiste en decorar una gran VACA con los envases de esta marca cordobesa.&nbsp; Gracias a los voluntarios y voluntarias que han dedicado parte de su tiempo de recreo a esta bonita labor. Os mostramos el resultado aqu\u00ed de nuestra vaca de este a\u00f1o que no pod\u00eda ser de otra manera que no fuese \u00abUna vaca marinera\u00bb:<\/p>\n<p><img loading=\"lazy\" decoding=\"async\" class=\"alignnone size-large wp-image-36757 aligncenter\" src=\"https:\/\/blogsaverroes.juntadeandalucia.es\/colemediterraneo\/files\/2024\/01\/20240124_131809-498x1024.jpg\" alt=\"\" width=\"498\" height=\"1024\" srcset=\"https:\/\/blogsaverroes.juntadeandalucia.es\/colemediterraneo\/files\/2024\/01\/20240124_131809-498x1024.jpg 498w, https:\/\/blogsaverroes.juntadeandalucia.es\/colemediterraneo\/files\/2024\/01\/20240124_131809-146x300.jpg 146w, https:\/\/blogsaverroes.juntadeandalucia.es\/colemediterraneo\/files\/2024\/01\/20240124_131809-768x1580.jpg 768w, https:\/\/blogsaverroes.juntadeandalucia.es\/colemediterraneo\/files\/2024\/01\/20240124_131809-747x1536.jpg 747w, https:\/\/blogsaverroes.juntadeandalucia.es\/colemediterraneo\/files\/2024\/01\/20240124_131809-996x2048.jpg 996w, https:\/\/blogsaverroes.juntadeandalucia.es\/colemediterraneo\/files\/2024\/01\/20240124_131809-scaled.jpg 778w\" sizes=\"(max-width: 498px) 100vw, 498px\" \/> <img loading=\"lazy\" decoding=\"async\" class=\"alignnone size-large wp-image-36758 aligncenter\" src=\"https:\/\/blogsaverroes.juntadeandalucia.es\/colemediterraneo\/files\/2024\/01\/20240124_131817-1024x498.jpg\" alt=\"\" width=\"782\" height=\"380\" srcset=\"https:\/\/blogsaverroes.juntadeandalucia.es\/colemediterraneo\/files\/2024\/01\/20240124_131817-1024x498.jpg 1024w, https:\/\/blogsaverroes.juntadeandalucia.es\/colemediterraneo\/files\/2024\/01\/20240124_131817-300x146.jpg 300w, https:\/\/blogsaverroes.juntadeandalucia.es\/colemediterraneo\/files\/2024\/01\/20240124_131817-768x373.jpg 768w, https:\/\/blogsaverroes.juntadeandalucia.es\/colemediterraneo\/files\/2024\/01\/20240124_131817-1536x747.jpg 1536w, https:\/\/blogsaverroes.juntadeandalucia.es\/colemediterraneo\/files\/2024\/01\/20240124_131817-2048x996.jpg 2048w, https:\/\/blogsaverroes.juntadeandalucia.es\/colemediterraneo\/files\/2024\/01\/20240124_131817-scaled.jpg 1600w\" sizes=\"(max-width: 782px) 100vw, 782px\" \/> <img loading=\"lazy\" decoding=\"async\" class=\"alignnone size-large wp-image-36759 aligncenter\" src=\"https:\/\/blogsaverroes.juntadeandalucia.es\/colemediterraneo\/files\/2024\/01\/20240124_131821-498x1024.jpg\" alt=\"\" width=\"498\" height=\"1024\" srcset=\"https:\/\/blogsaverroes.juntadeandalucia.es\/colemediterraneo\/files\/2024\/01\/20240124_131821-498x1024.jpg 498w, https:\/\/blogsaverroes.juntadeandalucia.es\/colemediterraneo\/files\/2024\/01\/20240124_131821-146x300.jpg 146w, https:\/\/blogsaverroes.juntadeandalucia.es\/colemediterraneo\/files\/2024\/01\/20240124_131821-768x1580.jpg 768w, https:\/\/blogsaverroes.juntadeandalucia.es\/colemediterraneo\/files\/2024\/01\/20240124_131821-747x1536.jpg 747w, https:\/\/blogsaverroes.juntadeandalucia.es\/colemediterraneo\/files\/2024\/01\/20240124_131821-996x2048.jpg 996w, https:\/\/blogsaverroes.juntadeandalucia.es\/colemediterraneo\/files\/2024\/01\/20240124_131821-scaled.jpg 778w\" sizes=\"(max-width: 498px) 100vw, 498px\" \/> <img loading=\"lazy\" decoding=\"async\" class=\"alignnone size-large wp-image-36760 aligncenter\" src=\"https:\/\/blogsaverroes.juntadeandalucia.es\/colemediterraneo\/files\/2024\/01\/20240124_131941-1024x498.jpg\" alt=\"\" width=\"782\" height=\"380\" srcset=\"https:\/\/blogsaverroes.juntadeandalucia.es\/colemediterraneo\/files\/2024\/01\/20240124_131941-1024x498.jpg 1024w, https:\/\/blogsaverroes.juntadeandalucia.es\/colemediterraneo\/files\/2024\/01\/20240124_131941-300x146.jpg 300w, https:\/\/blogsaverroes.juntadeandalucia.es\/colemediterraneo\/files\/2024\/01\/20240124_131941-768x373.jpg 768w, https:\/\/blogsaverroes.juntadeandalucia.es\/colemediterraneo\/files\/2024\/01\/20240124_131941-1536x747.jpg 1536w, https:\/\/blogsaverroes.juntadeandalucia.es\/colemediterraneo\/files\/2024\/01\/20240124_131941-2048x996.jpg 2048w, https:\/\/blogsaverroes.juntadeandalucia.es\/colemediterraneo\/files\/2024\/01\/20240124_131941-scaled.jpg 1600w\" sizes=\"(max-width: 782px) 100vw, 782px\" \/> <img loading=\"lazy\" decoding=\"async\" class=\"alignnone size-large wp-image-36761 aligncenter\" src=\"https:\/\/blogsaverroes.juntadeandalucia.es\/colemediterraneo\/files\/2024\/01\/20240124_134529-1024x498.jpg\" alt=\"\" width=\"782\" height=\"380\" srcset=\"https:\/\/blogsaverroes.juntadeandalucia.es\/colemediterraneo\/files\/2024\/01\/20240124_134529-1024x498.jpg 1024w, https:\/\/blogsaverroes.juntadeandalucia.es\/colemediterraneo\/files\/2024\/01\/20240124_134529-300x146.jpg 300w, https:\/\/blogsaverroes.juntadeandalucia.es\/colemediterraneo\/files\/2024\/01\/20240124_134529-768x373.jpg 768w, https:\/\/blogsaverroes.juntadeandalucia.es\/colemediterraneo\/files\/2024\/01\/20240124_134529-1536x747.jpg 1536w, https:\/\/blogsaverroes.juntadeandalucia.es\/colemediterraneo\/files\/2024\/01\/20240124_134529-2048x996.jpg 2048w, https:\/\/blogsaverroes.juntadeandalucia.es\/colemediterraneo\/files\/2024\/01\/20240124_134529-scaled.jpg 1600w\" sizes=\"(max-width: 782px) 100vw, 782px\" \/> <img loading=\"lazy\" decoding=\"async\" class=\"alignnone size-large wp-image-36762 aligncenter\" src=\"https:\/\/blogsaverroes.juntadeandalucia.es\/colemediterraneo\/files\/2024\/01\/20240124_140045-1024x498.jpg\" alt=\"\" width=\"782\" height=\"380\" srcset=\"https:\/\/blogsaverroes.juntadeandalucia.es\/colemediterraneo\/files\/2024\/01\/20240124_140045-1024x498.jpg 1024w, https:\/\/blogsaverroes.juntadeandalucia.es\/colemediterraneo\/files\/2024\/01\/20240124_140045-300x146.jpg 300w, https:\/\/blogsaverroes.juntadeandalucia.es\/colemediterraneo\/files\/2024\/01\/20240124_140045-768x373.jpg 768w, https:\/\/blogsaverroes.juntadeandalucia.es\/colemediterraneo\/files\/2024\/01\/20240124_140045-1536x747.jpg 1536w, https:\/\/blogsaverroes.juntadeandalucia.es\/colemediterraneo\/files\/2024\/01\/20240124_140045-2048x996.jpg 2048w, https:\/\/blogsaverroes.juntadeandalucia.es\/colemediterraneo\/files\/2024\/01\/20240124_140045-scaled.jpg 1600w\" sizes=\"(max-width: 782px) 100vw, 782px\" \/> <img loading=\"lazy\" decoding=\"async\" class=\"alignnone size-large wp-image-36763 aligncenter\" src=\"https:\/\/blogsaverroes.juntadeandalucia.es\/colemediterraneo\/files\/2024\/01\/20240124_140557-1024x498.jpg\" alt=\"\" width=\"782\" height=\"380\" srcset=\"https:\/\/blogsaverroes.juntadeandalucia.es\/colemediterraneo\/files\/2024\/01\/20240124_140557-1024x498.jpg 1024w, https:\/\/blogsaverroes.juntadeandalucia.es\/colemediterraneo\/files\/2024\/01\/20240124_140557-300x146.jpg 300w, https:\/\/blogsaverroes.juntadeandalucia.es\/colemediterraneo\/files\/2024\/01\/20240124_140557-768x373.jpg 768w, https:\/\/blogsaverroes.juntadeandalucia.es\/colemediterraneo\/files\/2024\/01\/20240124_140557-1536x747.jpg 1536w, https:\/\/blogsaverroes.juntadeandalucia.es\/colemediterraneo\/files\/2024\/01\/20240124_140557-2048x996.jpg 2048w, https:\/\/blogsaverroes.juntadeandalucia.es\/colemediterraneo\/files\/2024\/01\/20240124_140557-scaled.jpg 1600w\" sizes=\"(max-width: 782px) 100vw, 782px\" \/> <img loading=\"lazy\" decoding=\"async\" class=\"alignnone size-large wp-image-36764 aligncenter\" src=\"https:\/\/blogsaverroes.juntadeandalucia.es\/colemediterraneo\/files\/2024\/01\/20240124_140623-1024x711.jpg\" alt=\"\" width=\"782\" height=\"543\" srcset=\"https:\/\/blogsaverroes.juntadeandalucia.es\/colemediterraneo\/files\/2024\/01\/20240124_140623-1024x711.jpg 1024w, https:\/\/blogsaverroes.juntadeandalucia.es\/colemediterraneo\/files\/2024\/01\/20240124_140623-300x208.jpg 300w, https:\/\/blogsaverroes.juntadeandalucia.es\/colemediterraneo\/files\/2024\/01\/20240124_140623-768x533.jpg 768w, https:\/\/blogsaverroes.juntadeandalucia.es\/colemediterraneo\/files\/2024\/01\/20240124_140623-1536x1067.jpg 1536w, https:\/\/blogsaverroes.juntadeandalucia.es\/colemediterraneo\/files\/2024\/01\/20240124_140623-2048x1422.jpg 2048w, https:\/\/blogsaverroes.juntadeandalucia.es\/colemediterraneo\/files\/2024\/01\/20240124_140623-scaled.jpg 1600w\" sizes=\"(max-width: 782px) 100vw, 782px\" \/> <img loading=\"lazy\" decoding=\"async\" class=\"alignnone size-large wp-image-36765 aligncenter\" src=\"https:\/\/blogsaverroes.juntadeandalucia.es\/colemediterraneo\/files\/2024\/01\/20240125_135208-498x1024.jpg\" alt=\"\" width=\"498\" height=\"1024\" srcset=\"https:\/\/blogsaverroes.juntadeandalucia.es\/colemediterraneo\/files\/2024\/01\/20240125_135208-498x1024.jpg 498w, https:\/\/blogsaverroes.juntadeandalucia.es\/colemediterraneo\/files\/2024\/01\/20240125_135208-146x300.jpg 146w, https:\/\/blogsaverroes.juntadeandalucia.es\/colemediterraneo\/files\/2024\/01\/20240125_135208-768x1580.jpg 768w, https:\/\/blogsaverroes.juntadeandalucia.es\/colemediterraneo\/files\/2024\/01\/20240125_135208-747x1536.jpg 747w, https:\/\/blogsaverroes.juntadeandalucia.es\/colemediterraneo\/files\/2024\/01\/20240125_135208-996x2048.jpg 996w, https:\/\/blogsaverroes.juntadeandalucia.es\/colemediterraneo\/files\/2024\/01\/20240125_135208-scaled.jpg 778w\" sizes=\"(max-width: 498px) 100vw, 498px\" \/> <img loading=\"lazy\" decoding=\"async\" class=\"alignnone size-large wp-image-36766 aligncenter\" src=\"https:\/\/blogsaverroes.juntadeandalucia.es\/colemediterraneo\/files\/2024\/01\/20240125_135217-498x1024.jpg\" alt=\"\" width=\"498\" height=\"1024\" srcset=\"https:\/\/blogsaverroes.juntadeandalucia.es\/colemediterraneo\/files\/2024\/01\/20240125_135217-498x1024.jpg 498w, https:\/\/blogsaverroes.juntadeandalucia.es\/colemediterraneo\/files\/2024\/01\/20240125_135217-146x300.jpg 146w, https:\/\/blogsaverroes.juntadeandalucia.es\/colemediterraneo\/files\/2024\/01\/20240125_135217-768x1580.jpg 768w, https:\/\/blogsaverroes.juntadeandalucia.es\/colemediterraneo\/files\/2024\/01\/20240125_135217-747x1536.jpg 747w, https:\/\/blogsaverroes.juntadeandalucia.es\/colemediterraneo\/files\/2024\/01\/20240125_135217-996x2048.jpg 996w, https:\/\/blogsaverroes.juntadeandalucia.es\/colemediterraneo\/files\/2024\/01\/20240125_135217-scaled.jpg 778w\" sizes=\"(max-width: 498px) 100vw, 498px\" \/> <img loading=\"lazy\" decoding=\"async\" class=\"alignnone size-large wp-image-36767 aligncenter\" src=\"https:\/\/blogsaverroes.juntadeandalucia.es\/colemediterraneo\/files\/2024\/01\/20240125_162010-618x1024.jpg\" alt=\"\" width=\"618\" height=\"1024\" srcset=\"https:\/\/blogsaverroes.juntadeandalucia.es\/colemediterraneo\/files\/2024\/01\/20240125_162010-618x1024.jpg 618w, https:\/\/blogsaverroes.juntadeandalucia.es\/colemediterraneo\/files\/2024\/01\/20240125_162010-181x300.jpg 181w, https:\/\/blogsaverroes.juntadeandalucia.es\/colemediterraneo\/files\/2024\/01\/20240125_162010-768x1272.jpg 768w, https:\/\/blogsaverroes.juntadeandalucia.es\/colemediterraneo\/files\/2024\/01\/20240125_162010-927x1536.jpg 927w, https:\/\/blogsaverroes.juntadeandalucia.es\/colemediterraneo\/files\/2024\/01\/20240125_162010-1236x2048.jpg 1236w, https:\/\/blogsaverroes.juntadeandalucia.es\/colemediterraneo\/files\/2024\/01\/20240125_162010-scaled.jpg 966w\" sizes=\"(max-width: 618px) 100vw, 618px\" \/> <img loading=\"lazy\" decoding=\"async\" class=\"alignnone size-large wp-image-36768 aligncenter\" src=\"https:\/\/blogsaverroes.juntadeandalucia.es\/colemediterraneo\/files\/2024\/01\/20240125_162036-1024x551.jpg\" alt=\"\" width=\"782\" height=\"421\" srcset=\"https:\/\/blogsaverroes.juntadeandalucia.es\/colemediterraneo\/files\/2024\/01\/20240125_162036-1024x551.jpg 1024w, https:\/\/blogsaverroes.juntadeandalucia.es\/colemediterraneo\/files\/2024\/01\/20240125_162036-300x162.jpg 300w, https:\/\/blogsaverroes.juntadeandalucia.es\/colemediterraneo\/files\/2024\/01\/20240125_162036-768x414.jpg 768w, https:\/\/blogsaverroes.juntadeandalucia.es\/colemediterraneo\/files\/2024\/01\/20240125_162036-1536x827.jpg 1536w, https:\/\/blogsaverroes.juntadeandalucia.es\/colemediterraneo\/files\/2024\/01\/20240125_162036-2048x1103.jpg 2048w, https:\/\/blogsaverroes.juntadeandalucia.es\/colemediterraneo\/files\/2024\/01\/20240125_162036-scaled.jpg 1600w\" sizes=\"(max-width: 782px) 100vw, 782px\" \/> <img loading=\"lazy\" decoding=\"async\" class=\"alignnone size-large wp-image-36769 aligncenter\" src=\"https:\/\/blogsaverroes.juntadeandalucia.es\/colemediterraneo\/files\/2024\/01\/20240126_111019-498x1024.jpg\" alt=\"\" width=\"498\" height=\"1024\" srcset=\"https:\/\/blogsaverroes.juntadeandalucia.es\/colemediterraneo\/files\/2024\/01\/20240126_111019-498x1024.jpg 498w, https:\/\/blogsaverroes.juntadeandalucia.es\/colemediterraneo\/files\/2024\/01\/20240126_111019-146x300.jpg 146w, https:\/\/blogsaverroes.juntadeandalucia.es\/colemediterraneo\/files\/2024\/01\/20240126_111019-768x1580.jpg 768w, https:\/\/blogsaverroes.juntadeandalucia.es\/colemediterraneo\/files\/2024\/01\/20240126_111019-747x1536.jpg 747w, https:\/\/blogsaverroes.juntadeandalucia.es\/colemediterraneo\/files\/2024\/01\/20240126_111019-996x2048.jpg 996w, https:\/\/blogsaverroes.juntadeandalucia.es\/colemediterraneo\/files\/2024\/01\/20240126_111019-scaled.jpg 778w\" sizes=\"(max-width: 498px) 100vw, 498px\" \/> <img loading=\"lazy\" decoding=\"async\" class=\"alignnone size-large wp-image-36770 aligncenter\" src=\"https:\/\/blogsaverroes.juntadeandalucia.es\/colemediterraneo\/files\/2024\/01\/20240126_111547-576x1024.jpg\" alt=\"\" width=\"576\" height=\"1024\" srcset=\"https:\/\/blogsaverroes.juntadeandalucia.es\/colemediterraneo\/files\/2024\/01\/20240126_111547-576x1024.jpg 576w, https:\/\/blogsaverroes.juntadeandalucia.es\/colemediterraneo\/files\/2024\/01\/20240126_111547-169x300.jpg 169w, https:\/\/blogsaverroes.juntadeandalucia.es\/colemediterraneo\/files\/2024\/01\/20240126_111547-768x1366.jpg 768w, https:\/\/blogsaverroes.juntadeandalucia.es\/colemediterraneo\/files\/2024\/01\/20240126_111547-864x1536.jpg 864w, https:\/\/blogsaverroes.juntadeandalucia.es\/colemediterraneo\/files\/2024\/01\/20240126_111547-1152x2048.jpg 1152w, https:\/\/blogsaverroes.juntadeandalucia.es\/colemediterraneo\/files\/2024\/01\/20240126_111547-scaled.jpg 900w\" sizes=\"(max-width: 576px) 100vw, 576px\" \/> <img loading=\"lazy\" decoding=\"async\" class=\"alignnone size-large wp-image-36771 aligncenter\" src=\"https:\/\/blogsaverroes.juntadeandalucia.es\/colemediterraneo\/files\/2024\/01\/20240126_111613-576x1024.jpg\" alt=\"\" width=\"576\" height=\"1024\" srcset=\"https:\/\/blogsaverroes.juntadeandalucia.es\/colemediterraneo\/files\/2024\/01\/20240126_111613-576x1024.jpg 576w, https:\/\/blogsaverroes.juntadeandalucia.es\/colemediterraneo\/files\/2024\/01\/20240126_111613-169x300.jpg 169w, https:\/\/blogsaverroes.juntadeandalucia.es\/colemediterraneo\/files\/2024\/01\/20240126_111613-768x1366.jpg 768w, https:\/\/blogsaverroes.juntadeandalucia.es\/colemediterraneo\/files\/2024\/01\/20240126_111613-863x1536.jpg 863w, https:\/\/blogsaverroes.juntadeandalucia.es\/colemediterraneo\/files\/2024\/01\/20240126_111613-1151x2048.jpg 1151w, https:\/\/blogsaverroes.juntadeandalucia.es\/colemediterraneo\/files\/2024\/01\/20240126_111613-scaled.jpg 899w\" sizes=\"(max-width: 576px) 100vw, 576px\" \/> <img loading=\"lazy\" decoding=\"async\" class=\"alignnone size-large wp-image-36772 aligncenter\" src=\"https:\/\/blogsaverroes.juntadeandalucia.es\/colemediterraneo\/files\/2024\/01\/IMG-20240123-WA0018-461x1024.jpg\" alt=\"\" width=\"461\" height=\"1024\" srcset=\"https:\/\/blogsaverroes.juntadeandalucia.es\/colemediterraneo\/files\/2024\/01\/IMG-20240123-WA0018-461x1024.jpg 461w, https:\/\/blogsaverroes.juntadeandalucia.es\/colemediterraneo\/files\/2024\/01\/IMG-20240123-WA0018-135x300.jpg 135w, https:\/\/blogsaverroes.juntadeandalucia.es\/colemediterraneo\/files\/2024\/01\/IMG-20240123-WA0018-691x1536.jpg 691w, https:\/\/blogsaverroes.juntadeandalucia.es\/colemediterraneo\/files\/2024\/01\/IMG-20240123-WA0018.jpg 720w\" sizes=\"(max-width: 461px) 100vw, 461px\" \/> <img loading=\"lazy\" decoding=\"async\" class=\"alignnone size-large wp-image-36773 aligncenter\" src=\"https:\/\/blogsaverroes.juntadeandalucia.es\/colemediterraneo\/files\/2024\/01\/IMG-20240123-WA0019-461x1024.jpg\" alt=\"\" width=\"461\" height=\"1024\" srcset=\"https:\/\/blogsaverroes.juntadeandalucia.es\/colemediterraneo\/files\/2024\/01\/IMG-20240123-WA0019-461x1024.jpg 461w, https:\/\/blogsaverroes.juntadeandalucia.es\/colemediterraneo\/files\/2024\/01\/IMG-20240123-WA0019-135x300.jpg 135w, https:\/\/blogsaverroes.juntadeandalucia.es\/colemediterraneo\/files\/2024\/01\/IMG-20240123-WA0019-691x1536.jpg 691w, https:\/\/blogsaverroes.juntadeandalucia.es\/colemediterraneo\/files\/2024\/01\/IMG-20240123-WA0019.jpg 720w\" sizes=\"(max-width: 461px) 100vw, 461px\" \/><\/p>\n","protected":false},"excerpt":{"rendered":"<p>Un a\u00f1o m\u00e1s, nuestro Centro participa en el concurso de Reciclaje de COVAP. En este concurso, reciclamos envases de esta marca cordobesa para realizar un trabajo colaborativo que entra en concurso. y que consiste en decorar una gran VACA con los envases de esta marca cordobesa.&nbsp; Gracias a los voluntarios y voluntarias que han dedicado &hellip; <\/p>\n<p><a class=\"more-link btn\" href=\"https:\/\/blogsaverroes.juntadeandalucia.es\/colemediterraneo\/cursos-anteriores\/curso-2023-2024-2\/a-nivel-de-centro-2\/2o-trimestre\/participamos-en-el-concurso-covap\/\">Seguir leyendo<\/a><\/p>\n","protected":false},"author":5888,"featured_media":0,"parent":37387,"menu_order":0,"comment_status":"closed","ping_status":"closed","template":"","meta":{"ngg_post_thumbnail":0,"footnotes":"","_mc_calendar":[]},"aioseo_notices":[],"post_mailing_queue_ids":[],"_links":{"self":[{"href":"https:\/\/blogsaverroes.juntadeandalucia.es\/colemediterraneo\/wp-json\/wp\/v2\/pages\/36733"}],"collection":[{"href":"https:\/\/blogsaverroes.juntadeandalucia.es\/colemediterraneo\/wp-json\/wp\/v2\/pages"}],"about":[{"href":"https:\/\/blogsaverroes.juntadeandalucia.es\/colemediterraneo\/wp-json\/wp\/v2\/types\/page"}],"author":[{"embeddable":true,"href":"https:\/\/blogsaverroes.juntadeandalucia.es\/colemediterraneo\/wp-json\/wp\/v2\/users\/5888"}],"replies":[{"embeddable":true,"href":"https:\/\/blogsaverroes.juntadeandalucia.es\/colemediterraneo\/wp-json\/wp\/v2\/comments?post=36733"}],"version-history":[{"count":4,"href":"https:\/\/blogsaverroes.juntadeandalucia.es\/colemediterraneo\/wp-json\/wp\/v2\/pages\/36733\/revisions"}],"predecessor-version":[{"id":36775,"href":"https:\/\/blogsaverroes.juntadeandalucia.es\/colemediterraneo\/wp-json\/wp\/v2\/pages\/36733\/revisions\/36775"}],"up":[{"embeddable":true,"href":"https:\/\/blogsaverroes.juntadeandalucia.es\/colemediterraneo\/wp-json\/wp\/v2\/pages\/37387"}],"wp:attachment":[{"href":"https:\/\/blogsaverroes.juntadeandalucia.es\/colemediterraneo\/wp-json\/wp\/v2\/media?parent=36733"}],"curies":[{"name":"wp","href":"https:\/\/api.w.org\/{rel}","templated":true}]}}