{"id":37885,"date":"2025-04-03T09:31:21","date_gmt":"2025-04-03T09:31:21","guid":{"rendered":"https:\/\/blogsaverroes.juntadeandalucia.es\/colemediterraneo\/?page_id=37885"},"modified":"2025-11-08T21:02:25","modified_gmt":"2025-11-08T21:02:25","slug":"2-de-abril-dia-mundial-de-concienciacion-sobre-el-autismo","status":"publish","type":"page","link":"https:\/\/blogsaverroes.juntadeandalucia.es\/colemediterraneo\/cursos-anteriores\/curso-2024-2025\/2-de-abril-dia-mundial-de-concienciacion-sobre-el-autismo\/","title":{"rendered":"2 de abril: D\u00eda mundial de concienciaci\u00f3n sobre el Autismo"},"content":{"rendered":"<p>Un a\u00f1o m\u00e1s desde el CEIP Mediterr\u00e1neo hemos querido dar visibilidad al colectivo cada vez m\u00e1s numeroso con TEA (trastorno del espectro autista).&nbsp; En todas las aulas se han proyectado v\u00eddeos explicativos de sensibilizaci\u00f3n hacia el tema.&nbsp; Tambi\u00e9n se han hecho explicaciones y debates sobre el mismo as\u00ed como cartas a nuestros compa\u00f1eros\/as del aula TEA.<\/p>\n<p>Tambi\u00e9n se han preparado varios photocall en las puertas del centro. Aqu\u00ed os mostramos unas im\u00e1genes:<\/p>\n<p style=\"text-align: center\"><img loading=\"lazy\" decoding=\"async\" class=\"alignnone size-large wp-image-37887\" src=\"https:\/\/blogsaverroes.juntadeandalucia.es\/colemediterraneo\/files\/2025\/04\/20250402_084628-498x1024.jpg\" alt=\"\" width=\"498\" height=\"1024\" srcset=\"https:\/\/blogsaverroes.juntadeandalucia.es\/colemediterraneo\/files\/2025\/04\/20250402_084628-498x1024.jpg 498w, https:\/\/blogsaverroes.juntadeandalucia.es\/colemediterraneo\/files\/2025\/04\/20250402_084628-146x300.jpg 146w, https:\/\/blogsaverroes.juntadeandalucia.es\/colemediterraneo\/files\/2025\/04\/20250402_084628-768x1580.jpg 768w, https:\/\/blogsaverroes.juntadeandalucia.es\/colemediterraneo\/files\/2025\/04\/20250402_084628-747x1536.jpg 747w, https:\/\/blogsaverroes.juntadeandalucia.es\/colemediterraneo\/files\/2025\/04\/20250402_084628-996x2048.jpg 996w, https:\/\/blogsaverroes.juntadeandalucia.es\/colemediterraneo\/files\/2025\/04\/20250402_084628-rotated.jpg 778w\" sizes=\"(max-width: 498px) 100vw, 498px\" \/> <img loading=\"lazy\" decoding=\"async\" class=\"alignnone size-large wp-image-37888\" src=\"https:\/\/blogsaverroes.juntadeandalucia.es\/colemediterraneo\/files\/2025\/04\/IMG-20250402-WA0018-657x1024.jpg\" alt=\"\" width=\"657\" height=\"1024\" srcset=\"https:\/\/blogsaverroes.juntadeandalucia.es\/colemediterraneo\/files\/2025\/04\/IMG-20250402-WA0018-657x1024.jpg 657w, https:\/\/blogsaverroes.juntadeandalucia.es\/colemediterraneo\/files\/2025\/04\/IMG-20250402-WA0018-192x300.jpg 192w, https:\/\/blogsaverroes.juntadeandalucia.es\/colemediterraneo\/files\/2025\/04\/IMG-20250402-WA0018-768x1198.jpg 768w, https:\/\/blogsaverroes.juntadeandalucia.es\/colemediterraneo\/files\/2025\/04\/IMG-20250402-WA0018-985x1536.jpg 985w, https:\/\/blogsaverroes.juntadeandalucia.es\/colemediterraneo\/files\/2025\/04\/IMG-20250402-WA0018.jpg 1026w\" sizes=\"(max-width: 657px) 100vw, 657px\" \/> <img loading=\"lazy\" decoding=\"async\" class=\"alignnone size-large wp-image-37889\" src=\"https:\/\/blogsaverroes.juntadeandalucia.es\/colemediterraneo\/files\/2025\/04\/IMG-20250402-WA0019-633x1024.jpg\" alt=\"\" width=\"633\" height=\"1024\" srcset=\"https:\/\/blogsaverroes.juntadeandalucia.es\/colemediterraneo\/files\/2025\/04\/IMG-20250402-WA0019-633x1024.jpg 633w, https:\/\/blogsaverroes.juntadeandalucia.es\/colemediterraneo\/files\/2025\/04\/IMG-20250402-WA0019-185x300.jpg 185w, https:\/\/blogsaverroes.juntadeandalucia.es\/colemediterraneo\/files\/2025\/04\/IMG-20250402-WA0019-768x1243.jpg 768w, https:\/\/blogsaverroes.juntadeandalucia.es\/colemediterraneo\/files\/2025\/04\/IMG-20250402-WA0019-949x1536.jpg 949w, https:\/\/blogsaverroes.juntadeandalucia.es\/colemediterraneo\/files\/2025\/04\/IMG-20250402-WA0019.jpg 988w\" sizes=\"(max-width: 633px) 100vw, 633px\" \/> <img loading=\"lazy\" decoding=\"async\" class=\"alignnone size-large wp-image-37890\" src=\"https:\/\/blogsaverroes.juntadeandalucia.es\/colemediterraneo\/files\/2025\/04\/IMG-20250402-WA0020-679x1024.jpg\" alt=\"\" width=\"679\" height=\"1024\" srcset=\"https:\/\/blogsaverroes.juntadeandalucia.es\/colemediterraneo\/files\/2025\/04\/IMG-20250402-WA0020-679x1024.jpg 679w, https:\/\/blogsaverroes.juntadeandalucia.es\/colemediterraneo\/files\/2025\/04\/IMG-20250402-WA0020-199x300.jpg 199w, https:\/\/blogsaverroes.juntadeandalucia.es\/colemediterraneo\/files\/2025\/04\/IMG-20250402-WA0020-768x1157.jpg 768w, https:\/\/blogsaverroes.juntadeandalucia.es\/colemediterraneo\/files\/2025\/04\/IMG-20250402-WA0020-1019x1536.jpg 1019w, https:\/\/blogsaverroes.juntadeandalucia.es\/colemediterraneo\/files\/2025\/04\/IMG-20250402-WA0020.jpg 1061w\" sizes=\"(max-width: 679px) 100vw, 679px\" \/> <img loading=\"lazy\" decoding=\"async\" class=\"alignnone size-large wp-image-37891\" src=\"https:\/\/blogsaverroes.juntadeandalucia.es\/colemediterraneo\/files\/2025\/04\/IMG-20250402-WA0022-768x1024.jpg\" alt=\"\" width=\"768\" height=\"1024\" srcset=\"https:\/\/blogsaverroes.juntadeandalucia.es\/colemediterraneo\/files\/2025\/04\/IMG-20250402-WA0022-768x1024.jpg 768w, https:\/\/blogsaverroes.juntadeandalucia.es\/colemediterraneo\/files\/2025\/04\/IMG-20250402-WA0022-225x300.jpg 225w, https:\/\/blogsaverroes.juntadeandalucia.es\/colemediterraneo\/files\/2025\/04\/IMG-20250402-WA0022-1152x1536.jpg 1152w, https:\/\/blogsaverroes.juntadeandalucia.es\/colemediterraneo\/files\/2025\/04\/IMG-20250402-WA0022.jpg 1200w\" sizes=\"(max-width: 768px) 100vw, 768px\" \/> <img loading=\"lazy\" decoding=\"async\" class=\"alignnone size-large wp-image-37892\" src=\"https:\/\/blogsaverroes.juntadeandalucia.es\/colemediterraneo\/files\/2025\/04\/IMG-20250402-WA0026-1024x766.jpg\" alt=\"\" width=\"782\" height=\"585\" srcset=\"https:\/\/blogsaverroes.juntadeandalucia.es\/colemediterraneo\/files\/2025\/04\/IMG-20250402-WA0026-1024x766.jpg 1024w, https:\/\/blogsaverroes.juntadeandalucia.es\/colemediterraneo\/files\/2025\/04\/IMG-20250402-WA0026-300x224.jpg 300w, https:\/\/blogsaverroes.juntadeandalucia.es\/colemediterraneo\/files\/2025\/04\/IMG-20250402-WA0026-768x575.jpg 768w, https:\/\/blogsaverroes.juntadeandalucia.es\/colemediterraneo\/files\/2025\/04\/IMG-20250402-WA0026-1536x1149.jpg 1536w, https:\/\/blogsaverroes.juntadeandalucia.es\/colemediterraneo\/files\/2025\/04\/IMG-20250402-WA0026.jpg 1600w\" sizes=\"(max-width: 782px) 100vw, 782px\" \/> <img loading=\"lazy\" decoding=\"async\" class=\"alignnone size-large wp-image-37893\" src=\"https:\/\/blogsaverroes.juntadeandalucia.es\/colemediterraneo\/files\/2025\/04\/IMG-20250402-WA0027-1024x766.jpg\" alt=\"\" width=\"782\" height=\"585\" srcset=\"https:\/\/blogsaverroes.juntadeandalucia.es\/colemediterraneo\/files\/2025\/04\/IMG-20250402-WA0027-1024x766.jpg 1024w, https:\/\/blogsaverroes.juntadeandalucia.es\/colemediterraneo\/files\/2025\/04\/IMG-20250402-WA0027-300x224.jpg 300w, https:\/\/blogsaverroes.juntadeandalucia.es\/colemediterraneo\/files\/2025\/04\/IMG-20250402-WA0027-768x575.jpg 768w, https:\/\/blogsaverroes.juntadeandalucia.es\/colemediterraneo\/files\/2025\/04\/IMG-20250402-WA0027-1536x1149.jpg 1536w, https:\/\/blogsaverroes.juntadeandalucia.es\/colemediterraneo\/files\/2025\/04\/IMG-20250402-WA0027.jpg 1600w\" sizes=\"(max-width: 782px) 100vw, 782px\" \/> <img loading=\"lazy\" decoding=\"async\" class=\"alignnone size-large wp-image-37894\" src=\"https:\/\/blogsaverroes.juntadeandalucia.es\/colemediterraneo\/files\/2025\/04\/IMG-20250402-WA0028-766x1024.jpg\" alt=\"\" width=\"766\" height=\"1024\" srcset=\"https:\/\/blogsaverroes.juntadeandalucia.es\/colemediterraneo\/files\/2025\/04\/IMG-20250402-WA0028-766x1024.jpg 766w, https:\/\/blogsaverroes.juntadeandalucia.es\/colemediterraneo\/files\/2025\/04\/IMG-20250402-WA0028-224x300.jpg 224w, https:\/\/blogsaverroes.juntadeandalucia.es\/colemediterraneo\/files\/2025\/04\/IMG-20250402-WA0028-768x1027.jpg 768w, https:\/\/blogsaverroes.juntadeandalucia.es\/colemediterraneo\/files\/2025\/04\/IMG-20250402-WA0028-1149x1536.jpg 1149w, https:\/\/blogsaverroes.juntadeandalucia.es\/colemediterraneo\/files\/2025\/04\/IMG-20250402-WA0028.jpg 1197w\" sizes=\"(max-width: 766px) 100vw, 766px\" \/> <img loading=\"lazy\" decoding=\"async\" class=\"alignnone size-large wp-image-37895\" src=\"https:\/\/blogsaverroes.juntadeandalucia.es\/colemediterraneo\/files\/2025\/04\/IMG-20250402-WA0029-712x1024.jpg\" alt=\"\" width=\"712\" height=\"1024\" srcset=\"https:\/\/blogsaverroes.juntadeandalucia.es\/colemediterraneo\/files\/2025\/04\/IMG-20250402-WA0029-712x1024.jpg 712w, https:\/\/blogsaverroes.juntadeandalucia.es\/colemediterraneo\/files\/2025\/04\/IMG-20250402-WA0029-209x300.jpg 209w, https:\/\/blogsaverroes.juntadeandalucia.es\/colemediterraneo\/files\/2025\/04\/IMG-20250402-WA0029-768x1105.jpg 768w, https:\/\/blogsaverroes.juntadeandalucia.es\/colemediterraneo\/files\/2025\/04\/IMG-20250402-WA0029-1068x1536.jpg 1068w, https:\/\/blogsaverroes.juntadeandalucia.es\/colemediterraneo\/files\/2025\/04\/IMG-20250402-WA0029.jpg 1112w\" sizes=\"(max-width: 712px) 100vw, 712px\" \/> <img loading=\"lazy\" decoding=\"async\" class=\"alignnone size-large wp-image-37896\" src=\"https:\/\/blogsaverroes.juntadeandalucia.es\/colemediterraneo\/files\/2025\/04\/IMG-20250402-WA0031-800x1024.jpg\" alt=\"\" width=\"782\" height=\"1001\" srcset=\"https:\/\/blogsaverroes.juntadeandalucia.es\/colemediterraneo\/files\/2025\/04\/IMG-20250402-WA0031-800x1024.jpg 800w, https:\/\/blogsaverroes.juntadeandalucia.es\/colemediterraneo\/files\/2025\/04\/IMG-20250402-WA0031-234x300.jpg 234w, https:\/\/blogsaverroes.juntadeandalucia.es\/colemediterraneo\/files\/2025\/04\/IMG-20250402-WA0031-768x983.jpg 768w, https:\/\/blogsaverroes.juntadeandalucia.es\/colemediterraneo\/files\/2025\/04\/IMG-20250402-WA0031-1200x1536.jpg 1200w, https:\/\/blogsaverroes.juntadeandalucia.es\/colemediterraneo\/files\/2025\/04\/IMG-20250402-WA0031.jpg 1250w\" sizes=\"(max-width: 782px) 100vw, 782px\" \/> <img loading=\"lazy\" decoding=\"async\" class=\"alignnone size-large wp-image-37897\" src=\"https:\/\/blogsaverroes.juntadeandalucia.es\/colemediterraneo\/files\/2025\/04\/IMG-20250402-WA0040-1024x768.jpg\" alt=\"\" width=\"782\" height=\"587\" srcset=\"https:\/\/blogsaverroes.juntadeandalucia.es\/colemediterraneo\/files\/2025\/04\/IMG-20250402-WA0040-1024x768.jpg 1024w, https:\/\/blogsaverroes.juntadeandalucia.es\/colemediterraneo\/files\/2025\/04\/IMG-20250402-WA0040-300x225.jpg 300w, https:\/\/blogsaverroes.juntadeandalucia.es\/colemediterraneo\/files\/2025\/04\/IMG-20250402-WA0040-768x576.jpg 768w, https:\/\/blogsaverroes.juntadeandalucia.es\/colemediterraneo\/files\/2025\/04\/IMG-20250402-WA0040-1536x1152.jpg 1536w, https:\/\/blogsaverroes.juntadeandalucia.es\/colemediterraneo\/files\/2025\/04\/IMG-20250402-WA0040.jpg 1600w\" sizes=\"(max-width: 782px) 100vw, 782px\" \/><\/p>\n<p>&nbsp;<\/p>\n","protected":false},"excerpt":{"rendered":"<p>Un a\u00f1o m\u00e1s desde el CEIP Mediterr\u00e1neo hemos querido dar visibilidad al colectivo cada vez m\u00e1s numeroso con TEA (trastorno del espectro autista).&nbsp; En todas las aulas se han proyectado v\u00eddeos explicativos de sensibilizaci\u00f3n hacia el tema.&nbsp; Tambi\u00e9n se han hecho explicaciones y debates sobre el mismo as\u00ed como cartas a nuestros compa\u00f1eros\/as del aula &hellip; <\/p>\n<p><a class=\"more-link btn\" href=\"https:\/\/blogsaverroes.juntadeandalucia.es\/colemediterraneo\/cursos-anteriores\/curso-2024-2025\/2-de-abril-dia-mundial-de-concienciacion-sobre-el-autismo\/\">Seguir leyendo<\/a><\/p>\n","protected":false},"author":5888,"featured_media":0,"parent":38325,"menu_order":0,"comment_status":"closed","ping_status":"closed","template":"","meta":{"ngg_post_thumbnail":0,"footnotes":"","_mc_calendar":[]},"aioseo_notices":[],"post_mailing_queue_ids":[],"_links":{"self":[{"href":"https:\/\/blogsaverroes.juntadeandalucia.es\/colemediterraneo\/wp-json\/wp\/v2\/pages\/37885"}],"collection":[{"href":"https:\/\/blogsaverroes.juntadeandalucia.es\/colemediterraneo\/wp-json\/wp\/v2\/pages"}],"about":[{"href":"https:\/\/blogsaverroes.juntadeandalucia.es\/colemediterraneo\/wp-json\/wp\/v2\/types\/page"}],"author":[{"embeddable":true,"href":"https:\/\/blogsaverroes.juntadeandalucia.es\/colemediterraneo\/wp-json\/wp\/v2\/users\/5888"}],"replies":[{"embeddable":true,"href":"https:\/\/blogsaverroes.juntadeandalucia.es\/colemediterraneo\/wp-json\/wp\/v2\/comments?post=37885"}],"version-history":[{"count":2,"href":"https:\/\/blogsaverroes.juntadeandalucia.es\/colemediterraneo\/wp-json\/wp\/v2\/pages\/37885\/revisions"}],"predecessor-version":[{"id":37898,"href":"https:\/\/blogsaverroes.juntadeandalucia.es\/colemediterraneo\/wp-json\/wp\/v2\/pages\/37885\/revisions\/37898"}],"up":[{"embeddable":true,"href":"https:\/\/blogsaverroes.juntadeandalucia.es\/colemediterraneo\/wp-json\/wp\/v2\/pages\/38325"}],"wp:attachment":[{"href":"https:\/\/blogsaverroes.juntadeandalucia.es\/colemediterraneo\/wp-json\/wp\/v2\/media?parent=37885"}],"curies":[{"name":"wp","href":"https:\/\/api.w.org\/{rel}","templated":true}]}}

2 de abril: Día mundial de concienciación sobre el Autismo

<p>Un año más desde el CEIP Mediterráneo hemos querido dar visibilidad al colectivo cada vez más numeroso con TEA (trastorno del espectro autista).&nbsp; En todas las aulas se han proyectado vídeos explicativos de sensibilización hacia el tema.&nbsp; También se han hecho explicaciones y debates sobre el mismo así como cartas a nuestros compañeros/as del aula TEA.</p>
<p>También se han preparado varios photocall en las puertas del centro. Aquí os mostramos unas imágenes:</p>
<p style="text-align: center"><img loading="lazy" decoding="async" class="alignnone size-large wp-image-37887" src="https://blogsaverroes.juntadeandalucia.es/colemediterraneo/files/2025/04/20250402_084628-498x1024.jpg" alt="" width="498" height="1024" srcset="https://blogsaverroes.juntadeandalucia.es/colemediterraneo/files/2025/04/20250402_084628-498x1024.jpg 498w, https://blogsaverroes.juntadeandalucia.es/colemediterraneo/files/2025/04/20250402_084628-146x300.jpg 146w, https://blogsaverroes.juntadeandalucia.es/colemediterraneo/files/2025/04/20250402_084628-768x1580.jpg 768w, https://blogsaverroes.juntadeandalucia.es/colemediterraneo/files/2025/04/20250402_084628-747x1536.jpg 747w, https://blogsaverroes.juntadeandalucia.es/colemediterraneo/files/2025/04/20250402_084628-996x2048.jpg 996w, https://blogsaverroes.juntadeandalucia.es/colemediterraneo/files/2025/04/20250402_084628-rotated.jpg 778w" sizes="(max-width: 498px) 100vw, 498px" /> <img loading="lazy" decoding="async" class="alignnone size-large wp-image-37888" src="https://blogsaverroes.juntadeandalucia.es/colemediterraneo/files/2025/04/IMG-20250402-WA0018-657x1024.jpg" alt="" width="657" height="1024" srcset="https://blogsaverroes.juntadeandalucia.es/colemediterraneo/files/2025/04/IMG-20250402-WA0018-657x1024.jpg 657w, https://blogsaverroes.juntadeandalucia.es/colemediterraneo/files/2025/04/IMG-20250402-WA0018-192x300.jpg 192w, https://blogsaverroes.juntadeandalucia.es/colemediterraneo/files/2025/04/IMG-20250402-WA0018-768x1198.jpg 768w, https://blogsaverroes.juntadeandalucia.es/colemediterraneo/files/2025/04/IMG-20250402-WA0018-985x1536.jpg 985w, https://blogsaverroes.juntadeandalucia.es/colemediterraneo/files/2025/04/IMG-20250402-WA0018.jpg 1026w" sizes="(max-width: 657px) 100vw, 657px" /> <img loading="lazy" decoding="async" class="alignnone size-large wp-image-37889" src="https://blogsaverroes.juntadeandalucia.es/colemediterraneo/files/2025/04/IMG-20250402-WA0019-633x1024.jpg" alt="" width="633" height="1024" srcset="https://blogsaverroes.juntadeandalucia.es/colemediterraneo/files/2025/04/IMG-20250402-WA0019-633x1024.jpg 633w, https://blogsaverroes.juntadeandalucia.es/colemediterraneo/files/2025/04/IMG-20250402-WA0019-185x300.jpg 185w, https://blogsaverroes.juntadeandalucia.es/colemediterraneo/files/2025/04/IMG-20250402-WA0019-768x1243.jpg 768w, https://blogsaverroes.juntadeandalucia.es/colemediterraneo/files/2025/04/IMG-20250402-WA0019-949x1536.jpg 949w, https://blogsaverroes.juntadeandalucia.es/colemediterraneo/files/2025/04/IMG-20250402-WA0019.jpg 988w" sizes="(max-width: 633px) 100vw, 633px" /> <img loading="lazy" decoding="async" class="alignnone size-large wp-image-37890" src="https://blogsaverroes.juntadeandalucia.es/colemediterraneo/files/2025/04/IMG-20250402-WA0020-679x1024.jpg" alt="" width="679" height="1024" srcset="https://blogsaverroes.juntadeandalucia.es/colemediterraneo/files/2025/04/IMG-20250402-WA0020-679x1024.jpg 679w, https://blogsaverroes.juntadeandalucia.es/colemediterraneo/files/2025/04/IMG-20250402-WA0020-199x300.jpg 199w, https://blogsaverroes.juntadeandalucia.es/colemediterraneo/files/2025/04/IMG-20250402-WA0020-768x1157.jpg 768w, https://blogsaverroes.juntadeandalucia.es/colemediterraneo/files/2025/04/IMG-20250402-WA0020-1019x1536.jpg 1019w, https://blogsaverroes.juntadeandalucia.es/colemediterraneo/files/2025/04/IMG-20250402-WA0020.jpg 1061w" sizes="(max-width: 679px) 100vw, 679px" /> <img loading="lazy" decoding="async" class="alignnone size-large wp-image-37891" src="https://blogsaverroes.juntadeandalucia.es/colemediterraneo/files/2025/04/IMG-20250402-WA0022-768x1024.jpg" alt="" width="768" height="1024" srcset="https://blogsaverroes.juntadeandalucia.es/colemediterraneo/files/2025/04/IMG-20250402-WA0022-768x1024.jpg 768w, https://blogsaverroes.juntadeandalucia.es/colemediterraneo/files/2025/04/IMG-20250402-WA0022-225x300.jpg 225w, https://blogsaverroes.juntadeandalucia.es/colemediterraneo/files/2025/04/IMG-20250402-WA0022-1152x1536.jpg 1152w, https://blogsaverroes.juntadeandalucia.es/colemediterraneo/files/2025/04/IMG-20250402-WA0022.jpg 1200w" sizes="(max-width: 768px) 100vw, 768px" /> <img loading="lazy" decoding="async" class="alignnone size-large wp-image-37892" src="https://blogsaverroes.juntadeandalucia.es/colemediterraneo/files/2025/04/IMG-20250402-WA0026-1024x766.jpg" alt="" width="782" height="585" srcset="https://blogsaverroes.juntadeandalucia.es/colemediterraneo/files/2025/04/IMG-20250402-WA0026-1024x766.jpg 1024w, https://blogsaverroes.juntadeandalucia.es/colemediterraneo/files/2025/04/IMG-20250402-WA0026-300x224.jpg 300w, https://blogsaverroes.juntadeandalucia.es/colemediterraneo/files/2025/04/IMG-20250402-WA0026-768x575.jpg 768w, https://blogsaverroes.juntadeandalucia.es/colemediterraneo/files/2025/04/IMG-20250402-WA0026-1536x1149.jpg 1536w, https://blogsaverroes.juntadeandalucia.es/colemediterraneo/files/2025/04/IMG-20250402-WA0026.jpg 1600w" sizes="(max-width: 782px) 100vw, 782px" /> <img loading="lazy" decoding="async" class="alignnone size-large wp-image-37893" src="https://blogsaverroes.juntadeandalucia.es/colemediterraneo/files/2025/04/IMG-20250402-WA0027-1024x766.jpg" alt="" width="782" height="585" srcset="https://blogsaverroes.juntadeandalucia.es/colemediterraneo/files/2025/04/IMG-20250402-WA0027-1024x766.jpg 1024w, https://blogsaverroes.juntadeandalucia.es/colemediterraneo/files/2025/04/IMG-20250402-WA0027-300x224.jpg 300w, https://blogsaverroes.juntadeandalucia.es/colemediterraneo/files/2025/04/IMG-20250402-WA0027-768x575.jpg 768w, https://blogsaverroes.juntadeandalucia.es/colemediterraneo/files/2025/04/IMG-20250402-WA0027-1536x1149.jpg 1536w, https://blogsaverroes.juntadeandalucia.es/colemediterraneo/files/2025/04/IMG-20250402-WA0027.jpg 1600w" sizes="(max-width: 782px) 100vw, 782px" /> <img loading="lazy" decoding="async" class="alignnone size-large wp-image-37894" src="https://blogsaverroes.juntadeandalucia.es/colemediterraneo/files/2025/04/IMG-20250402-WA0028-766x1024.jpg" alt="" width="766" height="1024" srcset="https://blogsaverroes.juntadeandalucia.es/colemediterraneo/files/2025/04/IMG-20250402-WA0028-766x1024.jpg 766w, https://blogsaverroes.juntadeandalucia.es/colemediterraneo/files/2025/04/IMG-20250402-WA0028-224x300.jpg 224w, https://blogsaverroes.juntadeandalucia.es/colemediterraneo/files/2025/04/IMG-20250402-WA0028-768x1027.jpg 768w, https://blogsaverroes.juntadeandalucia.es/colemediterraneo/files/2025/04/IMG-20250402-WA0028-1149x1536.jpg 1149w, https://blogsaverroes.juntadeandalucia.es/colemediterraneo/files/2025/04/IMG-20250402-WA0028.jpg 1197w" sizes="(max-width: 766px) 100vw, 766px" /> <img loading="lazy" decoding="async" class="alignnone size-large wp-image-37895" src="https://blogsaverroes.juntadeandalucia.es/colemediterraneo/files/2025/04/IMG-20250402-WA0029-712x1024.jpg" alt="" width="712" height="1024" srcset="https://blogsaverroes.juntadeandalucia.es/colemediterraneo/files/2025/04/IMG-20250402-WA0029-712x1024.jpg 712w, https://blogsaverroes.juntadeandalucia.es/colemediterraneo/files/2025/04/IMG-20250402-WA0029-209x300.jpg 209w, https://blogsaverroes.juntadeandalucia.es/colemediterraneo/files/2025/04/IMG-20250402-WA0029-768x1105.jpg 768w, https://blogsaverroes.juntadeandalucia.es/colemediterraneo/files/2025/04/IMG-20250402-WA0029-1068x1536.jpg 1068w, https://blogsaverroes.juntadeandalucia.es/colemediterraneo/files/2025/04/IMG-20250402-WA0029.jpg 1112w" sizes="(max-width: 712px) 100vw, 712px" /> <img loading="lazy" decoding="async" class="alignnone size-large wp-image-37896" src="https://blogsaverroes.juntadeandalucia.es/colemediterraneo/files/2025/04/IMG-20250402-WA0031-800x1024.jpg" alt="" width="782" height="1001" srcset="https://blogsaverroes.juntadeandalucia.es/colemediterraneo/files/2025/04/IMG-20250402-WA0031-800x1024.jpg 800w, https://blogsaverroes.juntadeandalucia.es/colemediterraneo/files/2025/04/IMG-20250402-WA0031-234x300.jpg 234w, https://blogsaverroes.juntadeandalucia.es/colemediterraneo/files/2025/04/IMG-20250402-WA0031-768x983.jpg 768w, https://blogsaverroes.juntadeandalucia.es/colemediterraneo/files/2025/04/IMG-20250402-WA0031-1200x1536.jpg 1200w, https://blogsaverroes.juntadeandalucia.es/colemediterraneo/files/2025/04/IMG-20250402-WA0031.jpg 1250w" sizes="(max-width: 782px) 100vw, 782px" /> <img loading="lazy" decoding="async" class="alignnone size-large wp-image-37897" src="https://blogsaverroes.juntadeandalucia.es/colemediterraneo/files/2025/04/IMG-20250402-WA0040-1024x768.jpg" alt="" width="782" height="587" srcset="https://blogsaverroes.juntadeandalucia.es/colemediterraneo/files/2025/04/IMG-20250402-WA0040-1024x768.jpg 1024w, https://blogsaverroes.juntadeandalucia.es/colemediterraneo/files/2025/04/IMG-20250402-WA0040-300x225.jpg 300w, https://blogsaverroes.juntadeandalucia.es/colemediterraneo/files/2025/04/IMG-20250402-WA0040-768x576.jpg 768w, https://blogsaverroes.juntadeandalucia.es/colemediterraneo/files/2025/04/IMG-20250402-WA0040-1536x1152.jpg 1536w, https://blogsaverroes.juntadeandalucia.es/colemediterraneo/files/2025/04/IMG-20250402-WA0040.jpg 1600w" sizes="(max-width: 782px) 100vw, 782px" /></p>
<p>&nbsp;</p>

<p>Un año más desde el CEIP Mediterráneo hemos querido dar visibilidad al colectivo cada vez más numeroso con TEA (trastorno del espectro autista).&nbsp; En todas las aulas se han proyectado vídeos explicativos de sensibilización hacia el tema.&nbsp; También se han hecho explicaciones y debates sobre el mismo así como cartas a nuestros compañeros/as del aula &hellip; </p>
<p><a class="more-link btn" href="https://blogsaverroes.juntadeandalucia.es/colemediterraneo/cursos-anteriores/curso-2024-2025/2-de-abril-dia-mundial-de-concienciacion-sobre-el-autismo/">Seguir leyendo</a></p>
