{"id":4131,"date":"2012-04-24T21:13:52","date_gmt":"2012-04-24T21:13:52","guid":{"rendered":"http:\/\/www.colemediterraneo.es\/?page_id=4131"},"modified":"2012-04-24T21:13:52","modified_gmt":"2012-04-24T21:13:52","slug":"feria-del-libro","status":"publish","type":"page","link":"https:\/\/blogsaverroes.juntadeandalucia.es\/colemediterraneo\/cursos-anteriores\/a-nivel-de-centro\/feria-del-libro\/","title":{"rendered":"FERIA DEL LIBRO"},"content":{"rendered":"<p style=\"text-align: justify\"><span style=\"font-size: small\">Nuestra Feria del Libro (para Primaria) qued\u00f3 expuesta el viernes a \u00faltima hora y el lunes 23 por la ma\u00f1ana todo estaba a punto para su inauguraci\u00f3n.\u00a0\u00a0 En este curso, tenemos mucha variedad de t\u00edtulos de cada colecci\u00f3n.\u00a0 Los distintos cursos ir\u00e1n pasando por all\u00ed a lo largo de toda la semana con sus tutores\/as para ver las distintas colecciones y adquirir libros aquellos que quieran hacerlo.\u00a0\u00a0 Desde aqu\u00ed queremos agradecer a todos los padres y madres que tanto nos ayudan y que se han ofrecido voluntarios para hacer las ventas.<\/span><\/p>\n<p style=\"text-align: justify\">\u00a1MUCHAS GRACIAS A TODOS!<\/p>\n\n<p style=\"text-align: justify\">\n","protected":false},"excerpt":{"rendered":"<p>Nuestra Feria del Libro (para Primaria) qued\u00f3 expuesta el viernes a \u00faltima hora y el lunes 23 por la ma\u00f1ana todo estaba a punto para su inauguraci\u00f3n.\u00a0\u00a0 En este curso, tenemos mucha variedad de t\u00edtulos de cada colecci\u00f3n.\u00a0 Los distintos cursos ir\u00e1n pasando por all\u00ed a lo largo de toda la semana con sus tutores\/as &hellip; <\/p>\n<p><a class=\"more-link btn\" href=\"https:\/\/blogsaverroes.juntadeandalucia.es\/colemediterraneo\/cursos-anteriores\/a-nivel-de-centro\/feria-del-libro\/\">Seguir leyendo<\/a><\/p>\n","protected":false},"author":5888,"featured_media":0,"parent":160,"menu_order":0,"comment_status":"open","ping_status":"open","template":"","meta":{"ngg_post_thumbnail":0,"footnotes":"","_mc_calendar":[]},"aioseo_notices":[],"post_mailing_queue_ids":[],"_links":{"self":[{"href":"https:\/\/blogsaverroes.juntadeandalucia.es\/colemediterraneo\/wp-json\/wp\/v2\/pages\/4131"}],"collection":[{"href":"https:\/\/blogsaverroes.juntadeandalucia.es\/colemediterraneo\/wp-json\/wp\/v2\/pages"}],"about":[{"href":"https:\/\/blogsaverroes.juntadeandalucia.es\/colemediterraneo\/wp-json\/wp\/v2\/types\/page"}],"author":[{"embeddable":true,"href":"https:\/\/blogsaverroes.juntadeandalucia.es\/colemediterraneo\/wp-json\/wp\/v2\/users\/5888"}],"replies":[{"embeddable":true,"href":"https:\/\/blogsaverroes.juntadeandalucia.es\/colemediterraneo\/wp-json\/wp\/v2\/comments?post=4131"}],"version-history":[{"count":0,"href":"https:\/\/blogsaverroes.juntadeandalucia.es\/colemediterraneo\/wp-json\/wp\/v2\/pages\/4131\/revisions"}],"up":[{"embeddable":true,"href":"https:\/\/blogsaverroes.juntadeandalucia.es\/colemediterraneo\/wp-json\/wp\/v2\/pages\/160"}],"wp:attachment":[{"href":"https:\/\/blogsaverroes.juntadeandalucia.es\/colemediterraneo\/wp-json\/wp\/v2\/media?parent=4131"}],"curies":[{"name":"wp","href":"https:\/\/api.w.org\/{rel}","templated":true}]}}

<p style="text-align: justify"><span style="font-size: small">Nuestra Feria del Libro (para Primaria) quedó expuesta el viernes a última hora y el lunes 23 por la mañana todo estaba a punto para su inauguración.   En este curso, tenemos mucha variedad de títulos de cada colección.  Los distintos cursos irán pasando por allí a lo largo de toda la semana con sus tutores/as para ver las distintas colecciones y adquirir libros aquellos que quieran hacerlo.   Desde aquí queremos agradecer a todos los padres y madres que tanto nos ayudan y que se han ofrecido voluntarios para hacer las ventas.</span></p>
<p style="text-align: justify">¡MUCHAS GRACIAS A TODOS!</p>

<p style="text-align: justify">

<p>Nuestra Feria del Libro (para Primaria) quedó expuesta el viernes a última hora y el lunes 23 por la mañana todo estaba a punto para su inauguración.   En este curso, tenemos mucha variedad de títulos de cada colección.  Los distintos cursos irán pasando por allí a lo largo de toda la semana con sus tutores/as &hellip; </p>
<p><a class="more-link btn" href="https://blogsaverroes.juntadeandalucia.es/colemediterraneo/cursos-anteriores/a-nivel-de-centro/feria-del-libro/">Seguir leyendo</a></p>
