{"id":4703,"date":"2012-06-05T20:57:54","date_gmt":"2012-06-05T20:57:54","guid":{"rendered":"http:\/\/www.colemediterraneo.es\/?page_id=4703"},"modified":"2012-06-05T20:57:54","modified_gmt":"2012-06-05T20:57:54","slug":"dia-5-de-junio-dia-mundial-del-medio-ambiente","status":"publish","type":"page","link":"https:\/\/blogsaverroes.juntadeandalucia.es\/colemediterraneo\/cursos-anteriores\/a-nivel-de-centro\/dia-5-de-junio-dia-mundial-del-medio-ambiente\/","title":{"rendered":"D\u00eda 5 de junio: D\u00eda Mundial del Medio Ambiente"},"content":{"rendered":"<p style=\"text-align: justify\">\u00a0El d\u00eda 5 de junio, se celebra el D\u00eda Mundial del Medio Ambiente.\u00a0\u00a0 Haciendo un gui\u00f1o a este d\u00eda, durante el recreo\u00a0hemos podido reflexionar un poco sobre nosotros mismos a trav\u00e9s de los \u00e1rboles y hemos conocido qu\u00e9 \u00e1rbol somos cada uno de nosotros seg\u00fan el\u00a0 Hor\u00f3scopo Celta.<\/p>\n\n<p>&nbsp;<\/p>\n","protected":false},"excerpt":{"rendered":"<p>\u00a0El d\u00eda 5 de junio, se celebra el D\u00eda Mundial del Medio Ambiente.\u00a0\u00a0 Haciendo un gui\u00f1o a este d\u00eda, durante el recreo\u00a0hemos podido reflexionar un poco sobre nosotros mismos a trav\u00e9s de los \u00e1rboles y hemos conocido qu\u00e9 \u00e1rbol somos cada uno de nosotros seg\u00fan el\u00a0 Hor\u00f3scopo Celta. &nbsp;<\/p>\n","protected":false},"author":5888,"featured_media":0,"parent":160,"menu_order":0,"comment_status":"open","ping_status":"open","template":"","meta":{"ngg_post_thumbnail":0,"footnotes":"","_mc_calendar":[]},"aioseo_notices":[],"post_mailing_queue_ids":[],"_links":{"self":[{"href":"https:\/\/blogsaverroes.juntadeandalucia.es\/colemediterraneo\/wp-json\/wp\/v2\/pages\/4703"}],"collection":[{"href":"https:\/\/blogsaverroes.juntadeandalucia.es\/colemediterraneo\/wp-json\/wp\/v2\/pages"}],"about":[{"href":"https:\/\/blogsaverroes.juntadeandalucia.es\/colemediterraneo\/wp-json\/wp\/v2\/types\/page"}],"author":[{"embeddable":true,"href":"https:\/\/blogsaverroes.juntadeandalucia.es\/colemediterraneo\/wp-json\/wp\/v2\/users\/5888"}],"replies":[{"embeddable":true,"href":"https:\/\/blogsaverroes.juntadeandalucia.es\/colemediterraneo\/wp-json\/wp\/v2\/comments?post=4703"}],"version-history":[{"count":0,"href":"https:\/\/blogsaverroes.juntadeandalucia.es\/colemediterraneo\/wp-json\/wp\/v2\/pages\/4703\/revisions"}],"up":[{"embeddable":true,"href":"https:\/\/blogsaverroes.juntadeandalucia.es\/colemediterraneo\/wp-json\/wp\/v2\/pages\/160"}],"wp:attachment":[{"href":"https:\/\/blogsaverroes.juntadeandalucia.es\/colemediterraneo\/wp-json\/wp\/v2\/media?parent=4703"}],"curies":[{"name":"wp","href":"https:\/\/api.w.org\/{rel}","templated":true}]}}

Día 5 de junio: Día Mundial del Medio Ambiente

<p style="text-align: justify"> El día 5 de junio, se celebra el Día Mundial del Medio Ambiente.   Haciendo un guiño a este día, durante el recreo hemos podido reflexionar un poco sobre nosotros mismos a través de los árboles y hemos conocido qué árbol somos cada uno de nosotros según el  Horóscopo Celta.</p>

<p>&nbsp;</p>

<p> El día 5 de junio, se celebra el Día Mundial del Medio Ambiente.   Haciendo un guiño a este día, durante el recreo hemos podido reflexionar un poco sobre nosotros mismos a través de los árboles y hemos conocido qué árbol somos cada uno de nosotros según el  Horóscopo Celta. &nbsp;</p>
