{"id":4758,"date":"2012-06-21T16:12:37","date_gmt":"2012-06-21T16:12:37","guid":{"rendered":"http:\/\/www.colemediterraneo.es\/?page_id=4758"},"modified":"2012-06-21T16:12:37","modified_gmt":"2012-06-21T16:12:37","slug":"excursion-a-isla-magica","status":"publish","type":"page","link":"https:\/\/blogsaverroes.juntadeandalucia.es\/colemediterraneo\/cursos-anteriores\/tercer-ciclo\/excursion-a-isla-magica\/","title":{"rendered":"Excursi\u00f3n a Isla M\u00e1gica"},"content":{"rendered":"<p style=\"text-align: justify\">El pasado jueves, 14 de mayo, los alumnos y las alumnas de 6\u00ba A y B de nuestro Colegio se desplazaron a Sevilla para realizar su viaje Fin de Primaria.<br \/>\nEl viaje fue organizado por sus tutores, D. Juan Luis Alba y D\u00aa Ana Teresa Montes. Fueron acompa\u00f1ados por D. Antonio Moral y D\u00aa Elena Calero, maestros del 3er. ciclo.<br \/>\nLa salida se realiz\u00f3 a las 9 de la ma\u00f1ana de las inmediaciones del Colegio\u00a0 y la vuelta sobre las 20:15 de la noche, despu\u00e9s de un d\u00eda inolvidable.<\/p>\n<p style=\"text-align: justify\">\u00a0 Nuestro alumnado dio muestras de buen comportamiento y responsabilidad, tanto en el autocar como en las instalaciones y atracciones de Isla M\u00e1gica, siendo felicitado el profesorado por los responsables\u00a0 y monitores de Isla M\u00e1gica. Creo que no hubo atracci\u00f3n que no fuese visitada y disfrutada por nuestro alumnado.<\/p>\n<p style=\"text-align: justify\">All\u00ed pudimos comprobar c\u00f3mo era la vida, las costumbres y los paisajes de Sevilla en la \u00e9poca del Descubrimiento de Am\u00e9rica, la zona de la Amazonia, reproducciones de las carabelas, ca\u00f1ones, plantas, edificios y personajes de la \u00e9poca. La comida, un men\u00fa escolar, fue muy buena, como lo muestran las fotos que se acompa\u00f1an.<br \/>\nFue una excursi\u00f3n maravillosa y esperamos que est\u00e9 en el recuerdo de nuestro alumnado como colof\u00f3n a esta etapa escolar que termina. As\u00ed lo atestiguan las numerosas fotograf\u00edas que hicieron tanto el profesorado como ellos.<br \/>\nLas expresiones de alegr\u00eda, j\u00fabilo y sorpresa a la llegada a Sevilla\u00a0 se repitieron a la vuelta, donde las madres y los padres esperaban para recogerlos.<\/p>\n<p style=\"text-align: justify\">\u00a0 Hay que destacar las notas de agradecimiento al profesorado por parte de las familias, a la llegada, comprendiendo la labor realizada durante ese d\u00eda y la responsabilidad que supone para nosotros una visita extraescolar.<\/p>\n<p>\u00a0 Felicidades a todos y a todas por dar muestras de lo aprendido y demostrarlo durante este tiempo que han estado en nuestro Colegio.<\/p>\n<p>(A. Moral)<\/p>\n\n","protected":false},"excerpt":{"rendered":"<p>El pasado jueves, 14 de mayo, los alumnos y las alumnas de 6\u00ba A y B de nuestro Colegio se desplazaron a Sevilla para realizar su viaje Fin de Primaria. El viaje fue organizado por sus tutores, D. Juan Luis Alba y D\u00aa Ana Teresa Montes. Fueron acompa\u00f1ados por D. Antonio Moral y D\u00aa Elena &hellip; <\/p>\n<p><a class=\"more-link btn\" href=\"https:\/\/blogsaverroes.juntadeandalucia.es\/colemediterraneo\/cursos-anteriores\/tercer-ciclo\/excursion-a-isla-magica\/\">Seguir leyendo<\/a><\/p>\n","protected":false},"author":5888,"featured_media":0,"parent":108,"menu_order":0,"comment_status":"open","ping_status":"open","template":"","meta":{"ngg_post_thumbnail":0,"footnotes":"","_mc_calendar":[]},"aioseo_notices":[],"post_mailing_queue_ids":[],"_links":{"self":[{"href":"https:\/\/blogsaverroes.juntadeandalucia.es\/colemediterraneo\/wp-json\/wp\/v2\/pages\/4758"}],"collection":[{"href":"https:\/\/blogsaverroes.juntadeandalucia.es\/colemediterraneo\/wp-json\/wp\/v2\/pages"}],"about":[{"href":"https:\/\/blogsaverroes.juntadeandalucia.es\/colemediterraneo\/wp-json\/wp\/v2\/types\/page"}],"author":[{"embeddable":true,"href":"https:\/\/blogsaverroes.juntadeandalucia.es\/colemediterraneo\/wp-json\/wp\/v2\/users\/5888"}],"replies":[{"embeddable":true,"href":"https:\/\/blogsaverroes.juntadeandalucia.es\/colemediterraneo\/wp-json\/wp\/v2\/comments?post=4758"}],"version-history":[{"count":0,"href":"https:\/\/blogsaverroes.juntadeandalucia.es\/colemediterraneo\/wp-json\/wp\/v2\/pages\/4758\/revisions"}],"up":[{"embeddable":true,"href":"https:\/\/blogsaverroes.juntadeandalucia.es\/colemediterraneo\/wp-json\/wp\/v2\/pages\/108"}],"wp:attachment":[{"href":"https:\/\/blogsaverroes.juntadeandalucia.es\/colemediterraneo\/wp-json\/wp\/v2\/media?parent=4758"}],"curies":[{"name":"wp","href":"https:\/\/api.w.org\/{rel}","templated":true}]}}

Excursión a Isla Mágica

<p style="text-align: justify">El pasado jueves, 14 de mayo, los alumnos y las alumnas de 6º A y B de nuestro Colegio se desplazaron a Sevilla para realizar su viaje Fin de Primaria.<br />
El viaje fue organizado por sus tutores, D. Juan Luis Alba y Dª Ana Teresa Montes. Fueron acompañados por D. Antonio Moral y Dª Elena Calero, maestros del 3er. ciclo.<br />
La salida se realizó a las 9 de la mañana de las inmediaciones del Colegio  y la vuelta sobre las 20:15 de la noche, después de un día inolvidable.</p>
<p style="text-align: justify">  Nuestro alumnado dio muestras de buen comportamiento y responsabilidad, tanto en el autocar como en las instalaciones y atracciones de Isla Mágica, siendo felicitado el profesorado por los responsables  y monitores de Isla Mágica. Creo que no hubo atracción que no fuese visitada y disfrutada por nuestro alumnado.</p>
<p style="text-align: justify">Allí pudimos comprobar cómo era la vida, las costumbres y los paisajes de Sevilla en la época del Descubrimiento de América, la zona de la Amazonia, reproducciones de las carabelas, cañones, plantas, edificios y personajes de la época. La comida, un menú escolar, fue muy buena, como lo muestran las fotos que se acompañan.<br />
Fue una excursión maravillosa y esperamos que esté en el recuerdo de nuestro alumnado como colofón a esta etapa escolar que termina. Así lo atestiguan las numerosas fotografías que hicieron tanto el profesorado como ellos.<br />
Las expresiones de alegría, júbilo y sorpresa a la llegada a Sevilla  se repitieron a la vuelta, donde las madres y los padres esperaban para recogerlos.</p>
<p style="text-align: justify">  Hay que destacar las notas de agradecimiento al profesorado por parte de las familias, a la llegada, comprendiendo la labor realizada durante ese día y la responsabilidad que supone para nosotros una visita extraescolar.</p>
<p>  Felicidades a todos y a todas por dar muestras de lo aprendido y demostrarlo durante este tiempo que han estado en nuestro Colegio.</p>
<p>(A. Moral)</p>

<p>El pasado jueves, 14 de mayo, los alumnos y las alumnas de 6º A y B de nuestro Colegio se desplazaron a Sevilla para realizar su viaje Fin de Primaria. El viaje fue organizado por sus tutores, D. Juan Luis Alba y Dª Ana Teresa Montes. Fueron acompañados por D. Antonio Moral y Dª Elena &hellip; </p>
<p><a class="more-link btn" href="https://blogsaverroes.juntadeandalucia.es/colemediterraneo/cursos-anteriores/tercer-ciclo/excursion-a-isla-magica/">Seguir leyendo</a></p>
