{"id":5421,"date":"2012-11-28T20:49:23","date_gmt":"2012-11-28T20:49:23","guid":{"rendered":"http:\/\/www.colemediterraneo.es\/?page_id=5421"},"modified":"2012-11-28T20:49:23","modified_gmt":"2012-11-28T20:49:23","slug":"27-de-noviembre-dia-del-maestroa","status":"publish","type":"page","link":"https:\/\/blogsaverroes.juntadeandalucia.es\/colemediterraneo\/ciclos\/educacion-infantil-3\/27-de-noviembre-dia-del-maestroa\/","title":{"rendered":"27 de noviembre: D\u00eda del Maestro\/a"},"content":{"rendered":"<p>Hoy d\u00eda 27 se celebra el D\u00eda del Maestro\/a.\u00a0\u00a0 Nuestros alumnos m\u00e1s peque\u00f1itos han realizado un dibujo simb\u00f3lico recordando este d\u00eda.\u00a0 Aqu\u00ed os dejamos algunas fotos&#8230;<\/p>\n\n","protected":false},"excerpt":{"rendered":"<p>Hoy d\u00eda 27 se celebra el D\u00eda del Maestro\/a.\u00a0\u00a0 Nuestros alumnos m\u00e1s peque\u00f1itos han realizado un dibujo simb\u00f3lico recordando este d\u00eda.\u00a0 Aqu\u00ed os dejamos algunas fotos&#8230;<\/p>\n","protected":false},"author":5888,"featured_media":0,"parent":5046,"menu_order":0,"comment_status":"open","ping_status":"open","template":"","meta":{"ngg_post_thumbnail":0,"footnotes":"","_mc_calendar":[]},"aioseo_notices":[],"post_mailing_queue_ids":[],"_links":{"self":[{"href":"https:\/\/blogsaverroes.juntadeandalucia.es\/colemediterraneo\/wp-json\/wp\/v2\/pages\/5421"}],"collection":[{"href":"https:\/\/blogsaverroes.juntadeandalucia.es\/colemediterraneo\/wp-json\/wp\/v2\/pages"}],"about":[{"href":"https:\/\/blogsaverroes.juntadeandalucia.es\/colemediterraneo\/wp-json\/wp\/v2\/types\/page"}],"author":[{"embeddable":true,"href":"https:\/\/blogsaverroes.juntadeandalucia.es\/colemediterraneo\/wp-json\/wp\/v2\/users\/5888"}],"replies":[{"embeddable":true,"href":"https:\/\/blogsaverroes.juntadeandalucia.es\/colemediterraneo\/wp-json\/wp\/v2\/comments?post=5421"}],"version-history":[{"count":0,"href":"https:\/\/blogsaverroes.juntadeandalucia.es\/colemediterraneo\/wp-json\/wp\/v2\/pages\/5421\/revisions"}],"up":[{"embeddable":true,"href":"https:\/\/blogsaverroes.juntadeandalucia.es\/colemediterraneo\/wp-json\/wp\/v2\/pages\/5046"}],"wp:attachment":[{"href":"https:\/\/blogsaverroes.juntadeandalucia.es\/colemediterraneo\/wp-json\/wp\/v2\/media?parent=5421"}],"curies":[{"name":"wp","href":"https:\/\/api.w.org\/{rel}","templated":true}]}}

27 de noviembre: Día del Maestro/a

<p>Hoy día 27 se celebra el Día del Maestro/a.   Nuestros alumnos más pequeñitos han realizado un dibujo simbólico recordando este día.  Aquí os dejamos algunas fotos&#8230;</p>
