{"id":951,"date":"2012-02-16T21:51:26","date_gmt":"2012-02-16T21:51:26","guid":{"rendered":"http:\/\/www.colemediterraneo.es\/?page_id=951"},"modified":"2012-02-16T21:51:26","modified_gmt":"2012-02-16T21:51:26","slug":"salida-al-teatro-gongora","status":"publish","type":"page","link":"https:\/\/blogsaverroes.juntadeandalucia.es\/colemediterraneo\/cursos-anteriores\/segundo-ciclo\/salida-al-teatro-gongora\/","title":{"rendered":"Salida al Teatro G\u00f3ngora"},"content":{"rendered":"<p style=\"text-align: justify\">\u00a0 <a href=\"http:\/\/www.colemediterraneo.es\/wp-content\/uploads\/2012\/02\/imagesdanza.jpg\"><img loading=\"lazy\" decoding=\"async\" class=\"aligncenter size-full wp-image-2884\" title=\"danza\" src=\"http:\/\/www.colemediterraneo.es\/wp-content\/uploads\/2012\/02\/imagesdanza.jpg\" alt=\"\" width=\"260\" height=\"163\" \/><\/a><\/p>\n<p style=\"text-align: justify\">El pasado d\u00eda 16 de febrero, nuestros alumnos y alumnas pertenecientes al segundo Ciclo (cursos de tercero y cuarto) asistieron en el Teatro G\u00f3ngora de nuestra capital a una interesante funci\u00f3n titulada \u00bb <span style=\"text-decoration: underline\">Descubre la Danza<\/span>\u00ab.<\/p>\n<p style=\"text-align: justify\">\u00a0 En ella actuaron los componentes del Conservatorio Profesional de Danza de C\u00f3rdoba \u00abLu\u00eds del R\u00edo\u00bb.\u00a0\u00a0\u00a0 El Programa de actos fue presentado por Alberto de Paz y en \u00e9l se inclu\u00edan actuaciones abarcando un gran repertorio: danza cl\u00e1sica, escuela bolera, danza popular, folklore, neocl\u00e1sico, danza estilizada, baile flamenco&#8230;<\/p>\n<p style=\"text-align: justify\">\u00a0 Y para finalizar la actuaci\u00f3n, todos los ni\u00f1os y ni\u00f1as\u00a0 participaron en una divertida actividad titulada \u00abTodos bailamos\u00bb al ritmo de un alegre \u00abPopurr\u00ed de Polkas\u00bb.\u00a0 Aqu\u00ed os dejamos unas im\u00e1genes&#8230;<\/p>\n\n","protected":false},"excerpt":{"rendered":"<p>\u00a0 El pasado d\u00eda 16 de febrero, nuestros alumnos y alumnas pertenecientes al segundo Ciclo (cursos de tercero y cuarto) asistieron en el Teatro G\u00f3ngora de nuestra capital a una interesante funci\u00f3n titulada \u00bb Descubre la Danza\u00ab. \u00a0 En ella actuaron los componentes del Conservatorio Profesional de Danza de C\u00f3rdoba \u00abLu\u00eds del R\u00edo\u00bb.\u00a0\u00a0\u00a0 El Programa &hellip; <\/p>\n<p><a class=\"more-link btn\" href=\"https:\/\/blogsaverroes.juntadeandalucia.es\/colemediterraneo\/cursos-anteriores\/segundo-ciclo\/salida-al-teatro-gongora\/\">Seguir leyendo<\/a><\/p>\n","protected":false},"author":5888,"featured_media":0,"parent":105,"menu_order":0,"comment_status":"open","ping_status":"open","template":"","meta":{"ngg_post_thumbnail":0,"footnotes":"","_mc_calendar":[]},"aioseo_notices":[],"post_mailing_queue_ids":[],"_links":{"self":[{"href":"https:\/\/blogsaverroes.juntadeandalucia.es\/colemediterraneo\/wp-json\/wp\/v2\/pages\/951"}],"collection":[{"href":"https:\/\/blogsaverroes.juntadeandalucia.es\/colemediterraneo\/wp-json\/wp\/v2\/pages"}],"about":[{"href":"https:\/\/blogsaverroes.juntadeandalucia.es\/colemediterraneo\/wp-json\/wp\/v2\/types\/page"}],"author":[{"embeddable":true,"href":"https:\/\/blogsaverroes.juntadeandalucia.es\/colemediterraneo\/wp-json\/wp\/v2\/users\/5888"}],"replies":[{"embeddable":true,"href":"https:\/\/blogsaverroes.juntadeandalucia.es\/colemediterraneo\/wp-json\/wp\/v2\/comments?post=951"}],"version-history":[{"count":0,"href":"https:\/\/blogsaverroes.juntadeandalucia.es\/colemediterraneo\/wp-json\/wp\/v2\/pages\/951\/revisions"}],"up":[{"embeddable":true,"href":"https:\/\/blogsaverroes.juntadeandalucia.es\/colemediterraneo\/wp-json\/wp\/v2\/pages\/105"}],"wp:attachment":[{"href":"https:\/\/blogsaverroes.juntadeandalucia.es\/colemediterraneo\/wp-json\/wp\/v2\/media?parent=951"}],"curies":[{"name":"wp","href":"https:\/\/api.w.org\/{rel}","templated":true}]}}

Salida al Teatro Góngora

<p style="text-align: justify">  <a href="http://www.colemediterraneo.es/wp-content/uploads/2012/02/imagesdanza.jpg"><img loading="lazy" decoding="async" class="aligncenter size-full wp-image-2884" title="danza" src="http://www.colemediterraneo.es/wp-content/uploads/2012/02/imagesdanza.jpg" alt="" width="260" height="163" /></a></p>
<p style="text-align: justify">El pasado día 16 de febrero, nuestros alumnos y alumnas pertenecientes al segundo Ciclo (cursos de tercero y cuarto) asistieron en el Teatro Góngora de nuestra capital a una interesante función titulada » <span style="text-decoration: underline">Descubre la Danza</span>«.</p>
<p style="text-align: justify">  En ella actuaron los componentes del Conservatorio Profesional de Danza de Córdoba «Luís del Río».    El Programa de actos fue presentado por Alberto de Paz y en él se incluían actuaciones abarcando un gran repertorio: danza clásica, escuela bolera, danza popular, folklore, neoclásico, danza estilizada, baile flamenco&#8230;</p>
<p style="text-align: justify">  Y para finalizar la actuación, todos los niños y niñas  participaron en una divertida actividad titulada «Todos bailamos» al ritmo de un alegre «Popurrí de Polkas».  Aquí os dejamos unas imágenes&#8230;</p>

<p>  El pasado día 16 de febrero, nuestros alumnos y alumnas pertenecientes al segundo Ciclo (cursos de tercero y cuarto) asistieron en el Teatro Góngora de nuestra capital a una interesante función titulada » Descubre la Danza«.   En ella actuaron los componentes del Conservatorio Profesional de Danza de Córdoba «Luís del Río».    El Programa &hellip; </p>
<p><a class="more-link btn" href="https://blogsaverroes.juntadeandalucia.es/colemediterraneo/cursos-anteriores/segundo-ciclo/salida-al-teatro-gongora/">Seguir leyendo</a></p>
