{"id":42,"date":"2015-03-13T08:40:47","date_gmt":"2015-03-13T08:40:47","guid":{"rendered":"http:\/\/blogsaverroes.juntadeandalucia.es\/pre\/ceip\/?page_id=42"},"modified":"2022-09-02T08:36:53","modified_gmt":"2022-09-02T08:36:53","slug":"organigrama","status":"publish","type":"page","link":"https:\/\/blogsaverroes.juntadeandalucia.es\/colenoriego\/organigrama\/","title":{"rendered":"Organigrama"},"content":{"rendered":"<p><a href=\"https:\/\/blogsaverroes.juntadeandalucia.es\/colenoriego\/files\/2020\/04\/Organigrama.png\"><img loading=\"lazy\" decoding=\"async\" class=\"alignnone size-large wp-image-2403\" src=\"https:\/\/blogsaverroes.juntadeandalucia.es\/colenoriego\/files\/2020\/04\/Organigrama-1024x672.png\" alt=\"\" width=\"1024\" height=\"672\" srcset=\"https:\/\/blogsaverroes.juntadeandalucia.es\/colenoriego\/files\/2020\/04\/Organigrama-1024x672.png 1024w, https:\/\/blogsaverroes.juntadeandalucia.es\/colenoriego\/files\/2020\/04\/Organigrama-300x197.png 300w, https:\/\/blogsaverroes.juntadeandalucia.es\/colenoriego\/files\/2020\/04\/Organigrama-768x504.png 768w, https:\/\/blogsaverroes.juntadeandalucia.es\/colenoriego\/files\/2020\/04\/Organigrama-24x16.png 24w, https:\/\/blogsaverroes.juntadeandalucia.es\/colenoriego\/files\/2020\/04\/Organigrama-36x24.png 36w, https:\/\/blogsaverroes.juntadeandalucia.es\/colenoriego\/files\/2020\/04\/Organigrama-48x32.png 48w, https:\/\/blogsaverroes.juntadeandalucia.es\/colenoriego\/files\/2020\/04\/Organigrama.png 1600w\" sizes=\"(max-width: 1024px) 100vw, 1024px\" \/><\/a><\/p>\n<h3><strong><span style=\"color: #000080\">EQUIPO DIRECTIVO<\/span>&nbsp;<\/strong><\/h3>\n<h4>Directora: Mar\u00eda Dolores Carmona Talavera&nbsp;<\/h4>\n<h4>Jefa de Estudio: Isabel &nbsp;Rubio Rubio<\/h4>\n<h4>Secretaria: &nbsp;Sara Caballero G\u00f3mez&nbsp;<\/h4>\n<h3><span style=\"color: #000080\"><strong>PROFESORADO<\/strong><\/span><\/h3>\n<h4><span style=\"color: #0000ff\">Educaci\u00f3n Infantil<\/span><\/h4>\n<h4 style=\"padding-left: 40px\">Cristina Mart\u00edn Arenas-<\/h4>\n<h4 style=\"padding-left: 40px\">Aquilina Olmo Romero&nbsp;<\/h4>\n<h4 style=\"padding-left: 40px\">Isabel Mar\u00eda Fabios Guijo &nbsp;<\/h4>\n<h4><span style=\"color: #0000ff\">Educaci\u00f3n Primaria<\/span><\/h4>\n<h4 style=\"padding-left: 40px\">Sara Caballero G\u00f3mez &nbsp;<\/h4>\n<h4 style=\"padding-left: 40px\">Jos\u00e9 Antonio Garc\u00eda Huertano (Idioma Extranjero- Ingl\u00e9s)&nbsp;<\/h4>\n<h4 style=\"padding-left: 40px\">Inmaculada Rodr\u00edguez Nevado ((Idioma Extranjero- Ingl\u00e9s)&nbsp;<\/h4>\n<h4 style=\"padding-left: 40px\">Isabel Rubio Rubio (Educaci\u00f3n F\u00edsica)<\/h4>\n<h4 style=\"padding-left: 40px\">&nbsp;Jacinta Jim\u00e9nez Garc\u00eda&nbsp;<\/h4>\n<h4 style=\"padding-left: 40px\">TeresaMadrid Garc\u00eda<\/h4>\n<h4 style=\"padding-left: 40px\">Hazel Ohad Herrera Urizar ( Religi\u00f3n )&nbsp;<\/h4>\n<h4 style=\"padding-left: 40px\">Ana Isabel Medr\u00e1n Gonz\u00e1lez (Religi\u00f3n)<\/h4>\n<h4><span style=\"color: #0000ff\">Educaci\u00f3n Secundaria&nbsp;<\/span><\/h4>\n<h4 style=\"padding-left: 40px\">Mira Dolores Carmona Talavera &nbsp;(Matem\u00e1ticas)<\/h4>\n<h4 style=\"padding-left: 40px\">Ferm\u00edn Angel Campa\u00f1a Luna ( Geograf\u00eda e Historia, Biolog\u00eda y geolog\u00eda y F\u00edsica y Qu\u00edmica)<\/h4>\n<h4 style=\"padding-left: 40px\">Isabel Mar\u00eda Camacho Ruiz (Lengua y Franc\u00e9s )<\/h4>\n<h4 style=\"padding-left: 40px\">Felisa Castro Estel (Pl\u00e1stica y M\u00fasica)&nbsp;<\/h4>\n<h4 style=\"padding-left: 40px\">Inmaculada Rodr\u00edguez Nevado (Idioma Extranjero- Ingl\u00e9s)<\/h4>\n<h4 style=\"padding-left: 40px\">Francisco Mart\u00ednez Fimia ( Educaci\u00f3n F\u00edsica)&nbsp;<\/h4>\n<h4 style=\"padding-left: 40px\">Carmen Mar\u00eda Buenestado Luna (Religi\u00f3n)<\/h4>\n<h4>Profesorado del centro que forma parte del <span style=\"color: #0000ff\">Equipo de Apoyo<\/span>&nbsp;<\/h4>\n<h4 style=\"padding-left: 40px\">Gema Redondo Serrano (Maestra de Pedagog\u00eda Terap\u00e9utica)<\/h4>\n<h4 style=\"padding-left: 40px\">&nbsp;Marta Rivalllo Dur\u00e1n (Maestra de Audicci\u00f3n y Lenguaje)<\/h4>\n<h4 style=\"padding-left: 40px\">Cristina S\u00e1nchez &#8211; Cruzado Aldana&nbsp;(Maestra de refuerzo)<\/h4>\n<h4 style=\"padding-left: 40px\">Javier (Orientador)<\/h4>\n","protected":false},"excerpt":{"rendered":"<p>EQUIPO DIRECTIVO&nbsp; Directora: Mar\u00eda Dolores Carmona Talavera&nbsp; Jefa de Estudio: Isabel &nbsp;Rubio Rubio Secretaria: &nbsp;Sara Caballero G\u00f3mez&nbsp; PROFESORADO Educaci\u00f3n Infantil Cristina Mart\u00edn Arenas- Aquilina Olmo Romero&nbsp; Isabel Mar\u00eda Fabios Guijo&#46;&#46;&#46;<\/p>\n","protected":false},"author":1,"featured_media":0,"parent":0,"menu_order":0,"comment_status":"open","ping_status":"open","template":"page-templates\/child-menu.php","meta":{"ngg_post_thumbnail":0,"footnotes":"","_mc_calendar":[]},"aioseo_notices":[],"post_mailing_queue_ids":[],"_links":{"self":[{"href":"https:\/\/blogsaverroes.juntadeandalucia.es\/colenoriego\/wp-json\/wp\/v2\/pages\/42"}],"collection":[{"href":"https:\/\/blogsaverroes.juntadeandalucia.es\/colenoriego\/wp-json\/wp\/v2\/pages"}],"about":[{"href":"https:\/\/blogsaverroes.juntadeandalucia.es\/colenoriego\/wp-json\/wp\/v2\/types\/page"}],"author":[{"embeddable":true,"href":"https:\/\/blogsaverroes.juntadeandalucia.es\/colenoriego\/wp-json\/wp\/v2\/users\/1"}],"replies":[{"embeddable":true,"href":"https:\/\/blogsaverroes.juntadeandalucia.es\/colenoriego\/wp-json\/wp\/v2\/comments?post=42"}],"version-history":[{"count":26,"href":"https:\/\/blogsaverroes.juntadeandalucia.es\/colenoriego\/wp-json\/wp\/v2\/pages\/42\/revisions"}],"predecessor-version":[{"id":5426,"href":"https:\/\/blogsaverroes.juntadeandalucia.es\/colenoriego\/wp-json\/wp\/v2\/pages\/42\/revisions\/5426"}],"wp:attachment":[{"href":"https:\/\/blogsaverroes.juntadeandalucia.es\/colenoriego\/wp-json\/wp\/v2\/media?parent=42"}],"curies":[{"name":"wp","href":"https:\/\/api.w.org\/{rel}","templated":true}]}}

<p><a href="https://blogsaverroes.juntadeandalucia.es/colenoriego/files/2020/04/Organigrama.png"><img loading="lazy" decoding="async" class="alignnone size-large wp-image-2403" src="https://blogsaverroes.juntadeandalucia.es/colenoriego/files/2020/04/Organigrama-1024x672.png" alt="" width="1024" height="672" srcset="https://blogsaverroes.juntadeandalucia.es/colenoriego/files/2020/04/Organigrama-1024x672.png 1024w, https://blogsaverroes.juntadeandalucia.es/colenoriego/files/2020/04/Organigrama-300x197.png 300w, https://blogsaverroes.juntadeandalucia.es/colenoriego/files/2020/04/Organigrama-768x504.png 768w, https://blogsaverroes.juntadeandalucia.es/colenoriego/files/2020/04/Organigrama-24x16.png 24w, https://blogsaverroes.juntadeandalucia.es/colenoriego/files/2020/04/Organigrama-36x24.png 36w, https://blogsaverroes.juntadeandalucia.es/colenoriego/files/2020/04/Organigrama-48x32.png 48w, https://blogsaverroes.juntadeandalucia.es/colenoriego/files/2020/04/Organigrama.png 1600w" sizes="(max-width: 1024px) 100vw, 1024px" /></a></p>
<h3><strong><span style="color: #000080">EQUIPO DIRECTIVO</span>&nbsp;</strong></h3>
<h4>Directora: María Dolores Carmona Talavera&nbsp;</h4>
<h4>Jefa de Estudio: Isabel &nbsp;Rubio Rubio</h4>
<h4>Secretaria: &nbsp;Sara Caballero Gómez&nbsp;</h4>
<h3><span style="color: #000080"><strong>PROFESORADO</strong></span></h3>
<h4><span style="color: #0000ff">Educación Infantil</span></h4>
<h4 style="padding-left: 40px">Cristina Martín Arenas-</h4>
<h4 style="padding-left: 40px">Aquilina Olmo Romero&nbsp;</h4>
<h4 style="padding-left: 40px">Isabel María Fabios Guijo &nbsp;</h4>
<h4><span style="color: #0000ff">Educación Primaria</span></h4>
<h4 style="padding-left: 40px">Sara Caballero Gómez &nbsp;</h4>
<h4 style="padding-left: 40px">José Antonio García Huertano (Idioma Extranjero- Inglés)&nbsp;</h4>
<h4 style="padding-left: 40px">Inmaculada Rodríguez Nevado ((Idioma Extranjero- Inglés)&nbsp;</h4>
<h4 style="padding-left: 40px">Isabel Rubio Rubio (Educación Física)</h4>
<h4 style="padding-left: 40px">&nbsp;Jacinta Jiménez García&nbsp;</h4>
<h4 style="padding-left: 40px">TeresaMadrid García</h4>
<h4 style="padding-left: 40px">Hazel Ohad Herrera Urizar ( Religión )&nbsp;</h4>
<h4 style="padding-left: 40px">Ana Isabel Medrán González (Religión)</h4>
<h4><span style="color: #0000ff">Educación Secundaria&nbsp;</span></h4>
<h4 style="padding-left: 40px">Mira Dolores Carmona Talavera &nbsp;(Matemáticas)</h4>
<h4 style="padding-left: 40px">Fermín Angel Campaña Luna ( Geografía e Historia, Biología y geología y Física y Química)</h4>
<h4 style="padding-left: 40px">Isabel María Camacho Ruiz (Lengua y Francés )</h4>
<h4 style="padding-left: 40px">Felisa Castro Estel (Plástica y Música)&nbsp;</h4>
<h4 style="padding-left: 40px">Inmaculada Rodríguez Nevado (Idioma Extranjero- Inglés)</h4>
<h4 style="padding-left: 40px">Francisco Martínez Fimia ( Educación Física)&nbsp;</h4>
<h4 style="padding-left: 40px">Carmen María Buenestado Luna (Religión)</h4>
<h4>Profesorado del centro que forma parte del <span style="color: #0000ff">Equipo de Apoyo</span>&nbsp;</h4>
<h4 style="padding-left: 40px">Gema Redondo Serrano (Maestra de Pedagogía Terapéutica)</h4>
<h4 style="padding-left: 40px">&nbsp;Marta Rivalllo Durán (Maestra de Audicción y Lenguaje)</h4>
<h4 style="padding-left: 40px">Cristina Sánchez &#8211; Cruzado Aldana&nbsp;(Maestra de refuerzo)</h4>
<h4 style="padding-left: 40px">Javier (Orientador)</h4>

<p>EQUIPO DIRECTIVO&nbsp; Directora: María Dolores Carmona Talavera&nbsp; Jefa de Estudio: Isabel &nbsp;Rubio Rubio Secretaria: &nbsp;Sara Caballero Gómez&nbsp; PROFESORADO Educación Infantil Cristina Martín Arenas- Aquilina Olmo Romero&nbsp; Isabel María Fabios Guijo&#46;&#46;&#46;</p>
