{"id":27,"date":"2020-01-09T12:40:13","date_gmt":"2020-01-09T11:40:13","guid":{"rendered":"http:\/\/blogsaverroes.juntadeandalucia.es\/pre\/nuevoceip2v2\/?page_id=27"},"modified":"2024-02-14T21:48:04","modified_gmt":"2024-02-14T20:48:04","slug":"actividades-extraescolares","status":"publish","type":"page","link":"https:\/\/blogsaverroes.juntadeandalucia.es\/colepicasso\/actividades-extraescolares\/","title":{"rendered":"Actividades extraescolares"},"content":{"rendered":"<p><img loading=\"lazy\" decoding=\"async\" class=\" wp-image-920 aligncenter\" src=\"https:\/\/blogsaverroes.juntadeandalucia.es\/colepicasso\/files\/2024\/02\/extraescolares-apyma-ermitagana-300x141.jpg\" alt=\"\" width=\"483\" height=\"227\" srcset=\"https:\/\/blogsaverroes.juntadeandalucia.es\/colepicasso\/files\/2024\/02\/extraescolares-apyma-ermitagana-300x141.jpg 300w, https:\/\/blogsaverroes.juntadeandalucia.es\/colepicasso\/files\/2024\/02\/extraescolares-apyma-ermitagana-768x362.jpg 768w, https:\/\/blogsaverroes.juntadeandalucia.es\/colepicasso\/files\/2024\/02\/extraescolares-apyma-ermitagana-520x245.jpg 520w, https:\/\/blogsaverroes.juntadeandalucia.es\/colepicasso\/files\/2024\/02\/extraescolares-apyma-ermitagana-720x340.jpg 720w, https:\/\/blogsaverroes.juntadeandalucia.es\/colepicasso\/files\/2024\/02\/extraescolares-apyma-ermitagana.jpg 1000w\" sizes=\"(max-width: 483px) 100vw, 483px\" \/><\/p>\n<p style=\"text-align: justify\"><span style=\"font-weight: 400\">Las actividades extraescolares tienen lugar en horario de tarde, hasta las 18.00, y abarcan aspectos como la lectura, el deporte, la m\u00fasica, los idiomas, entre otras actividades l\u00fadicas y formativas.<\/span><\/p>\n<p style=\"text-align: justify\"><span style=\"font-weight: 400\">Para hacer posible la realizaci\u00f3n de estas actividades fuera del horario lectivo, los centros pueden abrir sus instalaciones hasta las 18.00 todos los d\u00edas lectivos con excepci\u00f3n de los viernes, en los que el cierre se establece a las 16.00.<\/span><\/p>\n<p><img loading=\"lazy\" decoding=\"async\" class=\"alignnone wp-image-922 aligncenter\" src=\"https:\/\/blogsaverroes.juntadeandalucia.es\/colepicasso\/files\/2024\/02\/Captura-de-pantalla-2024-02-14-a-las-21.27.30-300x173.png\" alt=\"\" width=\"675\" height=\"390\" srcset=\"https:\/\/blogsaverroes.juntadeandalucia.es\/colepicasso\/files\/2024\/02\/Captura-de-pantalla-2024-02-14-a-las-21.27.30-300x173.png 300w, https:\/\/blogsaverroes.juntadeandalucia.es\/colepicasso\/files\/2024\/02\/Captura-de-pantalla-2024-02-14-a-las-21.27.30.png 757w\" sizes=\"(max-width: 675px) 100vw, 675px\" \/><\/p>\n<p style=\"text-align: center\"><a title=\"Horario de actividades extraescolares CEIP PABLO RUIZ PICASSO 23\/24\" href=\"https:\/\/blogsaverroes.juntadeandalucia.es\/colepicasso\/files\/2024\/02\/Horario-Pablo-Ruiz-Picasso-23-24.pdf\">Horario Pablo Ruiz Picasso 23-24<\/a><br style=\"font-weight: 400\"><br style=\"font-weight: 400\"><\/p>\n","protected":false},"excerpt":{"rendered":"<p>Las actividades extraescolares tienen lugar en horario de tarde, hasta las 18.00, y abarcan aspectos como la lectura, el deporte, la m\u00fasica, los idiomas, entre otras actividades l\u00fadicas y formativas. Para hacer posible la realizaci\u00f3n de estas actividades fuera del horario lectivo, los centros pueden abrir sus instalaciones hasta las 18.00 todos los d\u00edas lectivos [&hellip;]<\/p>\n","protected":false},"author":15134,"featured_media":0,"parent":0,"menu_order":0,"comment_status":"closed","ping_status":"closed","template":"","meta":{"_et_pb_use_builder":"on","_et_pb_old_content":"","_et_gb_content_width":"","_exactmetrics_skip_tracking":false,"_exactmetrics_sitenote_active":false,"_exactmetrics_sitenote_note":"","_exactmetrics_sitenote_category":0,"ngg_post_thumbnail":0,"footnotes":""},"aioseo_notices":[],"_links":{"self":[{"href":"https:\/\/blogsaverroes.juntadeandalucia.es\/colepicasso\/wp-json\/wp\/v2\/pages\/27"}],"collection":[{"href":"https:\/\/blogsaverroes.juntadeandalucia.es\/colepicasso\/wp-json\/wp\/v2\/pages"}],"about":[{"href":"https:\/\/blogsaverroes.juntadeandalucia.es\/colepicasso\/wp-json\/wp\/v2\/types\/page"}],"author":[{"embeddable":true,"href":"https:\/\/blogsaverroes.juntadeandalucia.es\/colepicasso\/wp-json\/wp\/v2\/users\/15134"}],"replies":[{"embeddable":true,"href":"https:\/\/blogsaverroes.juntadeandalucia.es\/colepicasso\/wp-json\/wp\/v2\/comments?post=27"}],"version-history":[{"count":6,"href":"https:\/\/blogsaverroes.juntadeandalucia.es\/colepicasso\/wp-json\/wp\/v2\/pages\/27\/revisions"}],"predecessor-version":[{"id":927,"href":"https:\/\/blogsaverroes.juntadeandalucia.es\/colepicasso\/wp-json\/wp\/v2\/pages\/27\/revisions\/927"}],"wp:attachment":[{"href":"https:\/\/blogsaverroes.juntadeandalucia.es\/colepicasso\/wp-json\/wp\/v2\/media?parent=27"}],"curies":[{"name":"wp","href":"https:\/\/api.w.org\/{rel}","templated":true}]}}

<p><img loading="lazy" decoding="async" class=" wp-image-920 aligncenter" src="https://blogsaverroes.juntadeandalucia.es/colepicasso/files/2024/02/extraescolares-apyma-ermitagana-300x141.jpg" alt="" width="483" height="227" srcset="https://blogsaverroes.juntadeandalucia.es/colepicasso/files/2024/02/extraescolares-apyma-ermitagana-300x141.jpg 300w, https://blogsaverroes.juntadeandalucia.es/colepicasso/files/2024/02/extraescolares-apyma-ermitagana-768x362.jpg 768w, https://blogsaverroes.juntadeandalucia.es/colepicasso/files/2024/02/extraescolares-apyma-ermitagana-520x245.jpg 520w, https://blogsaverroes.juntadeandalucia.es/colepicasso/files/2024/02/extraescolares-apyma-ermitagana-720x340.jpg 720w, https://blogsaverroes.juntadeandalucia.es/colepicasso/files/2024/02/extraescolares-apyma-ermitagana.jpg 1000w" sizes="(max-width: 483px) 100vw, 483px" /></p>
<p style="text-align: justify"><span style="font-weight: 400">Las actividades extraescolares tienen lugar en horario de tarde, hasta las 18.00, y abarcan aspectos como la lectura, el deporte, la música, los idiomas, entre otras actividades lúdicas y formativas.</span></p>
<p style="text-align: justify"><span style="font-weight: 400">Para hacer posible la realización de estas actividades fuera del horario lectivo, los centros pueden abrir sus instalaciones hasta las 18.00 todos los días lectivos con excepción de los viernes, en los que el cierre se establece a las 16.00.</span></p>
<p><img loading="lazy" decoding="async" class="alignnone wp-image-922 aligncenter" src="https://blogsaverroes.juntadeandalucia.es/colepicasso/files/2024/02/Captura-de-pantalla-2024-02-14-a-las-21.27.30-300x173.png" alt="" width="675" height="390" srcset="https://blogsaverroes.juntadeandalucia.es/colepicasso/files/2024/02/Captura-de-pantalla-2024-02-14-a-las-21.27.30-300x173.png 300w, https://blogsaverroes.juntadeandalucia.es/colepicasso/files/2024/02/Captura-de-pantalla-2024-02-14-a-las-21.27.30.png 757w" sizes="(max-width: 675px) 100vw, 675px" /></p>
<p style="text-align: center"><a title="Horario de actividades extraescolares CEIP PABLO RUIZ PICASSO 23/24" href="https://blogsaverroes.juntadeandalucia.es/colepicasso/files/2024/02/Horario-Pablo-Ruiz-Picasso-23-24.pdf">Horario Pablo Ruiz Picasso 23-24</a><br style="font-weight: 400"><br style="font-weight: 400"></p>

<p>Las actividades extraescolares tienen lugar en horario de tarde, hasta las 18.00, y abarcan aspectos como la lectura, el deporte, la música, los idiomas, entre otras actividades lúdicas y formativas. Para hacer posible la realización de estas actividades fuera del horario lectivo, los centros pueden abrir sus instalaciones hasta las 18.00 todos los días lectivos [&hellip;]</p>
