{"id":964,"date":"2024-02-22T17:56:01","date_gmt":"2024-02-22T16:56:01","guid":{"rendered":"https:\/\/blogsaverroes.juntadeandalucia.es\/colepicasso\/?page_id=964"},"modified":"2025-03-04T10:25:35","modified_gmt":"2025-03-04T09:25:35","slug":"escolarizacion","status":"publish","type":"page","link":"https:\/\/blogsaverroes.juntadeandalucia.es\/colepicasso\/escolarizacion\/","title":{"rendered":"Escolarizaci\u00f3n"},"content":{"rendered":"<p style=\"text-align: justify\"><img loading=\"lazy\" decoding=\"async\" class=\" wp-image-965 alignright\" src=\"https:\/\/blogsaverroes.juntadeandalucia.es\/colepicasso\/files\/2024\/02\/Captura-de-Pantalla-2024-02-22-a-las-17.54.38-300x256.png\" alt=\"\" width=\"195\" height=\"166\" srcset=\"https:\/\/blogsaverroes.juntadeandalucia.es\/colepicasso\/files\/2024\/02\/Captura-de-Pantalla-2024-02-22-a-las-17.54.38-300x256.png 300w, https:\/\/blogsaverroes.juntadeandalucia.es\/colepicasso\/files\/2024\/02\/Captura-de-Pantalla-2024-02-22-a-las-17.54.38-768x654.png 768w, https:\/\/blogsaverroes.juntadeandalucia.es\/colepicasso\/files\/2024\/02\/Captura-de-Pantalla-2024-02-22-a-las-17.54.38.png 796w\" sizes=\"(max-width: 195px) 100vw, 195px\" \/><span style=\"font-size: 14pt;font-family: impact, sans-serif\">Esta secci\u00f3n contiene cuanta informaci\u00f3n sea de utilidad para las familias a la hora de de iniciar el proceso de escolarizaci\u00f3n: plazos, documentos, normativa, enlaces, etc.<\/span><\/p>\n<p><img loading=\"lazy\" decoding=\"async\" class=\"alignnone size-medium wp-image-2053\" src=\"https:\/\/blogsaverroes.juntadeandalucia.es\/colepicasso\/files\/2025\/03\/Captura-de-pantalla-de-2025-03-04-10-24-52-300x215.png\" alt=\"\" width=\"300\" height=\"215\" srcset=\"https:\/\/blogsaverroes.juntadeandalucia.es\/colepicasso\/files\/2025\/03\/Captura-de-pantalla-de-2025-03-04-10-24-52-300x215.png 300w, https:\/\/blogsaverroes.juntadeandalucia.es\/colepicasso\/files\/2025\/03\/Captura-de-pantalla-de-2025-03-04-10-24-52.png 514w\" sizes=\"(max-width: 300px) 100vw, 300px\" \/><\/p>\n<p><a href=\"https:\/\/blogsaverroes.juntadeandalucia.es\/colepicasso\/files\/2025\/03\/CALENDARIO-ESCOLARIZACION-25-26.pdf\">CALENDARIO ESCOLARIZACI\u00d3N 25-26<\/a><\/p>\n<p>&nbsp;<\/p>\n","protected":false},"excerpt":{"rendered":"<p>Esta secci\u00f3n contiene cuanta informaci\u00f3n sea de utilidad para las familias a la hora de de iniciar el proceso de escolarizaci\u00f3n: plazos, documentos, normativa, enlaces, etc. CALENDARIO ESCOLARIZACI\u00d3N 25-26 &nbsp;<\/p>\n","protected":false},"author":18375,"featured_media":0,"parent":0,"menu_order":0,"comment_status":"closed","ping_status":"closed","template":"","meta":{"_et_pb_use_builder":"","_et_pb_old_content":"","_et_gb_content_width":"","_exactmetrics_skip_tracking":false,"_exactmetrics_sitenote_active":false,"_exactmetrics_sitenote_note":"","_exactmetrics_sitenote_category":0,"ngg_post_thumbnail":0,"footnotes":""},"aioseo_notices":[],"_links":{"self":[{"href":"https:\/\/blogsaverroes.juntadeandalucia.es\/colepicasso\/wp-json\/wp\/v2\/pages\/964"}],"collection":[{"href":"https:\/\/blogsaverroes.juntadeandalucia.es\/colepicasso\/wp-json\/wp\/v2\/pages"}],"about":[{"href":"https:\/\/blogsaverroes.juntadeandalucia.es\/colepicasso\/wp-json\/wp\/v2\/types\/page"}],"author":[{"embeddable":true,"href":"https:\/\/blogsaverroes.juntadeandalucia.es\/colepicasso\/wp-json\/wp\/v2\/users\/18375"}],"replies":[{"embeddable":true,"href":"https:\/\/blogsaverroes.juntadeandalucia.es\/colepicasso\/wp-json\/wp\/v2\/comments?post=964"}],"version-history":[{"count":3,"href":"https:\/\/blogsaverroes.juntadeandalucia.es\/colepicasso\/wp-json\/wp\/v2\/pages\/964\/revisions"}],"predecessor-version":[{"id":2054,"href":"https:\/\/blogsaverroes.juntadeandalucia.es\/colepicasso\/wp-json\/wp\/v2\/pages\/964\/revisions\/2054"}],"wp:attachment":[{"href":"https:\/\/blogsaverroes.juntadeandalucia.es\/colepicasso\/wp-json\/wp\/v2\/media?parent=964"}],"curies":[{"name":"wp","href":"https:\/\/api.w.org\/{rel}","templated":true}]}}

Escolarización

<p style="text-align: justify"><img loading="lazy" decoding="async" class=" wp-image-965 alignright" src="https://blogsaverroes.juntadeandalucia.es/colepicasso/files/2024/02/Captura-de-Pantalla-2024-02-22-a-las-17.54.38-300x256.png" alt="" width="195" height="166" srcset="https://blogsaverroes.juntadeandalucia.es/colepicasso/files/2024/02/Captura-de-Pantalla-2024-02-22-a-las-17.54.38-300x256.png 300w, https://blogsaverroes.juntadeandalucia.es/colepicasso/files/2024/02/Captura-de-Pantalla-2024-02-22-a-las-17.54.38-768x654.png 768w, https://blogsaverroes.juntadeandalucia.es/colepicasso/files/2024/02/Captura-de-Pantalla-2024-02-22-a-las-17.54.38.png 796w" sizes="(max-width: 195px) 100vw, 195px" /><span style="font-size: 14pt;font-family: impact, sans-serif">Esta sección contiene cuanta información sea de utilidad para las familias a la hora de de iniciar el proceso de escolarización: plazos, documentos, normativa, enlaces, etc.</span></p>
<p><img loading="lazy" decoding="async" class="alignnone size-medium wp-image-2053" src="https://blogsaverroes.juntadeandalucia.es/colepicasso/files/2025/03/Captura-de-pantalla-de-2025-03-04-10-24-52-300x215.png" alt="" width="300" height="215" srcset="https://blogsaverroes.juntadeandalucia.es/colepicasso/files/2025/03/Captura-de-pantalla-de-2025-03-04-10-24-52-300x215.png 300w, https://blogsaverroes.juntadeandalucia.es/colepicasso/files/2025/03/Captura-de-pantalla-de-2025-03-04-10-24-52.png 514w" sizes="(max-width: 300px) 100vw, 300px" /></p>
<p><a href="https://blogsaverroes.juntadeandalucia.es/colepicasso/files/2025/03/CALENDARIO-ESCOLARIZACION-25-26.pdf">CALENDARIO ESCOLARIZACIÓN 25-26</a></p>
<p>&nbsp;</p>

<p>Esta sección contiene cuanta información sea de utilidad para las familias a la hora de de iniciar el proceso de escolarización: plazos, documentos, normativa, enlaces, etc. CALENDARIO ESCOLARIZACIÓN 25-26 &nbsp;</p>
