{"id":2671,"date":"2016-02-09T14:24:16","date_gmt":"2016-02-09T13:24:16","guid":{"rendered":"http:\/\/blogsaverroes.juntadeandalucia.es\/colesanjuandelacruz\/?page_id=2671"},"modified":"2025-05-06T22:53:15","modified_gmt":"2025-05-06T21:53:15","slug":"programacion-general-anual","status":"publish","type":"page","link":"https:\/\/blogsaverroes.juntadeandalucia.es\/colesanjuandelacruz\/documentos-del-centro\/programacion-general-anual\/","title":{"rendered":"Programaci\u00f3n General Anual"},"content":{"rendered":"<p style=\"text-align: justify\">La <strong data-start=\"2029\" data-end=\"2059\">Programaci\u00f3n General Anual<\/strong> (<strong>PGA<\/strong>) es el documento que concreta para cada curso escolar las actuaciones organizativas y pedag\u00f3gicas del centro. Se elabora a partir del Proyecto Educativo y del Proyecto de Gesti\u00f3n, adapt\u00e1ndolos al contexto y necesidades del curso en vigor. Incluye los objetivos prioritarios del a\u00f1o, los planes de trabajo de los distintos \u00f3rganos y equipos docentes, la planificaci\u00f3n de actividades complementarias y extraescolares, as\u00ed como las medidas de evaluaci\u00f3n y seguimiento. Representa el compromiso del centro con una educaci\u00f3n planificada, participativa y orientada a la mejora.<\/p>\n<p>Consulta la PGA:<\/p>\n<p style=\"text-align: center\"><a href=\"https:\/\/docs.google.com\/document\/d\/1C2gLYLG3mH0OTt41rH5aXh43z-Oh7ZIEprseoiMtmnM\/edit?usp=sharing\" target=\"_blank\" rel=\"noopener\"><img loading=\"lazy\" decoding=\"async\" class=\"alignnone size-medium wp-image-8279\" src=\"https:\/\/blogsaverroes.juntadeandalucia.es\/colesanjuandelacruz\/files\/2025\/05\/Imagen-PGA-300x158.png\" alt=\"\" width=\"300\" height=\"158\" srcset=\"https:\/\/blogsaverroes.juntadeandalucia.es\/colesanjuandelacruz\/files\/2025\/05\/Imagen-PGA-300x158.png 300w, https:\/\/blogsaverroes.juntadeandalucia.es\/colesanjuandelacruz\/files\/2025\/05\/Imagen-PGA.png 768w\" sizes=\"(max-width: 300px) 100vw, 300px\" \/><\/a><\/p>\n<p><strong>Consulta tambi\u00e9n otros documentos del centro:<\/strong><\/p>\n<table style=\"border-collapse: collapse;width: 100%\">\n<tbody>\n<tr>\n<td style=\"width: 33.3333%\"><a href=\"https:\/\/blogsaverroes.juntadeandalucia.es\/colesanjuandelacruz\/documentos-del-centro\/proyecto-de-gestion_\/\"><img loading=\"lazy\" decoding=\"async\" class=\"alignnone size-medium wp-image-8281 aligncenter\" src=\"https:\/\/blogsaverroes.juntadeandalucia.es\/colesanjuandelacruz\/files\/2025\/05\/Imagen-Proyecto-Gestion-300x200.png\" alt=\"\" width=\"300\" height=\"200\" srcset=\"https:\/\/blogsaverroes.juntadeandalucia.es\/colesanjuandelacruz\/files\/2025\/05\/Imagen-Proyecto-Gestion-300x200.png 300w, https:\/\/blogsaverroes.juntadeandalucia.es\/colesanjuandelacruz\/files\/2025\/05\/Imagen-Proyecto-Gestion-768x512.png 768w, https:\/\/blogsaverroes.juntadeandalucia.es\/colesanjuandelacruz\/files\/2025\/05\/Imagen-Proyecto-Gestion.png 800w\" sizes=\"(max-width: 300px) 100vw, 300px\" \/><\/a><\/td>\n<td style=\"width: 33.3333%\"><a href=\"https:\/\/blogsaverroes.juntadeandalucia.es\/colesanjuandelacruz\/documentos-del-centro\/proyecto-educativo_\/\"><img loading=\"lazy\" decoding=\"async\" class=\"alignnone size-medium wp-image-8280 aligncenter\" src=\"https:\/\/blogsaverroes.juntadeandalucia.es\/colesanjuandelacruz\/files\/2025\/05\/Imagen-Proyecto-Educativo-300x200.png\" alt=\"\" width=\"300\" height=\"200\" srcset=\"https:\/\/blogsaverroes.juntadeandalucia.es\/colesanjuandelacruz\/files\/2025\/05\/Imagen-Proyecto-Educativo-300x200.png 300w, https:\/\/blogsaverroes.juntadeandalucia.es\/colesanjuandelacruz\/files\/2025\/05\/Imagen-Proyecto-Educativo-768x512.png 768w, https:\/\/blogsaverroes.juntadeandalucia.es\/colesanjuandelacruz\/files\/2025\/05\/Imagen-Proyecto-Educativo.png 800w\" sizes=\"(max-width: 300px) 100vw, 300px\" \/><\/a><\/td>\n<td style=\"width: 33.3333%\"><a href=\"https:\/\/blogsaverroes.juntadeandalucia.es\/colesanjuandelacruz\/documentos-del-centro\/\"><img loading=\"lazy\" decoding=\"async\" class=\"size-medium wp-image-8278 aligncenter\" src=\"https:\/\/blogsaverroes.juntadeandalucia.es\/colesanjuandelacruz\/files\/2025\/05\/Imagen-DocumentoCentro-300x200.png\" alt=\"\" width=\"300\" height=\"200\" srcset=\"https:\/\/blogsaverroes.juntadeandalucia.es\/colesanjuandelacruz\/files\/2025\/05\/Imagen-DocumentoCentro-300x200.png 300w, https:\/\/blogsaverroes.juntadeandalucia.es\/colesanjuandelacruz\/files\/2025\/05\/Imagen-DocumentoCentro-768x512.png 768w, https:\/\/blogsaverroes.juntadeandalucia.es\/colesanjuandelacruz\/files\/2025\/05\/Imagen-DocumentoCentro.png 800w\" sizes=\"(max-width: 300px) 100vw, 300px\" \/><\/a><\/td>\n<\/tr>\n<\/tbody>\n<\/table>\n<p>&nbsp;<\/p>\n","protected":false},"excerpt":{"rendered":"<p>La Programaci\u00f3n General Anual (PGA) es el documento que concreta para cada curso escolar las actuaciones organizativas y pedag\u00f3gicas del centro. Se elabora a partir del Proyecto Educativo y del Proyecto de Gesti\u00f3n, adapt\u00e1ndolos&#46;&#46;&#46;<\/p>\n","protected":false},"author":7619,"featured_media":8279,"parent":8273,"menu_order":0,"comment_status":"open","ping_status":"open","template":"","meta":{"ngg_post_thumbnail":0,"footnotes":"","_mc_calendar":[]},"aioseo_notices":[],"_links":{"self":[{"href":"https:\/\/blogsaverroes.juntadeandalucia.es\/colesanjuandelacruz\/wp-json\/wp\/v2\/pages\/2671"}],"collection":[{"href":"https:\/\/blogsaverroes.juntadeandalucia.es\/colesanjuandelacruz\/wp-json\/wp\/v2\/pages"}],"about":[{"href":"https:\/\/blogsaverroes.juntadeandalucia.es\/colesanjuandelacruz\/wp-json\/wp\/v2\/types\/page"}],"author":[{"embeddable":true,"href":"https:\/\/blogsaverroes.juntadeandalucia.es\/colesanjuandelacruz\/wp-json\/wp\/v2\/users\/7619"}],"replies":[{"embeddable":true,"href":"https:\/\/blogsaverroes.juntadeandalucia.es\/colesanjuandelacruz\/wp-json\/wp\/v2\/comments?post=2671"}],"version-history":[{"count":18,"href":"https:\/\/blogsaverroes.juntadeandalucia.es\/colesanjuandelacruz\/wp-json\/wp\/v2\/pages\/2671\/revisions"}],"predecessor-version":[{"id":8294,"href":"https:\/\/blogsaverroes.juntadeandalucia.es\/colesanjuandelacruz\/wp-json\/wp\/v2\/pages\/2671\/revisions\/8294"}],"up":[{"embeddable":true,"href":"https:\/\/blogsaverroes.juntadeandalucia.es\/colesanjuandelacruz\/wp-json\/wp\/v2\/pages\/8273"}],"wp:featuredmedia":[{"embeddable":true,"href":"https:\/\/blogsaverroes.juntadeandalucia.es\/colesanjuandelacruz\/wp-json\/wp\/v2\/media\/8279"}],"wp:attachment":[{"href":"https:\/\/blogsaverroes.juntadeandalucia.es\/colesanjuandelacruz\/wp-json\/wp\/v2\/media?parent=2671"}],"curies":[{"name":"wp","href":"https:\/\/api.w.org\/{rel}","templated":true}]}}

Programación General Anual

<p style="text-align: justify">La <strong data-start="2029" data-end="2059">Programación General Anual</strong> (<strong>PGA</strong>) es el documento que concreta para cada curso escolar las actuaciones organizativas y pedagógicas del centro. Se elabora a partir del Proyecto Educativo y del Proyecto de Gestión, adaptándolos al contexto y necesidades del curso en vigor. Incluye los objetivos prioritarios del año, los planes de trabajo de los distintos órganos y equipos docentes, la planificación de actividades complementarias y extraescolares, así como las medidas de evaluación y seguimiento. Representa el compromiso del centro con una educación planificada, participativa y orientada a la mejora.</p>
<p>Consulta la PGA:</p>
<p style="text-align: center"><a href="https://docs.google.com/document/d/1C2gLYLG3mH0OTt41rH5aXh43z-Oh7ZIEprseoiMtmnM/edit?usp=sharing" target="_blank" rel="noopener"><img loading="lazy" decoding="async" class="alignnone size-medium wp-image-8279" src="https://blogsaverroes.juntadeandalucia.es/colesanjuandelacruz/files/2025/05/Imagen-PGA-300x158.png" alt="" width="300" height="158" srcset="https://blogsaverroes.juntadeandalucia.es/colesanjuandelacruz/files/2025/05/Imagen-PGA-300x158.png 300w, https://blogsaverroes.juntadeandalucia.es/colesanjuandelacruz/files/2025/05/Imagen-PGA.png 768w" sizes="(max-width: 300px) 100vw, 300px" /></a></p>
<p><strong>Consulta también otros documentos del centro:</strong></p>
<table style="border-collapse: collapse;width: 100%">
<tbody>
<tr>
<td style="width: 33.3333%"><a href="https://blogsaverroes.juntadeandalucia.es/colesanjuandelacruz/documentos-del-centro/proyecto-de-gestion_/"><img loading="lazy" decoding="async" class="alignnone size-medium wp-image-8281 aligncenter" src="https://blogsaverroes.juntadeandalucia.es/colesanjuandelacruz/files/2025/05/Imagen-Proyecto-Gestion-300x200.png" alt="" width="300" height="200" srcset="https://blogsaverroes.juntadeandalucia.es/colesanjuandelacruz/files/2025/05/Imagen-Proyecto-Gestion-300x200.png 300w, https://blogsaverroes.juntadeandalucia.es/colesanjuandelacruz/files/2025/05/Imagen-Proyecto-Gestion-768x512.png 768w, https://blogsaverroes.juntadeandalucia.es/colesanjuandelacruz/files/2025/05/Imagen-Proyecto-Gestion.png 800w" sizes="(max-width: 300px) 100vw, 300px" /></a></td>
<td style="width: 33.3333%"><a href="https://blogsaverroes.juntadeandalucia.es/colesanjuandelacruz/documentos-del-centro/proyecto-educativo_/"><img loading="lazy" decoding="async" class="alignnone size-medium wp-image-8280 aligncenter" src="https://blogsaverroes.juntadeandalucia.es/colesanjuandelacruz/files/2025/05/Imagen-Proyecto-Educativo-300x200.png" alt="" width="300" height="200" srcset="https://blogsaverroes.juntadeandalucia.es/colesanjuandelacruz/files/2025/05/Imagen-Proyecto-Educativo-300x200.png 300w, https://blogsaverroes.juntadeandalucia.es/colesanjuandelacruz/files/2025/05/Imagen-Proyecto-Educativo-768x512.png 768w, https://blogsaverroes.juntadeandalucia.es/colesanjuandelacruz/files/2025/05/Imagen-Proyecto-Educativo.png 800w" sizes="(max-width: 300px) 100vw, 300px" /></a></td>
<td style="width: 33.3333%"><a href="https://blogsaverroes.juntadeandalucia.es/colesanjuandelacruz/documentos-del-centro/"><img loading="lazy" decoding="async" class="size-medium wp-image-8278 aligncenter" src="https://blogsaverroes.juntadeandalucia.es/colesanjuandelacruz/files/2025/05/Imagen-DocumentoCentro-300x200.png" alt="" width="300" height="200" srcset="https://blogsaverroes.juntadeandalucia.es/colesanjuandelacruz/files/2025/05/Imagen-DocumentoCentro-300x200.png 300w, https://blogsaverroes.juntadeandalucia.es/colesanjuandelacruz/files/2025/05/Imagen-DocumentoCentro-768x512.png 768w, https://blogsaverroes.juntadeandalucia.es/colesanjuandelacruz/files/2025/05/Imagen-DocumentoCentro.png 800w" sizes="(max-width: 300px) 100vw, 300px" /></a></td>
</tr>
</tbody>
</table>
<p>&nbsp;</p>

<p>La Programación General Anual (PGA) es el documento que concreta para cada curso escolar las actuaciones organizativas y pedagógicas del centro. Se elabora a partir del Proyecto Educativo y del Proyecto de Gestión, adaptándolos&#46;&#46;&#46;</p>
