{"id":35,"date":"2015-03-13T08:21:43","date_gmt":"2015-03-13T08:21:43","guid":{"rendered":"http:\/\/blogsaverroes.juntadeandalucia.es\/pre\/ceip\/?page_id=35"},"modified":"2025-04-29T23:57:19","modified_gmt":"2025-04-29T22:57:19","slug":"el-centro-2","status":"publish","type":"page","link":"https:\/\/blogsaverroes.juntadeandalucia.es\/colesanjuandelacruz\/el-centro-2\/","title":{"rendered":"Datos del centro"},"content":{"rendered":"<div>\n<p><b>C\u00f3digo: <\/b>14001591<\/p>\n<p><b>Direcci\u00f3n: <\/b>C\/ Priego de C\u00f3rdoba, s\/n<\/p>\n<p><b>Localidad: <\/b>C\u00f3rdoba<\/p>\n<p><span style=\"color: #ff6600\"><b><span style=\"color: #ff6600\">Tel\u00e9fono:<\/span> <\/b><\/span><strong><span style=\"font-size: medium\">957559501 <\/span><\/strong><\/p>\n<p><span style=\"font-size: medium\"><b><span style=\"color: #ff6600\">Tel\u00e9fono Corporativo:&nbsp;<\/span>590501<\/b><\/span><\/p>\n<p><span style=\"color: #ff6600\"><b>E-mail: <\/b><\/span><a title=\"web del centro (Se abrir\u00e1 en una ventana nueva)\" href=\"mailto:14001591.averroes@juntadeandalucia.es\" target=\"_blank\" rel=\"noopener noreferrer\">14001591.edu@juntadeandalucia.es<\/a><\/p>\n<p><b>Web: <a href=\"http:\/\/blogsaverroes.juntadeandalucia.es\/colesanjuandelacruz\/\">www.colesanjuandelacruz.es<\/a><\/b><\/p>\n<p><b>CEP asociado: <\/b><a title=\"CEP asociado\" href=\"http:\/\/www.google.com\/url?q=http%3A%2F%2Fwww.juntadeandalucia.es%2Faverroes%2Fimpe%2Fweb%2Fcentro%3Fcodigo%3D14200010%26idMenu%3DmC5&amp;sa=D&amp;sntz=1&amp;usg=AFrqEze5GF2HBE02ADRpWTURfDaDycSykw\">CEP de C\u00f3rdoba<\/a><\/p>\n<\/div>\n<p><iframe loading=\"lazy\" src=\"https:\/\/www.google.com\/maps\/embed?pb=!1m18!1m12!1m3!1d2956.3913244345413!2d-4.778307528958818!3d37.866793179806734!2m3!1f0!2f0!3f0!3m2!1i1024!2i768!4f13.1!3m3!1m2!1s0xd6cdf7a3346e1f3%3A0x949775fbca0e7813!2sCEIP%20San%20Juan%20de%20la%20Cruz!5e1!3m2!1ses!2ses!4v1624464886077!5m2!1ses!2ses\" width=\"600\" height=\"450\"><\/iframe><\/p>\n","protected":false},"excerpt":{"rendered":"<p>C\u00f3digo: 14001591 Direcci\u00f3n: C\/ Priego de C\u00f3rdoba, s\/n Localidad: C\u00f3rdoba Tel\u00e9fono: 957559501 Tel\u00e9fono Corporativo:&nbsp;590501 E-mail: 14001591.edu@juntadeandalucia.es Web: www.colesanjuandelacruz.es CEP asociado: CEP de C\u00f3rdoba<\/p>\n","protected":false},"author":1,"featured_media":0,"parent":0,"menu_order":0,"comment_status":"closed","ping_status":"open","template":"","meta":{"ngg_post_thumbnail":0,"footnotes":"","_mc_calendar":[]},"aioseo_notices":[],"_links":{"self":[{"href":"https:\/\/blogsaverroes.juntadeandalucia.es\/colesanjuandelacruz\/wp-json\/wp\/v2\/pages\/35"}],"collection":[{"href":"https:\/\/blogsaverroes.juntadeandalucia.es\/colesanjuandelacruz\/wp-json\/wp\/v2\/pages"}],"about":[{"href":"https:\/\/blogsaverroes.juntadeandalucia.es\/colesanjuandelacruz\/wp-json\/wp\/v2\/types\/page"}],"author":[{"embeddable":true,"href":"https:\/\/blogsaverroes.juntadeandalucia.es\/colesanjuandelacruz\/wp-json\/wp\/v2\/users\/1"}],"replies":[{"embeddable":true,"href":"https:\/\/blogsaverroes.juntadeandalucia.es\/colesanjuandelacruz\/wp-json\/wp\/v2\/comments?post=35"}],"version-history":[{"count":23,"href":"https:\/\/blogsaverroes.juntadeandalucia.es\/colesanjuandelacruz\/wp-json\/wp\/v2\/pages\/35\/revisions"}],"predecessor-version":[{"id":7636,"href":"https:\/\/blogsaverroes.juntadeandalucia.es\/colesanjuandelacruz\/wp-json\/wp\/v2\/pages\/35\/revisions\/7636"}],"wp:attachment":[{"href":"https:\/\/blogsaverroes.juntadeandalucia.es\/colesanjuandelacruz\/wp-json\/wp\/v2\/media?parent=35"}],"curies":[{"name":"wp","href":"https:\/\/api.w.org\/{rel}","templated":true}]}}