{"id":3654,"date":"2016-03-02T11:22:57","date_gmt":"2016-03-02T10:22:57","guid":{"rendered":"http:\/\/blogsaverroes.juntadeandalucia.es\/colesanjuandelacruz\/?page_id=3654"},"modified":"2025-10-08T08:50:38","modified_gmt":"2025-10-08T07:50:38","slug":"enlaces","status":"publish","type":"page","link":"https:\/\/blogsaverroes.juntadeandalucia.es\/colesanjuandelacruz\/enlaces\/","title":{"rendered":"Enlaces"},"content":{"rendered":"<p><a href=\"https:\/\/wakelet.com\/wake\/EAY3J98MAXmdqBn5k1eC-\" target=\"_blank\" rel=\"noopener\">Situaciones de aprendizaje.<\/a><\/p>\n<p>&nbsp;<\/p>\n<p>Encuestas para alumnos de 5\u00ba y 6\u00ba de primaria:<\/p>\n<ul>\n<li><a href=\"https:\/\/forms.gle\/DmbTDWhLS6jVhNrJ8\" target=\"_blank\" rel=\"noopener\">Encuesta Fin de cursos<\/a><\/li>\n<\/ul>\n<p>Exposici\u00f3n 4\u00ba Primaria<\/p>\n<ul>\n<li><a href=\"https:\/\/drive.google.com\/file\/d\/1L74ESwUvDMbdEuQYP-JKm2mPf6H-owY2\/view?usp=sharing\" target=\"_blank\" rel=\"noopener\">Material<\/a><\/li>\n<\/ul>\n<p><iframe loading=\"lazy\" src=\"https:\/\/drive.google.com\/file\/d\/1L74ESwUvDMbdEuQYP-JKm2mPf6H-owY2\/preview\" width=\"640\" height=\"480\"><\/iframe>&nbsp;<\/p>\n<p>D\u00eda de Andaluc\u00eda:<\/p>\n<ul>\n<li><a href=\"https:\/\/youtu.be\/QzOiR9BHoHk?si=lFhT5oBAityBbWQr\" target=\"_blank\" rel=\"noopener\">Himno de Andaluc\u00eda en Flauta<\/a><\/li>\n<\/ul>\n<p>Carnaval:<\/p>\n<ul>\n<li>Canci\u00f3n:<a href=\"https:\/\/drive.google.com\/file\/d\/1FRMgm8GmZQq_mmL5B5hQ0z4kwlhwvKmM\/view?usp=drive_link\" target=\"_blank\" rel=\"noopener\"> \u00ab<em>Los genios del patio<\/em>\u00bb<\/a><\/li>\n<li>Letra <a href=\"https:\/\/drive.google.com\/file\/d\/1Mo260thZW5j06N_b3cJnUfvzHlBUq6vI\/view?usp=drive_link\" target=\"_blank\" rel=\"noopener\">Canci\u00f3n<\/a><\/li>\n<\/ul>\n<p><a href=\"https:\/\/sites.google.com\/g.educaand.es\/conectandoatal?usp=sharing\" target=\"_blank\" rel=\"noopener\">Recursos ATAL: Conectando en espa\u00f1ol<\/a><\/p>\n<p><a href=\"https:\/\/drive.google.com\/file\/d\/1sdQCOb31coYoBpVp9gMNxEQQUZSRPPLu\/view?usp=sharing\" target=\"_blank\" rel=\"noopener\">Lecturas 3\u00ba Primaria<\/a><\/p>\n<p><a href=\"https:\/\/blogsaverroes.juntadeandalucia.es\/colesanjuandelacruz\/files\/2024\/07\/ImagenEscritorio_LOGO.jpg\" target=\"_blank\" rel=\"noopener\">Imagen Escritorio<\/a><\/p>\n<p>Evaluaci\u00f3n de diagn\u00f3stico 23.24:<\/p>\n<ul>\n<li><a href=\"https:\/\/blogsaverroes.juntadeandalucia.es\/colesanjuandelacruz\/files\/2025\/02\/4PRIM_LCL_CO.mp3\" target=\"_blank\" rel=\"noopener\">Lengua audio<\/a>.<\/li>\n<li>Ingl\u00e9s audios:\n<ul>\n<li><a href=\"https:\/\/blogsaverroes.juntadeandalucia.es\/colesanjuandelacruz\/files\/2025\/02\/4PRIM_PLE_ING_CO_Parte1.mp3\" target=\"_blank\" rel=\"noopener\">Parte 1<\/a>.<\/li>\n<li><a href=\"https:\/\/blogsaverroes.juntadeandalucia.es\/colesanjuandelacruz\/files\/2025\/02\/4PRIM_PLE_ING_CO_Parte2.mp3\" target=\"_blank\" rel=\"noopener\">Parte 2<\/a>.<\/li>\n<\/ul>\n<\/li>\n<\/ul>\n<p>5\u00ba Primaria:<\/p>\n<ul>\n<li><a href=\"https:\/\/forms.gle\/Aa8kmaMgkqpiwL7R9\" target=\"_blank\" rel=\"noopener\">Test Edad Media<\/a><\/li>\n<li><a href=\"https:\/\/forms.gle\/ACaYYfHusfyuJCwb8\" target=\"_blank\" rel=\"noopener\">Preguntas Edad Media<\/a><\/li>\n<\/ul>\n<p>WEB en prueba:<\/p>\n<ul>\n<li><a href=\"https:\/\/gold-raven-545847.hostingersite.com\/\" target=\"_blank\" rel=\"noopener\">Matem\u00e1ticas Fuera de averroes<\/a><\/li>\n<li><a href=\"https:\/\/blogsaverroes.juntadeandalucia.es\/matematicasenaccion\/\" target=\"_blank\" rel=\"noopener\">Matem\u00e1ticas en averroes<\/a><\/li>\n<\/ul>\n","protected":false},"excerpt":{"rendered":"<p>Situaciones de aprendizaje. &nbsp; Encuestas para alumnos de 5\u00ba y 6\u00ba de primaria: Encuesta Fin de cursos Exposici\u00f3n 4\u00ba Primaria Material &nbsp; D\u00eda de Andaluc\u00eda: Himno de Andaluc\u00eda en Flauta Carnaval: Canci\u00f3n: \u00abLos genios&#46;&#46;&#46;<\/p>\n","protected":false},"author":2280,"featured_media":0,"parent":0,"menu_order":0,"comment_status":"open","ping_status":"open","template":"","meta":{"ngg_post_thumbnail":0,"footnotes":"","_mc_calendar":[]},"aioseo_notices":[],"_links":{"self":[{"href":"https:\/\/blogsaverroes.juntadeandalucia.es\/colesanjuandelacruz\/wp-json\/wp\/v2\/pages\/3654"}],"collection":[{"href":"https:\/\/blogsaverroes.juntadeandalucia.es\/colesanjuandelacruz\/wp-json\/wp\/v2\/pages"}],"about":[{"href":"https:\/\/blogsaverroes.juntadeandalucia.es\/colesanjuandelacruz\/wp-json\/wp\/v2\/types\/page"}],"author":[{"embeddable":true,"href":"https:\/\/blogsaverroes.juntadeandalucia.es\/colesanjuandelacruz\/wp-json\/wp\/v2\/users\/2280"}],"replies":[{"embeddable":true,"href":"https:\/\/blogsaverroes.juntadeandalucia.es\/colesanjuandelacruz\/wp-json\/wp\/v2\/comments?post=3654"}],"version-history":[{"count":37,"href":"https:\/\/blogsaverroes.juntadeandalucia.es\/colesanjuandelacruz\/wp-json\/wp\/v2\/pages\/3654\/revisions"}],"predecessor-version":[{"id":8449,"href":"https:\/\/blogsaverroes.juntadeandalucia.es\/colesanjuandelacruz\/wp-json\/wp\/v2\/pages\/3654\/revisions\/8449"}],"wp:attachment":[{"href":"https:\/\/blogsaverroes.juntadeandalucia.es\/colesanjuandelacruz\/wp-json\/wp\/v2\/media?parent=3654"}],"curies":[{"name":"wp","href":"https:\/\/api.w.org\/{rel}","templated":true}]}}