{"id":6114,"date":"2019-12-08T14:08:06","date_gmt":"2019-12-08T13:08:06","guid":{"rendered":"https:\/\/blogsaverroes.juntadeandalucia.es\/colesanjuandelacruz\/?page_id=6114"},"modified":"2019-12-08T14:51:56","modified_gmt":"2019-12-08T13:51:56","slug":"historia-del-colegio","status":"publish","type":"page","link":"https:\/\/blogsaverroes.juntadeandalucia.es\/colesanjuandelacruz\/historia-del-colegio\/","title":{"rendered":"Historia del Colegio"},"content":{"rendered":"<p>HISTORIA DEL COLEGIO \u201cSAN JUAN DE LA CRUZ\u201d, DE C\u00d3RDOBA<\/p>\n<p style=\"text-align: justify\">&nbsp;&nbsp; &nbsp;Las Escuelas Graduadas Anejas, como las Escuelas Normales de las que depend\u00edan, se crearon por la Ley Moyano en la segunda mitad del siglo XIX. La Escuelas Graduadas Anejas eran centros educativos mod\u00e9licos, pues adem\u00e1s de formar a los ni\u00f1os\/ni\u00f1as, ten\u00edan que servir para que los futuros Maestros\/as hicieran sus Pr\u00e1cticas de Ense\u00f1anza, una asignatura fundamental de su carrera.<\/p>\n<p style=\"text-align: justify\">&nbsp;&nbsp; &nbsp;Las Escuelas Anejas depend\u00edan directamente del Director(a) de la Escuela de Magisterio correspondiente, por cuyo motivo sus directores se llamaban Regentes.<\/p>\n<p style=\"text-align: justify\">&nbsp;&nbsp; &nbsp;El Decreto de 24 de octubre de 1947, por el que se aprueba el Estatuto del Magisterio Nacional Primario (BOE del 17 de enero de 1948) y el Decreto de 7 de julio de 1950, por el que se aprueba el Reglamento para las Escuelas de Magisterio (BOE del 7 de agosto de 1950) determinan el r\u00e9gimen de provisi\u00f3n de los Colegios de Pr\u00e1cticas anejos a las Escuelas Universitarias de Formaci\u00f3n del Profesorado de Educaci\u00f3n General B\u00e1sica<\/p>\n<p style=\"text-align: justify\">&nbsp;&nbsp; &nbsp;En la d\u00e9cada de los a\u00f1os 70, los centros escolares que contaban con ocho o m\u00e1s unidades pasaron a llamarse Colegios Nacionales y las Escuelas Anejas cambiaron su denominaci\u00f3n pasando a ser Colegios Nacionales de Pr\u00e1cticas Masculino o Femenino, a\u00f1adi\u00e9ndoles el nombre de la Escuela de Magisterio correspondiente, Alg\u00fan tiempo despu\u00e9s, cambi\u00f3 tambi\u00e9n la denominaci\u00f3n de Colegios Nacionales por Colegios P\u00fablicos y las Escuelas de Magisterio se llamaron Escuelas de Formaci\u00f3n del Profesorado de EGB.<\/p>\n<p style=\"text-align: justify\">&nbsp;&nbsp; &nbsp;El Decreto 1381\/1972 de 25 de mayo (BOE de 7 de junio), dispuso la integraci\u00f3n en las Universidades de las Escuelas Normales como Escuelas Universitarias del Profesorado de Educaci\u00f3n General B\u00e1sica. La doble condici\u00f3n de tales Colegios de Pr\u00e1cticas como Centros de Pr\u00e1cticas de ense\u00f1anza de los alumnos de las Escuelas Universitarias del Profesorado de Educaci\u00f3n General B\u00e1sica, por una parte, y como Colegios P\u00fablicos de Educaci\u00f3n General B\u00e1sica, de otra, determin\u00f3 un r\u00e9gimen especial para las mismas en cuanto al sistema de provisi\u00f3n de plazas del Profesorado se refiere.<\/p>\n<p style=\"text-align: justify\">&nbsp;&nbsp; &nbsp;Unos a\u00f1os m\u00e1s tarde, debido al aumento de los alumnos\/as que estudiaban Magisterio, los Colegios de Pr\u00e1cticas se quedaron peque\u00f1os y las Pr\u00e1cticas de Ense\u00f1anza tambi\u00e9n pod\u00edan realizarse en otros Colegios. Las oposiciones especiales para Maestros y Maestras de Colegios de Pr\u00e1cticas dejaron de convocarse (desde el curso 1962\u20131963) y los centros se cubr\u00edan por Maestros\/as en comisiones de servicio, lo mismo pasaba con los Regentes; sus plazas pod\u00edan cubrirse por el cuerpo de Directores Escolares de los centros corrientes de EGB.<\/p>\n<p style=\"text-align: justify\">&nbsp;&nbsp; &nbsp;Hasta 1967 la Escuela Aneja de Maestros funciona en San Felipe y la Escuela Aneja de Maestras en el Colegio Col\u00f3n<\/p>\n<p style=\"text-align: justify\">&nbsp;&nbsp; &nbsp;Desde el curso 1968\/1969 ambas Escuelas Anejas (de Maestros y Maestras) se trasladan al Sector Sur, como Anejas a la reci\u00e9n creada Escuela de Magisterio y pasan a denominarse: Colegio Nacional de Pr\u00e1cticas masculino \u201cSan Juan de la Cruz\u201d ( con Don Gonzalo Gonz\u00e1lez Rom\u00e1n, como Director Regente) y Colegio Nacional de Pr\u00e1cticas femenino \u201cRosario del Riego\u201d (con Do\u00f1a Concepci\u00f3n Jurado Tavira, como Directora Regente)<\/p>\n<p style=\"text-align: justify\">&nbsp;&nbsp; &nbsp;Las \u00d3rdenes de la Consejer\u00eda de Educaci\u00f3n y Ciencia de fechas 4 de mayo de 1984 (BOJA de 25.5.84) y 20 de mayo de 1985 (BOJA de 5.7.85) disponen la regulaci\u00f3n, con car\u00e1cter transitorio, del sistema de provisi\u00f3n de vacantes en tales Centros, estableci\u00e9ndose que los nombramientos se efectuar\u00e1n en r\u00e9gimen de Comisi\u00f3n de Servicios.<\/p>\n<p style=\"text-align: justify\">&nbsp;&nbsp; &nbsp;En el Bolet\u00edn Oficial del Estado n\u00ba 52 de uno de marzo de 1979 desaparece el Colegio Nacional de Pr\u00e1cticas femenino que se integra en el llamado Colegio de Pr\u00e1cticas mixto \u201cSan Juan de la Cruz\u201d El texto de la Disposici\u00f3n dec\u00eda as\u00ed:<\/p>\n<p style=\"text-align: justify\"><i>B. O. E.- N\u00fam. 52 1 marzo 1979<\/i><\/p>\n<p style=\"text-align: justify\"><i>Provincia de C\u00f3rdoba<\/i><\/p>\n<p style=\"text-align: justify\"><i>Municipio: C\u00f3rdoba. Localidad C\u00f3rdoba.- Desglose y traslado de las ocho unidades escolares de ni\u00f1as, una unidad escolar de Educaci\u00f3n Preescolar -p\u00e1rvulos-; una unidad escolar maternal, una plaza de Maestra de Educaci\u00f3n F\u00edsica y la plaza de Direcci\u00f3n sin curso que compon\u00edan el Colegio Nacional de pr\u00e1cticas femenino anejo a la Escuela Universitaria de Formaci\u00f3n del Profesorado, denominado \u201cRosario del Riego\u201d , que desaparece como tal, y que pasan a integrarse en el Colegio Nacional de pr\u00e1cticas \u201cSan Juan de la Cruz\u201d del mismo municipio y localidad.<\/i><\/p>\n<p style=\"text-align: justify\"><i>Municipio: C\u00f3rdoba. Localidad: C\u00f3rdoba.-Ampliaci\u00f3n del Colegio Nacional masculino, que pasa a ser mixto, \u201cSan Juan de la Cruz\u201d anejo a la Escuela Universitaria de Formaci\u00f3n del Profesorado, domiciliado en calle Priego de C\u00f3rdoba, que contar\u00e1 con 16 unidades escolares mixtas de Educaci\u00f3n General B\u00e1sica; dos unidades escolares de Educaci\u00f3n Preescolar \u2013p\u00e1rvulos 5, una unidad escolar maternal; una plaza de Profesor y una plaza de Profesora diplomados en Educaci\u00f3n F\u00edsica y Direcci\u00f3n sin curso. A tal efecto, se suprime la plaza de Direcci\u00f3n sin curso, se transforman en unidades escolares mixtas de Educaci\u00f3n General B\u00e1sica, las ocho unidades escolares de ni\u00f1os existentes en el Centro y se integran y trasladan las ocho unidades escolares de ni\u00f1as, transformadas en mixtas de Educaci\u00f3n General B\u00e1sica; una unidad escolar de Educaci\u00f3n Preescolar -p\u00e1rvulos&#8212;;; una unidad escolar maternal; una plaza de Profesora diplomada en Educaci\u00f3n F\u00edsica y la plaza de Direcci\u00f3n sin curso, que compon\u00edan el Colegio Nacional de pr\u00e1cticas femenino anejo a la Escuela Universitaria&#8217; de Formaci\u00f3n del Profesorado, denominado \u201cRosario del Riego\u201d que desaparece como tal.<\/i><\/p>\n<p style=\"text-align: justify\">La plaza de Director que desaparece es la del Colegio de Pr\u00e1cticas masculino, ya que el curso anterior se hab\u00eda jubilado el titular Don Gonzalo Gonz\u00e1lez Rom\u00e1n.<\/p>\n<p style=\"text-align: justify\">De manera transitoria, los nombramientos de Maestros y Maestras se realizan, por un a\u00f1o y en Comisi\u00f3n de Servicios, a trav\u00e9s de la Direcci\u00f3n General del Profesorado del Ministerio de Educaci\u00f3n y Ciencia. Esta situaci\u00f3n especial, ya que no se convocan oposiciones a Escuelas Anejas, se mantiene hasta que la Junta de Andaluc\u00eda asume competencias en materia educativa y es la Orden de 4 de Mayo de 1984 la que regula una nueva f\u00f3rmula de provisi\u00f3n de vacantes. El texto de la citada Orden dice lo siguiente:<\/p>\n<p style=\"text-align: justify\"><i>ORDEN de 4 de mayo de 1984, por la que se regula, con car\u00e1cter transitorio, el sistema de provisi\u00f3n de vacantes de profesorado en los Colegios de pr\u00e1cticas anejos a las Escuelas Universitarias de Formaci\u00f3n del Profesorado de E.G.B.<\/i><\/p>\n<p style=\"text-align: justify\"><i>La Ley de Ense\u00f1anza Primaria regula las Escuelas Anejas a las de Magisterio defini\u00e9ndolas como centros de ense\u00f1anza primaria incorporados a las Escuelas Normales y destinados a las pr\u00e1cticas escolares, remiti\u00e9ndose en cuanto a su profesorado, al Reglamento de Escuelas de Magisterio, cuyo art\u00edculo 137 establece que las plazas de tales centros se proveer\u00e1n por oposici\u00f3n restringida entre los ya pertenecientes al escalaf\u00f3n general con un a\u00f1o de servicios efectivos en las Escuelas Nacionales. Ambas disposiciones se hallan vigentes conforme a lo previsto en la Disposici\u00f3n Final Cuarta, 1, de la Ley General de Educaci\u00f3n.<\/i><\/p>\n<p style=\"text-align: justify\"><i>La citada Ley General de Educaci\u00f3n estableci\u00f3 en su Disposici\u00f3n Transitoria Segunda, 3, que las Escuelas Normales se integrar\u00e1n en la Universidad, como Escuelas Universitarias en la forma que reglamentariamente se determine, a cuyo efecto se dict\u00f3 el Decreto 1381\/1972 de 25 de mayo, cuya Disposici\u00f3n Adicional mantiene respecto a los colegios de Pr\u00e1cticas, la misma situaci\u00f3n prevista en la legislaci\u00f3n anterior, sin perjuicio de las transformaciones de la implantaci\u00f3n del nuevo sistema educativo.<\/i><\/p>\n<p style=\"text-align: justify\"><i>La necesidad de aprovechar la experiencia y formaci\u00f3n de profesores propietarios aconsej\u00f3 la aplicaci\u00f3n del r\u00e9gimen de comisiones de servicio valederos por un curso escolar, sin que hasta ahora se haya establecido un procedimiento general objetivo de selecci\u00f3n.<\/i><\/p>\n<p style=\"text-align: justify\"><i>Ello acarrea, en muchos casos, que la composici\u00f3n de la Escuela Aneja, var\u00ede sustancialmente de un curso a otro.<\/i><\/p>\n<p style=\"text-align: justify\"><i>Hasta tanto se dicte una nueva normativa que sustituya definitivamente a la actual, parece aconsejable instrumentar, de un modo provisional, un sistema de provisi\u00f3n de vacantes de los Colegios P\u00fablicos de Pr\u00e1cticas que atienda a la superaci\u00f3n de los problemas planteados.<\/i><\/p>\n<p style=\"text-align: justify\"><i>En su virtud, a propuesta conjunta de las Direcciones Generales de Universidades y de Ordenaci\u00f3n Acad\u00e9mica, esta Consejer\u00eda de Educaci\u00f3n y Ciencia dispone:<\/i><\/p>\n<p style=\"text-align: justify\"><i>1\u00ba. La provisi\u00f3n de vacantes de profesorado en los Colegios P\u00fablicos de Pr\u00e1cticas, anejos a las Escuelas Universitarias del Profesorado de Educaci\u00f3n General B\u00e1sica se realizar\u00e1, en r\u00e9gimen de comisiones de servicio, mediante concurso p\u00fablico de m\u00e9ritos, que ser\u00e1 convocado y resuelto por una Comisi\u00f3n Provincial, cuya composici\u00f3n y funciones se establecen en la presente Orden.<\/i><\/p>\n<p style=\"text-align: justify\"><i>2\u00ba. La citada Comisi\u00f3n Provincial estar\u00e1 compuesta por los siguientes miembros:<\/i><\/p>\n<p style=\"text-align: justify\"><i>Presidente: El Delegado Provincial de Educaci\u00f3n. Vicepresidente: El Director de la Escuela Universitaria del Profesorado de E.G.B.<\/i><\/p>\n<p style=\"text-align: justify\"><i>Vocales:<\/i><\/p>\n<p style=\"text-align: justify\"><i>El Inspector Jefe Provincial de Educaci\u00f3n B\u00e1sica. El Inspector Ponente de Formaci\u00f3n del Profesorado. Un profesor de la Escuela Universitaria de Profesorado de E.G.B. elegido por sorteo.<\/i><\/p>\n<p style=\"text-align: justify\"><i>El Director del Colegio P\u00fablico de Pr\u00e1cticas a que las vacantes se refieren. El Diputado Provincial del \u00e1rea de Ense\u00f1anza en representaci\u00f3n de la Diputaci\u00f3n Provincial.<\/i><\/p>\n<p style=\"text-align: justify\"><i>Un representante Sindical designado por el procedimiento que establezca el Delegado Provincial.<\/i><\/p>\n<p style=\"text-align: justify\"><i>El Presidente de la Federaci\u00f3n de Asociaciones de Padres de Alumnos o miembro designado que lo represente.<\/i><\/p>\n<p style=\"text-align: justify\"><i>Secretario: El Jefe de la Secci\u00f3n de Personal de la Delegaci\u00f3n Provincial, sin voz ni voto.<\/i><\/p>\n<p style=\"text-align: justify\"><i>3\u00ba Son competencias de la Comisi\u00f3n Provincial convocar y resolver los concursos p\u00fablicos de m\u00e9ritos para la provisi\u00f3n de vacantes de profesorado, conforme al baremo Anexo a la presente Orden, as\u00ed como efectuar las propuestas de nombramiento en r\u00e9gimen de comisiones de servicio.<\/i><\/p>\n<p style=\"text-align: justify\"><i>Los aspirantes, que podr\u00e1n ser citados a entrevista en el caso de que la Comisi\u00f3n lo estime necesario, presentar\u00e1n junto con la solicitud el correspondiente curr\u00edculum y una memoria con el proyecto educativo que desarrollar\u00edan en el caso de resultar seleccionados.<\/i><\/p>\n<p style=\"text-align: justify\"><i>4\u00ba. La Comisi\u00f3n Provincial se reunir\u00e1 preceptivamente cuantas veces sea necesario para el cumplimiento de sus fines. Su funcionamiento se regir\u00e1 por la normativa vigente en materia de \u00f3rganos colegiados.<\/i><\/p>\n<p style=\"text-align: justify\"><i>5\u00ba. En el mes de abril de cada a\u00f1o, en su caso, la Comisi\u00f3n Provincial publicar\u00e1 las vacantes existentes o que se prevean para el curso siguiente, con especificaci\u00f3n de plazas, especialidades y modalidades que se requieran, en su caso, as\u00ed como el baremo de selecci\u00f3n. Se conceder\u00e1 un mes para presentar las solicitudes y documentaci\u00f3n exigida.<\/i><\/p>\n<p style=\"text-align: justify\"><i>Las vacantes producidas despu\u00e9s de la convocatoria ser\u00e1n cubiertas por la Delegaci\u00f3n Provincial entre profesores de la propia provincia sin destino y hasta la finalizaci\u00f3n del curso escolar, debiendo ser anunciadas en la siguiente convocatoria para su provisi\u00f3n en la forma prevista.<\/i><\/p>\n<p style=\"text-align: justify\"><i>6\u00ba. Ser\u00e1n requisitos indispensables para ser nombrado Profesor en Colegio P\u00fablico de Pr\u00e1cticas, pertenecer al Cuerpo de Profesores de E.G.B., tener cuatro a\u00f1os de servicio en propiedad y ser especialista de la plaza convocada.<\/i><\/p>\n<p style=\"text-align: justify\"><i>7\u00ba. Las propuestas de nombramiento ser\u00e1n tramitadas por la Comisi\u00f3n Provincial antes de 25 de junio, a trav\u00e9s de la Delegaci\u00f3n Provincial de Educaci\u00f3n, a la Direcci\u00f3n General de Ordenaci\u00f3n Acad\u00e9mica, la cual, con su informe, las remitir\u00e1 a la Direcci\u00f3n General de Personal.<\/i><\/p>\n<p style=\"text-align: justify\"><i>8\u00ba. Los nombramientos se efectuar\u00e1n por la Direcci\u00f3n General de Personal, en r\u00e9gimen de Comisiones de Servicio por tres cursos escolares, con reserva de la plaza de procedencia de los interesados, y en todo caso hasta tanto se d\u00e9 una regulaci\u00f3n definitiva de la provisi\u00f3n de plaza en estos Centros.<\/i><\/p>\n<p style=\"text-align: justify\"><i>9\u00ba. La presente Orden entrar\u00e1 en vigor el mismo d\u00eda de su publicaci\u00f3n el en Bolet\u00edn Oficial de la Junta de Andaluc\u00eda.<\/i><\/p>\n<p style=\"text-align: justify\"><i>Sevilla, 4 de mayo de 1984<\/i><\/p>\n<p style=\"text-align: justify\"><i>MANUEL GRACIA NAVARRO<\/i><\/p>\n<p style=\"text-align: justify\"><i>Consejero de Educaci\u00f3n y Ciencia<\/i><\/p>\n<p style=\"text-align: justify\"><i>Por Decreto de 9 de Diciembre de 1987 el Presidente de la Junta de Andaluc\u00eda, a propuesta del Consejero de Educaci\u00f3n y previa deliberaci\u00f3n del Consejo de Gobierno ACUERDA EL PASE A R\u00c9GIMEN ORDINARIO DE LOS COLEGIOS DE PR\u00c1CTICAS A PARTIR DEL CURSO 1988\/1989. Veamos el contenido de dicho Decreto:<\/i><\/p>\n<p style=\"text-align: justify\"><i>Art\u00edculo Primero. Se transforma el r\u00e9gimen especial de provisi\u00f3n de plazas de profesorado de los Colegios de Pr\u00e1cticas anejos a las Escuelas Universitarias de Formaci\u00f3n del Profesorado de Educaci\u00f3n General B\u00e1sica, en r\u00e9gimen ordinario.<\/i><\/p>\n<p style=\"text-align: justify\"><i>El propietario definitivo de una plaza en los Colegios de Pr\u00e1cticas anejos, mantendr\u00e1 la totalidad de sus derechos sobre la plaza que ocupa.<\/i><\/p>\n<p style=\"text-align: justify\"><i>DISPOSICIONES TRANSITORIAS<\/i><\/p>\n<p style=\"text-align: justify\"><i>Primera. El profesorado destinado a estos Centros en Comisi\u00f3n de Servicio continuar\u00e1 en la misma situaci\u00f3n hasta la finalizaci\u00f3n del presente curso 87 &#8211; 88.<\/i><\/p>\n<p style=\"text-align: justify\"><i>Segunda. En los concursos de traslados que se convoquen durante el curso 87 &#8211; 88, se anunciar\u00e1n las vacantes producidas en los Colegios de Pr\u00e1cticas referidos hasta el d\u00eda de la entrada en vigor del presente Decreto, sin que para dichos concursos y vacantes sea de aplicaci\u00f3n lo dispuesto en el \u00faltimo inciso del primer p\u00e1rrafo del art\u00edculo 8 {del Decreto de 18 de octubre de 1957.<\/i><\/p>\n<p style=\"text-align: justify\"><i>DISPOSICION DEROGATORIA<\/i><\/p>\n<p style=\"text-align: justify\"><i>Quedan derogadas cuantas disposiciones de igual o inferior rango se opongan a lo preceptuado en este Decreto.<\/i><\/p>\n<p style=\"text-align: justify\"><i>DISPOSICION FINAL<\/i><\/p>\n<p style=\"text-align: justify\"><i>Se autoriza al Consejero de Educaci\u00f3n y Ciencia para dictar cuantas normas sean precisas para la aplicaci\u00f3n y desarrollo del presente Decreto, el cual entrar\u00e1 en vigor el d\u00eda siguiente de su publicaci\u00f3n en el Bolet\u00edn Oficial de la Junta de Andaluc\u00eda.<\/i><\/p>\n<p style=\"text-align: justify\"><i>Sevilla, 9 de diciembre de 1987<\/i><\/p>\n<p style=\"text-align: justify\"><i>JOSE RODRIGUEZ DE LA BORBOLLA Y CAMOYAN<\/i><\/p>\n<p style=\"text-align: justify\"><i>Presidente de la Junta de Andaluc\u00eda<\/i><\/p>\n<p style=\"text-align: justify\"><i>ANTONIO PASCUAL ACOSTA<\/i><\/p>\n<p style=\"text-align: justify\"><i>Consejero de Educaci\u00f3n y Ciencia<\/i><\/p>\n<p style=\"text-align: justify\"><i>Desde 1967\/68 hasta la actualidad se han ido sucediendo los siguientes Directores y Directoras<\/i><\/p>\n<p style=\"text-align: justify\"><i>Director Regente del Colegio de Pr\u00e1cticas Masculino \u201cSan Juan de la Cruz\u201d<\/i><\/p>\n<ul style=\"list-style-type: circle;text-align: justify\">\n<li><i>DON GONZALO GONZ\u00c1LEZ ROM\u00c1N<\/i><\/li>\n<\/ul>\n<p style=\"text-align: justify\"><i>Directora Regente del Colegio de Pr\u00e1cticas Femenino \u201cRosario del Riego\u201d<\/i><\/p>\n<ul style=\"list-style-type: circle;text-align: justify\">\n<li><i>DO\u00d1A CONCEPCI\u00d3N JURADO TAVIRA<\/i><\/li>\n<\/ul>\n<p style=\"text-align: justify\"><i>Directores\/as del Colegio de Pr\u00e1cticas Mixto \u201cSan Juan de la Cruz\u201d<\/i><\/p>\n<ul style=\"list-style-type: circle;text-align: justify\">\n<li><i>DO\u00d1A MAR\u00cdA CARRERAS DORADO<\/i><\/li>\n<li><i>DO\u00d1A AMALIA VALERO ROJAS<\/i><\/li>\n<li><i>DON ISIDORO TIENDA GARC\u00cdA<\/i><\/li>\n<li><i>DO\u00d1A DAMIANA MART\u00cdN GONZ\u00c1LEZ<\/i><\/li>\n<li><i>DO\u00d1A CARMEN PAV\u00d3N M\u00c1RQUEZ<\/i><\/li>\n<li><i>DON FRANCISCO L\u00d3PEZ GARC\u00cdA<\/i><\/li>\n<li><i>DON ANDR\u00c9S FUENTES MART\u00cdNEZ<\/i><\/li>\n<li><i>DO\u00d1A INMACULADA MOYANO CUEVAS<\/i><\/li>\n<li><i>DO\u00d1A GEMA FERN\u00c1NDEZ<\/i><\/li>\n<li>D. JUAN GAIT\u00c1N GONZ\u00c1LEZ<\/li>\n<li>D. MIGUEL OSTOS CARMONA (Actual)<\/li>\n<\/ul>\n<p style=\"text-align: justify\">&nbsp;<\/p>\n<p style=\"text-align: justify\">C\u00f3rdoba, Abril de 2011<\/p>\n<p style=\"text-align: justify\">Carlos de la Haza Pineda de las Infantas<\/p>\n","protected":false},"excerpt":{"rendered":"<p>HISTORIA DEL COLEGIO \u201cSAN JUAN DE LA CRUZ\u201d, DE C\u00d3RDOBA &nbsp;&nbsp; &nbsp;Las Escuelas Graduadas Anejas, como las Escuelas Normales de las que depend\u00edan, se crearon por la Ley Moyano en la segunda mitad del&#46;&#46;&#46;<\/p>\n","protected":false},"author":2280,"featured_media":0,"parent":0,"menu_order":0,"comment_status":"closed","ping_status":"closed","template":"","meta":{"ngg_post_thumbnail":0,"footnotes":"","_mc_calendar":[]},"aioseo_notices":[],"_links":{"self":[{"href":"https:\/\/blogsaverroes.juntadeandalucia.es\/colesanjuandelacruz\/wp-json\/wp\/v2\/pages\/6114"}],"collection":[{"href":"https:\/\/blogsaverroes.juntadeandalucia.es\/colesanjuandelacruz\/wp-json\/wp\/v2\/pages"}],"about":[{"href":"https:\/\/blogsaverroes.juntadeandalucia.es\/colesanjuandelacruz\/wp-json\/wp\/v2\/types\/page"}],"author":[{"embeddable":true,"href":"https:\/\/blogsaverroes.juntadeandalucia.es\/colesanjuandelacruz\/wp-json\/wp\/v2\/users\/2280"}],"replies":[{"embeddable":true,"href":"https:\/\/blogsaverroes.juntadeandalucia.es\/colesanjuandelacruz\/wp-json\/wp\/v2\/comments?post=6114"}],"version-history":[{"count":3,"href":"https:\/\/blogsaverroes.juntadeandalucia.es\/colesanjuandelacruz\/wp-json\/wp\/v2\/pages\/6114\/revisions"}],"predecessor-version":[{"id":6118,"href":"https:\/\/blogsaverroes.juntadeandalucia.es\/colesanjuandelacruz\/wp-json\/wp\/v2\/pages\/6114\/revisions\/6118"}],"wp:attachment":[{"href":"https:\/\/blogsaverroes.juntadeandalucia.es\/colesanjuandelacruz\/wp-json\/wp\/v2\/media?parent=6114"}],"curies":[{"name":"wp","href":"https:\/\/api.w.org\/{rel}","templated":true}]}}