{"id":8085,"date":"2024-10-04T22:02:27","date_gmt":"2024-10-04T21:02:27","guid":{"rendered":"https:\/\/blogsaverroes.juntadeandalucia.es\/colesanjuandelacruz\/?page_id=8085"},"modified":"2025-05-06T22:55:01","modified_gmt":"2025-05-06T21:55:01","slug":"proyecto-educativo_","status":"publish","type":"page","link":"https:\/\/blogsaverroes.juntadeandalucia.es\/colesanjuandelacruz\/documentos-del-centro\/proyecto-educativo_\/","title":{"rendered":"Proyecto Educativo_"},"content":{"rendered":"<p style=\"text-align: justify\">El <strong data-start=\"806\" data-end=\"844\">Proyecto Educativo de Centro (PEC)<\/strong> define la identidad, los valores y las l\u00edneas pedag\u00f3gicas que orientan nuestra labor educativa. En \u00e9l se recogen los objetivos generales del colegio, las se\u00f1as de identidad, la organizaci\u00f3n de la atenci\u00f3n a la diversidad, el plan de convivencia, los criterios de coordinaci\u00f3n entre etapas y la propuesta pedag\u00f3gica. Este documento marca el rumbo de nuestra acci\u00f3n educativa y es el reflejo del compromiso de toda la comunidad escolar con una educaci\u00f3n de calidad, inclusiva y adaptada a nuestro entorno.<\/p>\n<p>&nbsp;<\/p>\n<p><iframe loading=\"lazy\" src=\"https:\/\/drive.google.com\/file\/d\/1L5sH1ykrgJZtN5GOqDyUtijudsYPj6Wo\/preview\" width=\"640\" height=\"480\"><\/iframe><\/p>\n<p><strong>Consulta tambi\u00e9n otros documentos del centro:<\/strong><\/p>\n<table style=\"border-collapse: collapse;width: 100%\">\n<tbody>\n<tr>\n<td style=\"width: 33.3333%;text-align: center\"><a title=\"Programaci\u00f3n General Anual\" href=\"https:\/\/blogsaverroes.juntadeandalucia.es\/colesanjuandelacruz\/documentos-del-centro\/programacion-general-anual\/\"><img loading=\"lazy\" decoding=\"async\" class=\"alignnone size-medium wp-image-8279\" src=\"https:\/\/blogsaverroes.juntadeandalucia.es\/colesanjuandelacruz\/files\/2025\/05\/Imagen-PGA-300x158.png\" alt=\"\" width=\"300\" height=\"158\" srcset=\"https:\/\/blogsaverroes.juntadeandalucia.es\/colesanjuandelacruz\/files\/2025\/05\/Imagen-PGA-300x158.png 300w, https:\/\/blogsaverroes.juntadeandalucia.es\/colesanjuandelacruz\/files\/2025\/05\/Imagen-PGA.png 768w\" sizes=\"(max-width: 300px) 100vw, 300px\" \/><\/a><\/td>\n<td style=\"width: 33.3333%;text-align: center\"><a title=\"Proyecto de Gesti\u00f3n_\" href=\"https:\/\/blogsaverroes.juntadeandalucia.es\/colesanjuandelacruz\/documentos-del-centro\/proyecto-de-gestion_\/\"><img loading=\"lazy\" decoding=\"async\" class=\"alignnone size-medium wp-image-8281\" src=\"https:\/\/blogsaverroes.juntadeandalucia.es\/colesanjuandelacruz\/files\/2025\/05\/Imagen-Proyecto-Gestion-300x200.png\" alt=\"\" width=\"300\" height=\"200\" srcset=\"https:\/\/blogsaverroes.juntadeandalucia.es\/colesanjuandelacruz\/files\/2025\/05\/Imagen-Proyecto-Gestion-300x200.png 300w, https:\/\/blogsaverroes.juntadeandalucia.es\/colesanjuandelacruz\/files\/2025\/05\/Imagen-Proyecto-Gestion-768x512.png 768w, https:\/\/blogsaverroes.juntadeandalucia.es\/colesanjuandelacruz\/files\/2025\/05\/Imagen-Proyecto-Gestion.png 800w\" sizes=\"(max-width: 300px) 100vw, 300px\" \/><\/a><\/td>\n<td style=\"width: 33.3333%;text-align: center\"><a title=\"Documentos del Centro.\" href=\"https:\/\/blogsaverroes.juntadeandalucia.es\/colesanjuandelacruz\/documentos-del-centro\/\"><img loading=\"lazy\" decoding=\"async\" class=\"alignnone size-medium wp-image-8278\" src=\"https:\/\/blogsaverroes.juntadeandalucia.es\/colesanjuandelacruz\/files\/2025\/05\/Imagen-DocumentoCentro-300x200.png\" alt=\"\" width=\"300\" height=\"200\" srcset=\"https:\/\/blogsaverroes.juntadeandalucia.es\/colesanjuandelacruz\/files\/2025\/05\/Imagen-DocumentoCentro-300x200.png 300w, https:\/\/blogsaverroes.juntadeandalucia.es\/colesanjuandelacruz\/files\/2025\/05\/Imagen-DocumentoCentro-768x512.png 768w, https:\/\/blogsaverroes.juntadeandalucia.es\/colesanjuandelacruz\/files\/2025\/05\/Imagen-DocumentoCentro.png 800w\" sizes=\"(max-width: 300px) 100vw, 300px\" \/><\/a><\/td>\n<\/tr>\n<\/tbody>\n<\/table>\n","protected":false},"excerpt":{"rendered":"<p>El Proyecto Educativo de Centro (PEC) define la identidad, los valores y las l\u00edneas pedag\u00f3gicas que orientan nuestra labor educativa. En \u00e9l se recogen los objetivos generales del colegio, las se\u00f1as de identidad, la&#46;&#46;&#46;<\/p>\n","protected":false},"author":7619,"featured_media":8280,"parent":8273,"menu_order":0,"comment_status":"closed","ping_status":"closed","template":"","meta":{"ngg_post_thumbnail":0,"footnotes":"","_mc_calendar":[]},"aioseo_notices":[],"_links":{"self":[{"href":"https:\/\/blogsaverroes.juntadeandalucia.es\/colesanjuandelacruz\/wp-json\/wp\/v2\/pages\/8085"}],"collection":[{"href":"https:\/\/blogsaverroes.juntadeandalucia.es\/colesanjuandelacruz\/wp-json\/wp\/v2\/pages"}],"about":[{"href":"https:\/\/blogsaverroes.juntadeandalucia.es\/colesanjuandelacruz\/wp-json\/wp\/v2\/types\/page"}],"author":[{"embeddable":true,"href":"https:\/\/blogsaverroes.juntadeandalucia.es\/colesanjuandelacruz\/wp-json\/wp\/v2\/users\/7619"}],"replies":[{"embeddable":true,"href":"https:\/\/blogsaverroes.juntadeandalucia.es\/colesanjuandelacruz\/wp-json\/wp\/v2\/comments?post=8085"}],"version-history":[{"count":5,"href":"https:\/\/blogsaverroes.juntadeandalucia.es\/colesanjuandelacruz\/wp-json\/wp\/v2\/pages\/8085\/revisions"}],"predecessor-version":[{"id":8296,"href":"https:\/\/blogsaverroes.juntadeandalucia.es\/colesanjuandelacruz\/wp-json\/wp\/v2\/pages\/8085\/revisions\/8296"}],"up":[{"embeddable":true,"href":"https:\/\/blogsaverroes.juntadeandalucia.es\/colesanjuandelacruz\/wp-json\/wp\/v2\/pages\/8273"}],"wp:featuredmedia":[{"embeddable":true,"href":"https:\/\/blogsaverroes.juntadeandalucia.es\/colesanjuandelacruz\/wp-json\/wp\/v2\/media\/8280"}],"wp:attachment":[{"href":"https:\/\/blogsaverroes.juntadeandalucia.es\/colesanjuandelacruz\/wp-json\/wp\/v2\/media?parent=8085"}],"curies":[{"name":"wp","href":"https:\/\/api.w.org\/{rel}","templated":true}]}}

<p style="text-align: justify">El <strong data-start="806" data-end="844">Proyecto Educativo de Centro (PEC)</strong> define la identidad, los valores y las líneas pedagógicas que orientan nuestra labor educativa. En él se recogen los objetivos generales del colegio, las señas de identidad, la organización de la atención a la diversidad, el plan de convivencia, los criterios de coordinación entre etapas y la propuesta pedagógica. Este documento marca el rumbo de nuestra acción educativa y es el reflejo del compromiso de toda la comunidad escolar con una educación de calidad, inclusiva y adaptada a nuestro entorno.</p>
<p>&nbsp;</p>
<p><iframe loading="lazy" src="https://drive.google.com/file/d/1L5sH1ykrgJZtN5GOqDyUtijudsYPj6Wo/preview" width="640" height="480"></iframe></p>
<p><strong>Consulta también otros documentos del centro:</strong></p>
<table style="border-collapse: collapse;width: 100%">
<tbody>
<tr>
<td style="width: 33.3333%;text-align: center"><a title="Programación General Anual" href="https://blogsaverroes.juntadeandalucia.es/colesanjuandelacruz/documentos-del-centro/programacion-general-anual/"><img loading="lazy" decoding="async" class="alignnone size-medium wp-image-8279" src="https://blogsaverroes.juntadeandalucia.es/colesanjuandelacruz/files/2025/05/Imagen-PGA-300x158.png" alt="" width="300" height="158" srcset="https://blogsaverroes.juntadeandalucia.es/colesanjuandelacruz/files/2025/05/Imagen-PGA-300x158.png 300w, https://blogsaverroes.juntadeandalucia.es/colesanjuandelacruz/files/2025/05/Imagen-PGA.png 768w" sizes="(max-width: 300px) 100vw, 300px" /></a></td>
<td style="width: 33.3333%;text-align: center"><a title="Proyecto de Gestión_" href="https://blogsaverroes.juntadeandalucia.es/colesanjuandelacruz/documentos-del-centro/proyecto-de-gestion_/"><img loading="lazy" decoding="async" class="alignnone size-medium wp-image-8281" src="https://blogsaverroes.juntadeandalucia.es/colesanjuandelacruz/files/2025/05/Imagen-Proyecto-Gestion-300x200.png" alt="" width="300" height="200" srcset="https://blogsaverroes.juntadeandalucia.es/colesanjuandelacruz/files/2025/05/Imagen-Proyecto-Gestion-300x200.png 300w, https://blogsaverroes.juntadeandalucia.es/colesanjuandelacruz/files/2025/05/Imagen-Proyecto-Gestion-768x512.png 768w, https://blogsaverroes.juntadeandalucia.es/colesanjuandelacruz/files/2025/05/Imagen-Proyecto-Gestion.png 800w" sizes="(max-width: 300px) 100vw, 300px" /></a></td>
<td style="width: 33.3333%;text-align: center"><a title="Documentos del Centro." href="https://blogsaverroes.juntadeandalucia.es/colesanjuandelacruz/documentos-del-centro/"><img loading="lazy" decoding="async" class="alignnone size-medium wp-image-8278" src="https://blogsaverroes.juntadeandalucia.es/colesanjuandelacruz/files/2025/05/Imagen-DocumentoCentro-300x200.png" alt="" width="300" height="200" srcset="https://blogsaverroes.juntadeandalucia.es/colesanjuandelacruz/files/2025/05/Imagen-DocumentoCentro-300x200.png 300w, https://blogsaverroes.juntadeandalucia.es/colesanjuandelacruz/files/2025/05/Imagen-DocumentoCentro-768x512.png 768w, https://blogsaverroes.juntadeandalucia.es/colesanjuandelacruz/files/2025/05/Imagen-DocumentoCentro.png 800w" sizes="(max-width: 300px) 100vw, 300px" /></a></td>
</tr>
</tbody>
</table>

<p>El Proyecto Educativo de Centro (PEC) define la identidad, los valores y las líneas pedagógicas que orientan nuestra labor educativa. En él se recogen los objetivos generales del colegio, las señas de identidad, la&#46;&#46;&#46;</p>
